{"id":12,"date":"2008-05-28T15:31:02","date_gmt":"2008-05-28T13:31:02","guid":{"rendered":"http:\/\/wptest.k-srv.de\/?page_id=12"},"modified":"2022-04-12T20:04:06","modified_gmt":"2022-04-12T19:04:06","slug":"bontkirchen","status":"publish","type":"page","link":"https:\/\/www.feuerwehr-brilon.de\/?page_id=12","title":{"rendered":"Bontkirchen"},"content":{"rendered":"<p><span style=\"color: #000000;\">Die L\u00f6schgruppe Bontkirchen besteht zur Zeit aus 22 Mitgliedern. Die Jugendfeuerwehr befindet sich im Wiederaufbau. Die L\u00f6schgruppe ist f\u00fcr den Brandschutz im Ortsteil Bontkirchen (538 Einwohner) zust\u00e4ndig.<\/span><\/p>\n<p style=\"text-align: center;\"><img decoding=\"async\" alt=\"Bontkirchen\" src=\".\/images\/gruppenbild\/gr_bontkirchen.jpg\" usemap=\"#fahrzeug\" border=\"0\" \/><br \/>\nDie L\u00f6schgruppe Bontkirchen im Jahr 2015<\/p>\n<p>&nbsp;<\/p>\n<p><span style=\"color: #000000;\">L\u00f6schgruppenf\u00fchrer: Thorsten Schwermer<br \/>\n<\/span><span style=\"color: #000000;\">stellv. L\u00f6schgruppenf\u00fchrer: Peter Hennecke<\/span><\/p>\n<h3><span style=\"text-decoration: underline;\">Abri\u00df \u00fcber die Geschichte der L\u00f6schgruppe Bontkirchen<\/span><\/h3>\n<p>Die Freiwillige Feuerwehr Bontkirchen wurde offiziell am 17.09.1940 gegr\u00fcndet. Auf Veranlassung des damaligen Gemeindeb\u00fcrgermeisters Bunse wurde ein 18 Mann starke Gruppe gebildet. Kommissarischer Wehrf\u00fchrer wurde der Waldw\u00e4rter Bartmann. Im L\u00f6schverband des Amtes Th\u00fclen war damit die 9. Freiwillige Feuerwehr gegr\u00fcndet.<\/p>\n<p>Das Feuerl\u00f6schwesen im Ort ist jedoch schon wesentlich \u00e4lter.\u00a0 Die erste Erw\u00e4hnung des Bontkirchener Feuerl\u00f6schwesens aus dem Buch \u201cAmt Th\u00fclen datiert aus dem Jahre 1820. In den folgenden Zeiten gibt es einen Hinweis aus den 80-er Jahren des vorigen Jahrhunderts. Lange Jahre war im Ort eine Handruckspritze mit der Inschrift \u201c1883\u201d vorhanden. Sie existiert allerdings heute leider nicht mehr. Im Jahre 1935 wurde die damalige Pflichtfeuerwehr erw\u00e4hnt. Damals war jeder m\u00e4nnliche Anwohner gesetzlich verpflichtet, bei einem Brand zu helfen. In dieser Zeit gab es erste Gedanken, eine Freiwillige Feuerwehr zu gr\u00fcnden. Die endg\u00fcltige Gr\u00fcndung erfolgte dann im Jahre 1940.<\/p>\n","protected":false},"excerpt":{"rendered":"<p>Die L\u00f6schgruppe Bontkirchen besteht zur Zeit aus 22 Mitgliedern. Die Jugendfeuerwehr befindet sich im Wiederaufbau. Die L\u00f6schgruppe ist f\u00fcr den Brandschutz im Ortsteil Bontkirchen (538 Einwohner) zust\u00e4ndig. Die L\u00f6schgruppe Bontkirchen im Jahr 2015 &nbsp; L\u00f6schgruppenf\u00fchrer: Thorsten Schwermer stellv. L\u00f6schgruppenf\u00fchrer: Peter Hennecke Abri\u00df \u00fcber die Geschichte der L\u00f6schgruppe Bontkirchen Die Freiwillige Feuerwehr Bontkirchen wurde offiziell am [&hellip;]<\/p>\n","protected":false},"author":3,"featured_media":0,"parent":5,"menu_order":3,"comment_status":"closed","ping_status":"closed","template":"","meta":{"_exactmetrics_skip_tracking":false,"_exactmetrics_sitenote_active":false,"_exactmetrics_sitenote_note":"","_exactmetrics_sitenote_category":0,"jetpack_post_was_ever_published":false,"footnotes":""},"class_list":["post-12","page","type-page","status-publish","hentry"],"jetpack_shortlink":"https:\/\/wp.me\/PCIJa-c","jetpack_sharing_enabled":true,"jetpack-related-posts":[{"id":270,"url":"https:\/\/www.feuerwehr-brilon.de\/?page_id=270","url_meta":{"origin":12,"position":0},"title":"Bontkirchen","author":"Daniel Vogel","date":"19. August 2008","format":false,"excerpt":"Die Jugendfeuerwehr der L\u00f6schgruppe Bontkirchen besteht zur Zeit aus 10 Mitgliedern. Sie wurde im Jahre 2005 neu gegr\u00fcndet. Die Jugendfeuerwehr der L\u00f6schgruppe Bontkirchen im Jahre 2014 mit Betreuern Jugendfeuerwehrwart: Frank Br\u00fcne stellv. Jugendfeuerwehrwart: Bernd Offergeld","rel":"","context":"In &quot;Allgemein&quot;","block_context":{"text":"Allgemein","link":"https:\/\/www.feuerwehr-brilon.de\/?cat=1"},"img":{"alt_text":"","src":"https:\/\/i0.wp.com\/www.feuerwehr-brilon.de\/images\/gruppenbild\/jf_bontkirchen.jpg?resize=350%2C200","width":350,"height":200},"classes":[]},{"id":20,"url":"https:\/\/www.feuerwehr-brilon.de\/?page_id=20","url_meta":{"origin":12,"position":1},"title":"Hoppecke","author":"Daniel Vogel","date":"28. Mai 2008","format":false,"excerpt":"Die L\u00f6schgruppe Hoppecke besteht zur Zeit aus 41 Mitgliedern. Daneben gibt es eine Jugendfeuerwehr mit 20 Mitgliedern. Die L\u00f6schgruppe Hoppecke ist f\u00fcr den Brandschutz in den Ortsteilen Hoppecke und Brilon Wald zust\u00e4ndig. Dar\u00fcber hinaus unterst\u00fctzt sie im Bedarfsfall die L\u00f6schgruppen Messinghausen und Bontkirchen. \u00a0 \u00a0 \u00a0 \u00a0 \u00a0 \u00a0 \u00a0\u2026","rel":"","context":"In &quot;Allgemein&quot;","block_context":{"text":"Allgemein","link":"https:\/\/www.feuerwehr-brilon.de\/?cat=1"},"img":{"alt_text":"","src":"\/images\/gruppenbild\/gr_hoppecke.jpg","width":350,"height":200},"classes":[]},{"id":687,"url":"https:\/\/www.feuerwehr-brilon.de\/?page_id=687","url_meta":{"origin":12,"position":2},"title":"L\u00f6schzug- und L\u00f6schgruppenf\u00fchrer","author":"Marc Heines","date":"29. Januar 2009","format":false,"excerpt":"L\u00f6schzug Brilon L\u00f6schzugf\u00fchrer stv. L\u00f6schzugf\u00fchrer Marc Heines Thomas B\u00f6ddicker brilon(at)feuerwehr-brilon.de L\u00f6schgruppe Alme L\u00f6schgruppenf\u00fchrer stv. L\u00f6schgruppenf\u00fchrer Patrick Sewtz Ansgar Rettler alme(at)feuerwehr-brilon.de L\u00f6schgruppe Altenb\u00fcren L\u00f6schgruppenf\u00fchrer stv. L\u00f6schgruppenf\u00fchrer Manuel H\u00fcmmecke Michael Vo\u00df altenbueren(at)feuerwehr-brilon.de L\u00f6schgruppe Bontkirchen L\u00f6schgruppenf\u00fchrer stv. L\u00f6schgruppenf\u00fchrer Thorsten Schwermer Peter Hennecke bontkirchen(at)feuerwehr-brilon.de L\u00f6schgruppe Hoppecke L\u00f6schgruppenf\u00fchrer stv. L\u00f6schgruppenf\u00fchrer Nicolas Sch\u00f6rmann Till Kemmerling hoppecke(at)feuerwehr-brilon.de\u2026","rel":"","context":"In &quot;Allgemein&quot;","block_context":{"text":"Allgemein","link":"https:\/\/www.feuerwehr-brilon.de\/?cat=1"},"img":{"alt_text":"","src":"https:\/\/i0.wp.com\/www.feuerwehr-brilon.de\/images\/passbilder\/mhe.jpg?resize=350%2C200","width":350,"height":200},"classes":[]},{"id":24,"url":"https:\/\/www.feuerwehr-brilon.de\/?page_id=24","url_meta":{"origin":12,"position":3},"title":"Scharfenberg","author":"Daniel Vogel","date":"28. Mai 2008","format":false,"excerpt":"Die L\u00f6schgruppe Scharfenberg besteht zur Zeit aus 35 Mitgliedern. Die L\u00f6schgruppe Scharfenberg ist f\u00fcr den Brandschutz im Ortsteil Scharfenberg (ca. 1.500 Einwohner) zust\u00e4ndig. Feuerwehrger\u00e4tehaus Scharfenberg L\u00f6schgruppenf\u00fchrer: Dirk Schulte stellv. L\u00f6schgruppenf\u00fchrer: Jonas Rieke stellv. L\u00f6schgruppenf\u00fchrer: Jonas Fehst Abri\u00df \u00fcber die Geschichte der L\u00f6schgruppe Scharfenberg Die Freiwillige Feuerwehr Scharfenberg wurde offiziell am\u2026","rel":"","context":"In &quot;Allgemein&quot;","block_context":{"text":"Allgemein","link":"https:\/\/www.feuerwehr-brilon.de\/?cat=1"},"img":{"alt_text":"","src":"","width":0,"height":0},"classes":[]},{"id":50,"url":"https:\/\/www.feuerwehr-brilon.de\/?page_id=50","url_meta":{"origin":12,"position":4},"title":"Madfeld","author":"Daniel Vogel","date":"31. Mai 2008","format":false,"excerpt":"Die L\u00f6schgruppe Madfeld besteht zur Zeit aus 35 Mitgliedern. Die L\u00f6schgruppe Madfeld ist f\u00fcr den Brandschutz in den Ortsteilen Madfeld (1.368 Einwohner) und Radlinghausen (133 Einwohner) zust\u00e4ndig. Feuerwehrger\u00e4tehaus Madfeld L\u00f6schgruppenf\u00fchrer: Heinz-J\u00fcrgen Schulte stellv. L\u00f6schgruppenf\u00fchrer: Jan Philipp Becker stellv. L\u00f6schgruppenf\u00fchrer: Sven Decker \u00a0 Abri\u00df \u00fcber die Geschichte der L\u00f6schgruppe Madfeld Die\u2026","rel":"","context":"In &quot;Allgemein&quot;","block_context":{"text":"Allgemein","link":"https:\/\/www.feuerwehr-brilon.de\/?cat=1"},"img":{"alt_text":"","src":"","width":0,"height":0},"classes":[]},{"id":30,"url":"https:\/\/www.feuerwehr-brilon.de\/?page_id=30","url_meta":{"origin":12,"position":5},"title":"Th\u00fclen","author":"Daniel Vogel","date":"28. Mai 2008","format":false,"excerpt":"Die L\u00f6schgruppe Th\u00fclen besteht zur Zeit aus 30 Mitgliedern. Die L\u00f6schgruppe Th\u00fclen ist f\u00fcr den Brandschutz im Ortsteil Th\u00fclen (1.112 Einwohner) zust\u00e4ndig. Die Mitglieder der L\u00f6schgruppe Th\u00fclen im Jubil\u00e4umsjahr 2012: \u00a0 \u00a0 \u00a0 \u00a0 \u00a0 \u00a0 \u00a0 \u00a0 \u00a0 \u00a0 \u00a0 \u00a0 Feuerwehrger\u00e4tehaus Th\u00fclen L\u00f6schgruppenf\u00fchrer: Patrick Schl\u00fcter Stellv. L\u00f6schgruppenf\u00fchrer: Christian\u2026","rel":"","context":"In &quot;Allgemein&quot;","block_context":{"text":"Allgemein","link":"https:\/\/www.feuerwehr-brilon.de\/?cat=1"},"img":{"alt_text":"","src":"\/images\/gruppenbild\/gr_thuelen.jpg","width":350,"height":200},"classes":[]}],"_links":{"self":[{"href":"https:\/\/www.feuerwehr-brilon.de\/index.php?rest_route=\/wp\/v2\/pages\/12","targetHints":{"allow":["GET"]}}],"collection":[{"href":"https:\/\/www.feuerwehr-brilon.de\/index.php?rest_route=\/wp\/v2\/pages"}],"about":[{"href":"https:\/\/www.feuerwehr-brilon.de\/index.php?rest_route=\/wp\/v2\/types\/page"}],"author":[{"embeddable":true,"href":"https:\/\/www.feuerwehr-brilon.de\/index.php?rest_route=\/wp\/v2\/users\/3"}],"replies":[{"embeddable":true,"href":"https:\/\/www.feuerwehr-brilon.de\/index.php?rest_route=%2Fwp%2Fv2%2Fcomments&post=12"}],"version-history":[{"count":3,"href":"https:\/\/www.feuerwehr-brilon.de\/index.php?rest_route=\/wp\/v2\/pages\/12\/revisions"}],"predecessor-version":[{"id":24418,"href":"https:\/\/www.feuerwehr-brilon.de\/index.php?rest_route=\/wp\/v2\/pages\/12\/revisions\/24418"}],"up":[{"embeddable":true,"href":"https:\/\/www.feuerwehr-brilon.de\/index.php?rest_route=\/wp\/v2\/pages\/5"}],"wp:attachment":[{"href":"https:\/\/www.feuerwehr-brilon.de\/index.php?rest_route=%2Fwp%2Fv2%2Fmedia&parent=12"}],"curies":[{"name":"wp","href":"https:\/\/api.w.org\/{rel}","templated":true}]}}