{"id":1252,"date":"2009-08-28T22:57:28","date_gmt":"2009-08-28T20:57:28","guid":{"rendered":"http:\/\/www.feuerwehr-brilon.de\/?page_id=1252"},"modified":"2024-02-21T15:52:11","modified_gmt":"2024-02-21T14:52:11","slug":"einsatzabteilung","status":"publish","type":"page","link":"https:\/\/www.feuerwehr-brilon.de\/?page_id=1252","title":{"rendered":"Einsatzabteilung"},"content":{"rendered":"<p>Hier sind alle aktiven Brandsch\u00fctzer organisiert.<\/p>\n<h2>L\u00f6schzugf\u00fchrung<\/h2>\n<p>Geleitet wird der L\u00f6schzug vom L\u00f6schzugf\u00fchrer und seinen Stellvertretern<\/p>\n<table border=\"0\" width=\"100%\" cellspacing=\"0\" cellpadding=\"0\">\n<tbody>\n<tr>\n<td align=\"center\"><img loading=\"lazy\" decoding=\"async\" class=\"alignnone size-full wp-image-690\" title=\"lz_f\" src=\"http:\/\/www.feuerwehr-brilon.de\/images\/passbilder\/mhe.jpg\" alt=\"\" width=\"200\"  height=\"288\"><\/td>\n<\/tr>\n<tr>\n<td align=\"center\">L\u00f6schzugf\u00fchrer<\/td>\n<\/tr>\n<tr>\n<td align=\"center\">BOI Marc Heines<\/td>\n<\/tr>\n<tr>\n<td align=\"center\"><a href=\"mailto:m.heines@feuerwehr-brilon.de\">m.heines(at)feuerwehr-brilon.de<\/a><\/td>\n<\/tr>\n<\/tbody>\n<\/table>\n<table border=\"0\" width=\"100%\" cellspacing=\"0\" cellpadding=\"0\">\n<tbody>\n<tr>\n<td align=\"center\"><img loading=\"lazy\" decoding=\"async\" class=\"alignnone size-full wp-image-690\" title=\"lz_stv\" src=\"http:\/\/www.feuerwehr-brilon.de\/images\/passbilder\/tboe.jpg\" alt=\"\" width=\"200\"  height=\"288\"><\/td>\n<td align=\"center\"><img loading=\"lazy\" decoding=\"async\" class=\"alignnone size-full wp-image-690\" title=\"lz_stv\" src=\"http:\/\/www.feuerwehr-brilon.de\/images\/passbilder\/mkla.JPG\" alt=\"\" width=\"200\"  height=\"288\"><\/td>\n<\/tr>\n<tr>\n<td align=\"center\">stv. L\u00f6schzugf\u00fchrer<\/td>\n<td align=\"center\">stv. L\u00f6schzugf\u00fchrer<\/td>\n<\/tr>\n<tr>\n<td align=\"center\">BOI Thomas B\u00f6ddicker<\/td>\n<td align=\"center\">BOI Michael Klaholz<\/td>\n<\/tr>\n<tr>\n<td align=\"center\"><a href=\"mailto:brilon@feuerwehr-brilon.de\">brilon(at)feuerwehr-brilon.de<\/a><\/td>\n<td align=\"center\"><a href=\"mailto:brilon@feuerwehr-brilon.de\">brilon(at)feuerwehr-brilon.de<\/a><\/td>\n<\/tr>\n<\/tbody>\n<\/table>\n<p><span style=\"color: #ffffff\">X<\/span><\/p>\n<p>Die Mannschaft gliedert sich in drei Z\u00fcge und f\u00fcnf Schleifen. Die einzelnen Schleifen k\u00f6nnen \u00fcber <a href=\"http:\/\/www.feuerwehr-brilon.de\/?page_id=15\">Meldeempf\u00e4nger<\/a> getrennt alarmiert werden. So ist sichergestellt, das f\u00fcr die Einsatzlage entsprechendes Personal bereitsteht.<\/p>\n<h2 style=\"text-align: center\">&#8211; Zug 1 &#8211;<\/h2>\n<table border=\"0\" width=\"100%\" cellspacing=\"0\" cellpadding=\"0\">\n<tbody>\n<tr>\n<td align=\"center\"><img loading=\"lazy\" decoding=\"async\" class=\"alignnone size-full wp-image-690\" title=\"203_f\" src=\"http:\/\/www.feuerwehr-brilon.de\/images\/passbilder\/stboe.jpg\" alt=\"\" width=\"200\" height=\"288\"><\/td>\n<\/tr>\n<tr>\n<td align=\"center\">Zugf\u00fchrer<\/td>\n<\/tr>\n<tr>\n<td align=\"center\">BOI Stefan B\u00f6ddicker<\/td>\n<\/tr>\n<\/tbody>\n<\/table>\n<h3 style=\"text-align: left\">Schleife &#8222;Brilon 1&#8220;<\/h3>\n<table border=\"0\" width=\"100%\" cellspacing=\"0\" cellpadding=\"0\">\n<tbody>\n<tr>\n<td align=\"center\"><img loading=\"lazy\" decoding=\"async\" class=\"alignnone size-full wp-image-690\" title=\"203_f\" src=\"http:\/\/www.feuerwehr-brilon.de\/images\/passbilder\/sba.JPG\" alt=\"\" width=\"200\" height=\"288\"><\/td>\n<td align=\"center\"><img loading=\"lazy\" decoding=\"async\" class=\"alignnone size-full wp-image-691\" title=\"203_stv\" src=\"http:\/\/www.feuerwehr-brilon.de\/images\/passbilder\/tdi.JPG\" alt=\"\" width=\"200\" height=\"288\"><\/td>\n<\/tr>\n<tr>\n<td align=\"center\">Schleifenf\u00fchrer<\/td>\n<td align=\"center\">stv. Schleifenf\u00fchrer<\/td>\n<\/tr>\n<tr>\n<td align=\"center\">HBM Sven Baran<\/td>\n<td align=\"center\">HBM Thorsten Dietz<\/td>\n<\/tr>\n<\/tbody>\n<\/table>\n<p>&nbsp;<\/p>\n<h3 style=\"text-align: left\">Schleife&nbsp;&#8222;Brilon 2&#8220;<\/h3>\n<table border=\"0\" width=\"100%\" cellspacing=\"0\" cellpadding=\"0\">\n<tbody>\n<tr>\n<td align=\"center\"><img loading=\"lazy\" decoding=\"async\" class=\"alignnone size-full wp-image-690\" title=\"204_f\" src=\"http:\/\/www.feuerwehr-brilon.de\/images\/passbilder\/srue.jpg\" alt=\"\" width=\"200\" height=\"288\"><\/td>\n<td align=\"center\"><img loading=\"lazy\" decoding=\"async\" class=\"alignnone size-full wp-image-691\" title=\"204_stv\" src=\"http:\/\/www.feuerwehr-brilon.de\/images\/passbilder\/asc.JPG\" alt=\"\" width=\"200\" height=\"288\"><\/td>\n<\/tr>\n<tr>\n<td align=\"center\">Schleifenf\u00fchrer<\/td>\n<td align=\"center\">stv. Schleifenf\u00fchrer<\/td>\n<\/tr>\n<tr>\n<td align=\"center\">HBM Stefan R\u00fcther<\/td>\n<td align=\"center\">HBM Andreas Schreckenberg<\/td>\n<\/tr>\n<\/tbody>\n<\/table>\n<p>&nbsp;<\/p>\n<h2 style=\"text-align: center\">&#8211; Zug 2 &#8211;<\/h2>\n<table border=\"0\" width=\"100%\" cellspacing=\"0\" cellpadding=\"0\">\n<tbody>\n<tr>\n<td align=\"center\"><img loading=\"lazy\" decoding=\"async\" class=\"alignnone size-full wp-image-690\" title=\"brilon_zug2\" src=\"http:\/\/www.feuerwehr-brilon.de\/images\/passbilder\/abecker.jpg\" alt=\"\" width=\"200\" height=\"288\"><\/td>\n<\/tr>\n<tr>\n<td align=\"center\">Zugf\u00fchrer<\/td>\n<\/tr>\n<tr>\n<td align=\"center\">StBI Andreas Becker<\/td>\n<\/tr>\n<\/tbody>\n<\/table>\n<h3 style=\"text-align: left\">Schleife&nbsp;&#8222;Brilon 3&#8220;<\/h3>\n<table border=\"0\" width=\"100%\" cellspacing=\"0\" cellpadding=\"0\">\n<tbody>\n<tr>\n<td align=\"center\"><img loading=\"lazy\" decoding=\"async\" class=\"alignnone size-full wp-image-690\" title=\"205_f\" src=\"http:\/\/www.feuerwehr-brilon.de\/images\/passbilder\/mre.JPG\" alt=\"\" width=\"200\" height=\"288\"><\/td>\n<td align=\"center\"><img loading=\"lazy\" decoding=\"async\" class=\"alignnone size-full wp-image-691\" title=\"205_stv\" src=\"http:\/\/www.feuerwehr-brilon.de\/images\/passbilder\/fma.JPG\" alt=\"\" width=\"200\" height=\"288\"><\/td>\n<\/tr>\n<tr>\n<td align=\"center\">Schleifenf\u00fchrer<\/td>\n<td align=\"center\">stv. Schleifenf\u00fchrer<\/td>\n<\/tr>\n<tr>\n<td align=\"center\">HBM Maik Reermann<\/td>\n<td align=\"center\">BI Ferdi Martini<\/td>\n<\/tr>\n<\/tbody>\n<\/table>\n<h3 style=\"text-align: left\">Schleife&nbsp;&#8222;Brilon 4&#8220;<\/h3>\n<table border=\"0\" width=\"100%\" cellspacing=\"0\" cellpadding=\"0\">\n<tbody>\n<tr>\n<td align=\"center\"><img loading=\"lazy\" decoding=\"async\" class=\"alignnone size-full wp-image-690\" title=\"206_f\" src=\"http:\/\/www.feuerwehr-brilon.de\/images\/passbilder\/1_passbild_blank.jpg\" alt=\"\" width=\"200\" height=\"288\"><\/td>\n<td align=\"center\"><img loading=\"lazy\" decoding=\"async\" class=\"alignnone size-full wp-image-691\" title=\"206_stv\" src=\"http:\/\/www.feuerwehr-brilon.de\/images\/passbilder\/1_passbild_blank.jpg\" alt=\"\" width=\"200\" height=\"288\"><\/td>\n<\/tr>\n<tr>\n<td align=\"center\">Schleifenf\u00fchrer<\/td>\n<td align=\"center\">stv. Schleifenf\u00fchrer<\/td>\n<\/tr>\n<tr>\n<td align=\"center\">BM Hannes Wegener<\/td>\n<td align=\"center\">UBM Benedikt Hoppe<\/td>\n<\/tr>\n<\/tbody>\n<\/table>\n<p>&nbsp;<\/p>\n<h2 style=\"text-align: center\">&#8211; Zug 3 &#8211;<\/h2>\n<table border=\"0\" width=\"100%\" cellspacing=\"0\" cellpadding=\"0\">\n<tbody>\n<tr>\n<td align=\"center\"><img loading=\"lazy\" decoding=\"async\" class=\"alignnone size-full wp-image-690\" title=\"brilon_zug3\" src=\"http:\/\/www.feuerwehr-brilon.de\/images\/passbilder\/mba.jpg\" alt=\"\" width=\"200\" height=\"288\"><\/td>\n<\/tr>\n<tr>\n<td align=\"center\">Zugf\u00fchrer<\/td>\n<\/tr>\n<tr>\n<td align=\"center\">BOI Marcus Bange<\/td>\n<\/tr>\n<\/tbody>\n<\/table>\n<h3 style=\"text-align: left\">Schleife&nbsp;&#8222;Brilon 5&#8220;&nbsp;&#8211; 1. Tagesschleife<\/h3>\n<table border=\"0\" width=\"100%\" cellspacing=\"0\" cellpadding=\"0\">\n<tbody>\n<tr>\n<td align=\"center\"><img loading=\"lazy\" decoding=\"async\" class=\"alignnone size-full wp-image-690\" title=\"207_f\" src=\"http:\/\/www.feuerwehr-brilon.de\/images\/passbilder\/stbod.JPG\" alt=\"\" width=\"200\" height=\"288\"><\/td>\n<td align=\"center\"><img loading=\"lazy\" decoding=\"async\" class=\"alignnone size-full wp-image-691\" title=\"207_stv\" src=\"http:\/\/www.feuerwehr-brilon.de\/images\/passbilder\/1_passbild_blank.jpg\" alt=\"\" width=\"200\" height=\"288\"><\/td>\n<\/tr>\n<tr>\n<td align=\"center\">Schleifenf\u00fchrer<\/td>\n<td align=\"center\">stv. Schleifenf\u00fchrer<\/td>\n<\/tr>\n<tr>\n<td align=\"center\">OBM Stefan B\u00f6ddicker<\/td>\n<td align=\"center\">UBM Bastian Reermann<\/td>\n<\/tr>\n<\/tbody>\n<\/table>\n<p><span style=\"color: #ffffff\">X<\/span><\/p>\n<h2 style=\"text-align: center\">&#8211; ABC-Zug &#8211;<\/h2>\n<table border=\"0\" width=\"100%\" cellspacing=\"0\" cellpadding=\"0\">\n<tbody>\n<tr>\n<td align=\"center\"><img loading=\"lazy\" decoding=\"async\" class=\"alignnone size-full wp-image-690\" title=\"brilon_zug2\" src=\"http:\/\/www.feuerwehr-brilon.de\/images\/passbilder\/mkla.JPG\" alt=\"\" width=\"200\" height=\"288\"><\/td>\n<\/tr>\n<tr>\n<td align=\"center\">Zugf\u00fchrer<\/td>\n<\/tr>\n<tr>\n<td align=\"center\">BOI Michael Klaholz<\/td>\n<\/tr>\n<\/tbody>\n<\/table>\n<p>Zus\u00e4tzlich zu den f\u00fcnf Schleifen gibt es noch weitere Schleifen f\u00fcr Sonderaufgaben<\/p>\n<h2>Schleife &#8222;Brilon 6&#8220; &amp; &#8222;Brilon 7&#8220;<\/h2>\n<p>2. und 3. Tagesschleife zur Verst\u00e4rkung der Schleife &#8222;Brilon 5&#8220; bei Eins\u00e4tzen an Werktagen zwischen 6:00 Uhr und 18:00 Uhr.<\/p>\n<h2>Schleife &#8222;ELW&#8220;<\/h2>\n<p>Spezielle Einsatzkr\u00e4fte die den <a href=\"http:\/\/www.feuerwehr-brilon.de\/?page_id=749\">Einsatzleitwagen (ELW)<\/a> besetzten.<\/p>\n<h2>Schleife &#8222;ABC&#8220;<\/h2>\n<p>Einsatzkr\u00e4fte mit einer Ausbildung im Bereich von Gefahrstoffen<\/p>\n<h2>Schleife &#8222;Maschinisten&#8220;<\/h2>\n<p>Fahrzeugf\u00fchrer mit LKW F\u00fchrerschein zur Bedienung der Drehleiter und weiterer Gro\u00dffahrzeuge<\/p>\n","protected":false},"excerpt":{"rendered":"<p>Hier sind alle aktiven Brandsch\u00fctzer organisiert. L\u00f6schzugf\u00fchrung Geleitet wird der L\u00f6schzug vom L\u00f6schzugf\u00fchrer und seinen Stellvertretern L\u00f6schzugf\u00fchrer BOI Marc Heines m.heines(at)feuerwehr-brilon.de stv. L\u00f6schzugf\u00fchrer stv. L\u00f6schzugf\u00fchrer BOI Thomas B\u00f6ddicker BOI Michael Klaholz brilon(at)feuerwehr-brilon.de brilon(at)feuerwehr-brilon.de X Die Mannschaft gliedert sich in drei Z\u00fcge und f\u00fcnf Schleifen. Die einzelnen Schleifen k\u00f6nnen \u00fcber Meldeempf\u00e4nger getrennt alarmiert werden. So ist [&hellip;]<\/p>\n","protected":false},"author":8,"featured_media":0,"parent":7,"menu_order":0,"comment_status":"closed","ping_status":"closed","template":"","meta":{"_exactmetrics_skip_tracking":false,"_exactmetrics_sitenote_active":false,"_exactmetrics_sitenote_note":"","_exactmetrics_sitenote_category":0,"jetpack_post_was_ever_published":false,"footnotes":""},"class_list":["post-1252","page","type-page","status-publish","hentry"],"jetpack_shortlink":"https:\/\/wp.me\/PCIJa-kc","jetpack_sharing_enabled":true,"jetpack-related-posts":[{"id":1299,"url":"https:\/\/www.feuerwehr-brilon.de\/?page_id=1299","url_meta":{"origin":1252,"position":0},"title":"L\u00f6schzug Brilon e. V.","author":"Marc Heines","date":"28. August 2009","format":false,"excerpt":"Der L\u00f6schzug Brilon e.V. wurde gegr\u00fcndet zur Pflege des Feuerwehrwesens und zur F\u00f6rderung der Kameradschaft und der Jugendpflege. Mitglied werden k\u00f6nnen alle Angeh\u00f6rigen des L\u00f6schzug Brilon, des Tambourkorps, der Jugendfeuerwehr und der Ehrenabteilung. Man kann aber auch als F\u00f6rderndes Mitglied aufgenommen werden. Die Organe des Vereins sind die Mitgliederversammlung und\u2026","rel":"","context":"In &quot;Allgemein&quot;","block_context":{"text":"Allgemein","link":"https:\/\/www.feuerwehr-brilon.de\/?cat=1"},"img":{"alt_text":"","src":"","width":0,"height":0},"classes":[]},{"id":687,"url":"https:\/\/www.feuerwehr-brilon.de\/?page_id=687","url_meta":{"origin":1252,"position":1},"title":"L\u00f6schzug- und L\u00f6schgruppenf\u00fchrer","author":"Marc Heines","date":"29. Januar 2009","format":false,"excerpt":"L\u00f6schzug Brilon L\u00f6schzugf\u00fchrer stv. L\u00f6schzugf\u00fchrer Marc Heines Thomas B\u00f6ddicker brilon(at)feuerwehr-brilon.de L\u00f6schgruppe Alme L\u00f6schgruppenf\u00fchrer stv. L\u00f6schgruppenf\u00fchrer Patrick Sewtz Ansgar Rettler alme(at)feuerwehr-brilon.de L\u00f6schgruppe Altenb\u00fcren L\u00f6schgruppenf\u00fchrer stv. L\u00f6schgruppenf\u00fchrer Manuel H\u00fcmmecke Michael Vo\u00df altenbueren(at)feuerwehr-brilon.de L\u00f6schgruppe Bontkirchen L\u00f6schgruppenf\u00fchrer stv. L\u00f6schgruppenf\u00fchrer Thorsten Schwermer Peter Hennecke bontkirchen(at)feuerwehr-brilon.de L\u00f6schgruppe Hoppecke L\u00f6schgruppenf\u00fchrer stv. L\u00f6schgruppenf\u00fchrer Nicolas Sch\u00f6rmann Till Kemmerling hoppecke(at)feuerwehr-brilon.de\u2026","rel":"","context":"In &quot;Allgemein&quot;","block_context":{"text":"Allgemein","link":"https:\/\/www.feuerwehr-brilon.de\/?cat=1"},"img":{"alt_text":"","src":"https:\/\/i0.wp.com\/www.feuerwehr-brilon.de\/images\/passbilder\/mhe.jpg?resize=350%2C200","width":350,"height":200},"classes":[]},{"id":20,"url":"https:\/\/www.feuerwehr-brilon.de\/?page_id=20","url_meta":{"origin":1252,"position":2},"title":"Hoppecke","author":"Daniel Vogel","date":"28. Mai 2008","format":false,"excerpt":"Die L\u00f6schgruppe Hoppecke besteht zur Zeit aus 41 Mitgliedern. Daneben gibt es eine Jugendfeuerwehr mit 20 Mitgliedern. Die L\u00f6schgruppe Hoppecke ist f\u00fcr den Brandschutz in den Ortsteilen Hoppecke und Brilon Wald zust\u00e4ndig. Dar\u00fcber hinaus unterst\u00fctzt sie im Bedarfsfall die L\u00f6schgruppen Messinghausen und Bontkirchen. \u00a0 \u00a0 \u00a0 \u00a0 \u00a0 \u00a0 \u00a0\u2026","rel":"","context":"In &quot;Allgemein&quot;","block_context":{"text":"Allgemein","link":"https:\/\/www.feuerwehr-brilon.de\/?cat=1"},"img":{"alt_text":"","src":"\/images\/gruppenbild\/gr_hoppecke.jpg","width":350,"height":200},"classes":[]}],"_links":{"self":[{"href":"https:\/\/www.feuerwehr-brilon.de\/index.php?rest_route=\/wp\/v2\/pages\/1252","targetHints":{"allow":["GET"]}}],"collection":[{"href":"https:\/\/www.feuerwehr-brilon.de\/index.php?rest_route=\/wp\/v2\/pages"}],"about":[{"href":"https:\/\/www.feuerwehr-brilon.de\/index.php?rest_route=\/wp\/v2\/types\/page"}],"author":[{"embeddable":true,"href":"https:\/\/www.feuerwehr-brilon.de\/index.php?rest_route=\/wp\/v2\/users\/8"}],"replies":[{"embeddable":true,"href":"https:\/\/www.feuerwehr-brilon.de\/index.php?rest_route=%2Fwp%2Fv2%2Fcomments&post=1252"}],"version-history":[{"count":3,"href":"https:\/\/www.feuerwehr-brilon.de\/index.php?rest_route=\/wp\/v2\/pages\/1252\/revisions"}],"predecessor-version":[{"id":32122,"href":"https:\/\/www.feuerwehr-brilon.de\/index.php?rest_route=\/wp\/v2\/pages\/1252\/revisions\/32122"}],"up":[{"embeddable":true,"href":"https:\/\/www.feuerwehr-brilon.de\/index.php?rest_route=\/wp\/v2\/pages\/7"}],"wp:attachment":[{"href":"https:\/\/www.feuerwehr-brilon.de\/index.php?rest_route=%2Fwp%2Fv2%2Fmedia&parent=1252"}],"curies":[{"name":"wp","href":"https:\/\/api.w.org\/{rel}","templated":true}]}}