{"id":16659,"date":"2020-06-14T17:43:45","date_gmt":"2020-06-14T16:43:45","guid":{"rendered":"https:\/\/www.feuerwehr-brilon.de\/?page_id=16659"},"modified":"2020-07-21T16:10:08","modified_gmt":"2020-07-21T15:10:08","slug":"geraetewagen-logistik-1-hoppecke","status":"publish","type":"page","link":"https:\/\/www.feuerwehr-brilon.de\/?page_id=16659","title":{"rendered":"Ger\u00e4teWagen-Logistik 1 &#8211; Hoppecke"},"content":{"rendered":"<table>\n<tbody>\n<tr>\n<td width=\"440\"><a href=\"\/images\/fahrzeuge\/gwl_1_gross_1.JPG\" rel=\"lightbox\"><img decoding=\"async\" class=\"alignleft size-thumbnail wp-image-16281\" src=\"\/images\/fahrzeuge\/gwl_1_gross_1.JPG\" alt=\"Ger\u00e4tewagen-Logistik-1\" width=\"\" height=\"\"><\/a><\/td>\n<td>\n<a href=\"\/images\/fahrzeuge\/gwl_1_gross_1.JPG\" rel=\"lightbox\"><img loading=\"lazy\" decoding=\"async\" class=\"aligright size-thumbnail wp-image-16281 alignright\" src=\"\/images\/fahrzeuge\/gwl_1_gross_1.JPG\" alt=\"Ger\u00e4tewagen-Logistik-1\" width=\"132\" height=\"88\"><\/a><br \/>\n<a href=\"\/images\/fahrzeuge\/gwl_1_gross_2.JPG\" rel=\"lightbox\"><img loading=\"lazy\" decoding=\"async\" class=\"aligright size-thumbnail wp-image-16281 alignright\" src=\"\/images\/fahrzeuge\/gwl_1_gross_2.JPG\" alt=\"Ger\u00e4tewagen-Logistik-1\" width=\"132\" height=\"88\"><\/a><br \/>\n<a href=\"\/images\/fahrzeuge\/gwl_1_gross_3.JPG\" rel=\"lightbox\"><img decoding=\"async\" class=\"aligright size-thumbnail wp-image-16281 alignright\" src=\"\/images\/fahrzeuge\/gwl_1_gross_3.JPG\" alt=\"Ger\u00e4tewagen-Logistik-1\" width=\"\" height=\"\"><\/a>\n<\/td>\n<\/tr>\n<\/tbody>\n<\/table>\n<p>&nbsp;<\/p>\n<table class=\"vehicle\">\n<thead>\n<tr>\n<th colspan=\"2\">Allgemeine Informationen:<\/th>\n<\/tr>\n<\/thead>\n<tbody>\n<tr>\n<td class=\"vehicletext\">Typ<\/td>\n<td class=\"vehicledata\">GW Logistik 1<\/td>\n<\/tr>\n<tr>\n<td class=\"vehicletext\">Besatzung<\/td>\n<td class=\"vehicledata\">1 \/ 5<\/td>\n<\/tr>\n<tr>\n<td class=\"vehicletext\">Funkrufname<\/td>\n<td class=\"vehicledata\">Florian Brilon 5 Gw-Logistik 1-1<\/td>\n<\/tr>\n<tr>\n<td class=\"vehicletext\">Standort<\/td>\n<td class=\"vehicledata\">Hoppecke<\/td>\n<\/tr>\n<\/tbody>\n<\/table>\n<table class=\"vehicle\">\n<thead>\n<tr>\n<th colspan=\"2\">Technische Daten:<\/th>\n<\/tr>\n<\/thead>\n<tbody>\n<tr>\n<td class=\"vehicletext\">Baujahr<\/td>\n<td class=\"vehicledata\">2018<\/td>\n<\/tr>\n<tr>\n<td class=\"vehicletext\">Leistung<\/td>\n<td class=\"vehicledata\">184 kW\/ 250 PS<\/td>\n<\/tr>\n<tr>\n<td class=\"vehicletext\">Hersteller<\/td>\n<td class=\"vehicledata\">MAN<\/td>\n<\/tr>\n<tr>\n<td class=\"vehicletext\">Fahrgestell<\/td>\n<td class=\"vehicledata\">MAN 12.250 BL<\/td>\n<\/tr>\n<tr>\n<td class=\"vehicletext\">Aufbau<\/td>\n<td class=\"vehicledata\">Ziegler<\/td>\n<\/tr>\n<tr>\n<td class=\"vehicletext\">Gewicht<\/td>\n<td class=\"vehicledata\">11,99 t<\/td>\n<\/tr>\n<\/tbody>\n<\/table>\n<table class=\"vehicle\">\n<thead>\n<tr>\n<th colspan=\"2\">Besonderheiten:<\/th>\n<\/tr>\n<\/thead>\n<tbody>\n<tr>\n<td class=\"vehicletext\" colspan=\"2\">Lichtmast 6 x Xenon, Zusatzbeladung Strom (14 kVA), Motors\u00e4ge, Licht, Tragkraftspritze (PFPN 10-1500), 500 B-Schlauch. Rollcontainer Standardbeladung: 1 x 500 m B-Schlauch, Tragkraftspritze, \u00d6lspur\/Verkehrsabsicherung, \u00d6lbindemittel und Wasserschaden (Schmutzwasserpumpe und Wassersauger). Weitere Rollcontainer: 2 x ABC Schutz, 1 x 500 B-Schlauch<\/td>\n<\/tr>\n<\/tbody>\n<\/table>\n","protected":false},"excerpt":{"rendered":"<p>&nbsp; Allgemeine Informationen: Typ GW Logistik 1 Besatzung 1 \/ 5 Funkrufname Florian Brilon 5 Gw-Logistik 1-1 Standort Hoppecke Technische Daten: Baujahr 2018 Leistung 184 kW\/ 250 PS Hersteller MAN Fahrgestell MAN 12.250 BL Aufbau Ziegler Gewicht 11,99 t Besonderheiten: Lichtmast 6 x Xenon, Zusatzbeladung Strom (14 kVA), Motors\u00e4ge, Licht, Tragkraftspritze (PFPN 10-1500), 500 B-Schlauch. [&hellip;]<\/p>\n","protected":false},"author":8,"featured_media":0,"parent":11,"menu_order":0,"comment_status":"closed","ping_status":"closed","template":"","meta":{"_exactmetrics_skip_tracking":false,"_exactmetrics_sitenote_active":false,"_exactmetrics_sitenote_note":"","_exactmetrics_sitenote_category":0,"jetpack_post_was_ever_published":false,"footnotes":""},"class_list":["post-16659","page","type-page","status-publish","hentry"],"jetpack_shortlink":"https:\/\/wp.me\/PCIJa-4kH","jetpack_sharing_enabled":true,"jetpack-related-posts":[{"id":11756,"url":"https:\/\/www.feuerwehr-brilon.de\/?page_id=11756","url_meta":{"origin":16659,"position":0},"title":"Ger\u00e4teWagen-Logistik 2","author":"Andreas Becker","date":"20. April 2015","format":false,"excerpt":"\u00a0 Allgemeine Informationen: Typ GW Logistik 2 Besatzung 1 \/ 5 Funkrufname Florian Brilon 1 Gw-Logistik 2-1 Standort Brilon Technische Daten: Baujahr 2015 Leistung 213 kW\/ 290 PS Hersteller MAN Fahrgestell MAN 13.290 BL Aufbau Ziegler Gewicht 14,1 t Besonderheiten: Lichtmast 6 x Xenon, Seilwinde 50 kN, Zusatzbeladung Strom (14\u2026","rel":"","context":"\u00c4hnlicher Beitrag","block_context":{"text":"\u00c4hnlicher Beitrag","link":""},"img":{"alt_text":"Ger\u00e4tewagen-Logistik-2","src":"\/images\/fahrzeuge\/gwl_2_gross_1.JPG","width":350,"height":200,"srcset":"\/images\/fahrzeuge\/gwl_2_gross_1.JPG 1x, \/images\/fahrzeuge\/gwl_2_gross_1.JPG 1.5x, \/images\/fahrzeuge\/gwl_2_gross_1.JPG 2x"},"classes":[]},{"id":808,"url":"https:\/\/www.feuerwehr-brilon.de\/?page_id=808","url_meta":{"origin":16659,"position":1},"title":"Ger\u00e4tewagen-Logistik 01 &#8211; Brilon","author":"Andreas Becker","date":"25. August 2009","format":false,"excerpt":"Allgemeine Informationen: Typ Gw-L1 Besatzung 1 \/ 2 Funkrufname Florian Brilon 1 GwLogistik1 1 Standort Brilon Technische Daten: Baujahr 1999 Leistung kW \/ PS Hersteller Volkswagen Fahrgestell Aufbau Gewicht 3,49 t Besonderheiten: \u00d6lbindemittel f\u00fcr Stra\u00dfenraum und Wasserfl\u00e4chen, Bindemittelstreuwagen, Warnschilder f\u00fcr den Stra\u00dfenverkehrWeitere m\u00f6gliche Beladung per Gitterboxen: Schaummittel, Bindemittel, Atemluftflaschen","rel":"","context":"In &quot;Allgemein&quot;","block_context":{"text":"Allgemein","link":"https:\/\/www.feuerwehr-brilon.de\/?cat=1"},"img":{"alt_text":"","src":"","width":0,"height":0},"classes":[]},{"id":1329,"url":"https:\/\/www.feuerwehr-brilon.de\/?page_id=1329","url_meta":{"origin":16659,"position":2},"title":"Tragkraft-Spritzen-Fahrzeug &#8211; Hoppecke","author":"Andreas Becker","date":"28. August 2009","format":false,"excerpt":"Allgemeine Informationen: Typ TSF Besatzung 1 \/ 5 Funkrufname Florian Brilon 5 TSF 1 Standort Hoppecke Technische Daten: Baujahr 1978 Leistung 63 KW \/ 86 PS Hersteller Mercedes Benz Fahrgestell 602\/35 Aufbau Ziegler Gewicht 3,5 t Besonderheiten: Tragkraftspritze, TS 8\/8, Differentialsperre, \u00dcberdruckl\u00fcfter","rel":"","context":"In &quot;Allgemein&quot;","block_context":{"text":"Allgemein","link":"https:\/\/www.feuerwehr-brilon.de\/?cat=1"},"img":{"alt_text":"MTF","src":"\/wp-up\/2009\/08\/TSF_Hoppecke_vl.jpg","width":350,"height":200,"srcset":"\/wp-up\/2009\/08\/TSF_Hoppecke_vl.jpg 1x, \/wp-up\/2009\/08\/TSF_Hoppecke_vl.jpg 1.5x, \/wp-up\/2009\/08\/TSF_Hoppecke_vl.jpg 2x"},"classes":[]},{"id":1321,"url":"https:\/\/www.feuerwehr-brilon.de\/?page_id=1321","url_meta":{"origin":16659,"position":3},"title":"Mannschafts-Transport-Fahrzeug &#8211; Hoppecke","author":"Andreas Becker","date":"28. August 2009","format":false,"excerpt":"\u00a0 Allgemeine Informationen: Typ MTF Besatzung 1 \/ 8 Funkrufname Florian Brilon 5 MTF 1 Standort Hoppecke Technische Daten: Baujahr 2010 Leistung 63 KW \/ 86 PS Hersteller Ford Fahrgestell Transit Aufbau FT 280 K Gewicht 2,8 t Besonderheiten: Das Fahrzeug dient zum Transport von Einsatzkr\u00e4ften zur Einsatzstelle.","rel":"","context":"In &quot;Allgemein&quot;","block_context":{"text":"Allgemein","link":"https:\/\/www.feuerwehr-brilon.de\/?cat=1"},"img":{"alt_text":"MTF","src":"\/images\/fahrzeuge\/mtf_hop_gross_1.JPG","width":350,"height":200,"srcset":"\/images\/fahrzeuge\/mtf_hop_gross_1.JPG 1x, \/images\/fahrzeuge\/mtf_hop_gross_1.JPG 1.5x, \/images\/fahrzeuge\/mtf_hop_gross_1.JPG 2x"},"classes":[]},{"id":819,"url":"https:\/\/www.feuerwehr-brilon.de\/?page_id=819","url_meta":{"origin":16659,"position":4},"title":"Hilfeleistungs-L\u00f6schgruppen-Fahrzeug 10 &#8211; Hoppecke","author":"Andreas Becker","date":"9. November 2009","format":false,"excerpt":"\u00a0 Allgemeine Informationen: Typ HLF 10 Besatzung 1 \/ 6 Funkrufname Florian Brilon 5 HLF10 1 Standort Hoppecke Technische Daten: Baujahr 2009 Leistung 188 KW \/ 256 PS Hersteller Mercedes Benz Fahrgestell Aufbau Gewicht 11 t Wassertank 1000 l Pumpenleistung 1000 l\/min bei 10 bar Besonderheiten: Allrad, Stromerzeuger 8kVA, Hydraulisches\u2026","rel":"","context":"In &quot;Allgemein&quot;","block_context":{"text":"Allgemein","link":"https:\/\/www.feuerwehr-brilon.de\/?cat=1"},"img":{"alt_text":"StLF 10\/6","src":"\/images\/fahrzeuge\/stlf_hop_gross_1.JPG","width":350,"height":200,"srcset":"\/images\/fahrzeuge\/stlf_hop_gross_1.JPG 1x, \/images\/fahrzeuge\/stlf_hop_gross_1.JPG 1.5x, \/images\/fahrzeuge\/stlf_hop_gross_1.JPG 2x"},"classes":[]},{"id":1325,"url":"https:\/\/www.feuerwehr-brilon.de\/?page_id=1325","url_meta":{"origin":16659,"position":5},"title":"L\u00f6schgruppen-Fahrzeug 16\/TS &#8211; Hoppecke","author":"Andreas Becker","date":"28. August 2009","format":false,"excerpt":"Allgemeine Informationen: Typ LF 16TS Besatzung 1 \/ 8 Funkrufname Florian Brilon 5 LF16TS 1 Standort Hoppecke Technische Daten: Baujahr 1987 Leistung 124 KW \/ 169 PS Hersteller Daimler Fahrgestell LAF 1113B Aufbau Lentner Gewicht 8,99 t Pumpenleistung 1600 l\/min bei 8 bar Besonderheiten: Tragkraftspritze, TS 8\/8, Differentialsperre, 600m B-Schlauch","rel":"","context":"In &quot;Allgemein&quot;","block_context":{"text":"Allgemein","link":"https:\/\/www.feuerwehr-brilon.de\/?cat=1"},"img":{"alt_text":"","src":"","width":0,"height":0},"classes":[]}],"_links":{"self":[{"href":"https:\/\/www.feuerwehr-brilon.de\/index.php?rest_route=\/wp\/v2\/pages\/16659","targetHints":{"allow":["GET"]}}],"collection":[{"href":"https:\/\/www.feuerwehr-brilon.de\/index.php?rest_route=\/wp\/v2\/pages"}],"about":[{"href":"https:\/\/www.feuerwehr-brilon.de\/index.php?rest_route=\/wp\/v2\/types\/page"}],"author":[{"embeddable":true,"href":"https:\/\/www.feuerwehr-brilon.de\/index.php?rest_route=\/wp\/v2\/users\/8"}],"replies":[{"embeddable":true,"href":"https:\/\/www.feuerwehr-brilon.de\/index.php?rest_route=%2Fwp%2Fv2%2Fcomments&post=16659"}],"version-history":[{"count":3,"href":"https:\/\/www.feuerwehr-brilon.de\/index.php?rest_route=\/wp\/v2\/pages\/16659\/revisions"}],"predecessor-version":[{"id":22584,"href":"https:\/\/www.feuerwehr-brilon.de\/index.php?rest_route=\/wp\/v2\/pages\/16659\/revisions\/22584"}],"up":[{"embeddable":true,"href":"https:\/\/www.feuerwehr-brilon.de\/index.php?rest_route=\/wp\/v2\/pages\/11"}],"wp:attachment":[{"href":"https:\/\/www.feuerwehr-brilon.de\/index.php?rest_route=%2Fwp%2Fv2%2Fmedia&parent=16659"}],"curies":[{"name":"wp","href":"https:\/\/api.w.org\/{rel}","templated":true}]}}