{"id":17,"date":"2008-05-28T15:45:04","date_gmt":"2008-05-28T13:45:04","guid":{"rendered":"http:\/\/wptest.k-srv.de\/?page_id=17"},"modified":"2008-06-02T08:40:43","modified_gmt":"2008-06-02T06:40:43","slug":"gerate","status":"publish","type":"page","link":"https:\/\/www.feuerwehr-brilon.de\/?page_id=17","title":{"rendered":"Ger\u00e4te"},"content":{"rendered":"<p>Auf dieser Seite finden Sie eine \u00dcbersicht \u00fcber einige der bei der Feuerwehr der Stadt Brilon eingesetzten Ger\u00e4tschaften. In der n\u00e4chsten Zeit erfolgt die Erweiterung dieser Seite, so dass zu jedem Ger\u00e4t eine eigene Seite mit Informationen verf\u00fcgbar ist.<\/p>\n<table border=\"0\" cellspacing=\"0\" cellpadding=\"0\" width=\"100%\">\n<tbody>\n<tr>\n<td width=\"50%\" align=\"center\"><img decoding=\"async\" src=\".\/images\/technik\/geraete\/ggp.jpg\" border=\"0\" alt=\"\" \/><\/td>\n<td width=\"50%\" align=\"center\"><img decoding=\"async\" src=\".\/images\/technik\/geraete\/hilfeleistungssatz_1.jpg\" border=\"0\" alt=\"\" \/><\/td>\n<\/tr>\n<tr>\n<td align=\"center\">Gefahrgutpumpen<\/td>\n<td align=\"center\">Hilfeleistungssatz<\/td>\n<\/tr>\n<tr>\n<td width=\"50%\" align=\"center\"><img decoding=\"async\" src=\".\/images\/technik\/geraete\/hochleistungsluefter.jpg\" border=\"0\" alt=\"\" \/><\/td>\n<td width=\"50%\" align=\"center\"><img decoding=\"async\" src=\".\/images\/technik\/geraete\/mehrzweckzug.jpg\" border=\"0\" alt=\"\" \/><\/td>\n<\/tr>\n<tr>\n<td align=\"center\">Hochleistungsl\u00fcfter<\/td>\n<td align=\"center\">Mehrzweckzug<\/td>\n<\/tr>\n<tr>\n<td width=\"50%\" align=\"center\"><img decoding=\"async\" src=\".\/images\/technik\/geraete\/messgeraete.jpg\" border=\"0\" alt=\"\" \/><\/td>\n<td width=\"50%\" align=\"center\"><img decoding=\"async\" src=\".\/images\/technik\/geraete\/multicut.jpg\" border=\"0\" alt=\"\" \/><\/td>\n<\/tr>\n<tr>\n<td align=\"center\">Messger\u00e4te<\/td>\n<td align=\"center\">Multicut Kettens\u00e4ge<\/td>\n<\/tr>\n<tr>\n<td width=\"50%\" align=\"center\"><img decoding=\"async\" src=\".\/images\/technik\/geraete\/notfallrucksack.jpg\" border=\"0\" alt=\"\" \/><\/td>\n<td width=\"50%\" align=\"center\"><img decoding=\"async\" src=\".\/images\/technik\/geraete\/sprungretter.jpg\" border=\"0\" alt=\"\" \/><\/td>\n<\/tr>\n<tr>\n<td align=\"center\">Notfallrucksack<\/td>\n<td align=\"center\">Sprungretter<\/td>\n<\/tr>\n<tr>\n<td width=\"50%\" align=\"center\"><img decoding=\"async\" src=\".\/images\/technik\/geraete\/strahlrohre.jpg\" border=\"0\" alt=\"\" \/><\/td>\n<td width=\"50%\" align=\"center\"><img decoding=\"async\" src=\".\/images\/technik\/geraete\/stromaggregat.jpg\" border=\"0\" alt=\"\" \/><\/td>\n<\/tr>\n<tr>\n<td align=\"center\">Strahlrohre<\/td>\n<td align=\"center\">Stromaggregate<\/td>\n<\/tr>\n<tr>\n<td width=\"50%\" align=\"center\"><img decoding=\"async\" src=\".\/images\/technik\/geraete\/tragkraftspritze.jpg\" border=\"0\" alt=\"\" \/><\/td>\n<td width=\"50%\" align=\"center\"><img decoding=\"async\" src=\".\/images\/technik\/geraete\/wasserwerfer.jpg\" border=\"0\" alt=\"\" \/><\/td>\n<\/tr>\n<tr>\n<td align=\"center\">Tragkraftspritzen<\/td>\n<td align=\"center\">Wasserwerfer<\/td>\n<\/tr>\n<tr>\n<td width=\"50%\" align=\"center\"><img decoding=\"async\" src=\".\/images\/technik\/geraete\/waermebildkamera.jpg\" border=\"0\" alt=\"\" \/><\/td>\n<td width=\"50%\" align=\"center\">&nbsp;<\/td>\n<\/tr>\n<tr>\n<td align=\"center\">W\u00e4rmebildkamera<\/td>\n<td align=\"center\">&nbsp;<\/td>\n<\/tr>\n<\/tbody>\n<\/table>\n","protected":false},"excerpt":{"rendered":"<p>Auf dieser Seite finden Sie eine \u00dcbersicht \u00fcber einige der bei der Feuerwehr der Stadt Brilon eingesetzten Ger\u00e4tschaften. In der n\u00e4chsten Zeit erfolgt die Erweiterung dieser Seite, so dass zu jedem Ger\u00e4t eine eigene Seite mit Informationen verf\u00fcgbar ist. Gefahrgutpumpen Hilfeleistungssatz Hochleistungsl\u00fcfter Mehrzweckzug Messger\u00e4te Multicut Kettens\u00e4ge Notfallrucksack Sprungretter Strahlrohre Stromaggregate Tragkraftspritzen Wasserwerfer &nbsp; W\u00e4rmebildkamera &nbsp;<\/p>\n","protected":false},"author":3,"featured_media":0,"parent":10,"menu_order":0,"comment_status":"closed","ping_status":"closed","template":"","meta":{"_exactmetrics_skip_tracking":false,"_exactmetrics_sitenote_active":false,"_exactmetrics_sitenote_note":"","_exactmetrics_sitenote_category":0,"jetpack_post_was_ever_published":false,"footnotes":""},"class_list":["post-17","page","type-page","status-publish","hentry"],"jetpack_shortlink":"https:\/\/wp.me\/PCIJa-h","jetpack_sharing_enabled":true,"jetpack-related-posts":[{"id":5,"url":"https:\/\/www.feuerwehr-brilon.de\/?page_id=5","url_meta":{"origin":17,"position":0},"title":"Einheiten","author":"Daniel Vogel","date":"28. Mai 2008","format":false,"excerpt":"Auf dieser Seite finden Sie eine \u00dcbersicht \u00fcber alle L\u00f6schgruppen und L\u00f6schz\u00fcge der Stadt Brilon. Insgesamt besteht die Freiwillige Feuerwehr der Stadt Brilon aus einem L\u00f6schzug und zw\u00f6lf L\u00f6schgruppen. In diesen Einheiten sind sieben Jugendfeuerwehren integriert. Im aktiven Dienst stehen insgesamt 380 Kameraden, in der Jugendfeuerwehr sind 92 M\u00e4dchen und\u2026","rel":"","context":"In &quot;Allgemein&quot;","block_context":{"text":"Allgemein","link":"https:\/\/www.feuerwehr-brilon.de\/?cat=1"},"img":{"alt_text":"","src":"","width":0,"height":0},"classes":[]},{"id":32,"url":"https:\/\/www.feuerwehr-brilon.de\/?page_id=32","url_meta":{"origin":17,"position":1},"title":"Kontakt","author":"Daniel Vogel","date":"28. Mai 2008","format":false,"excerpt":"Auf dieser Seite finden Sie die wichtigsten Kontaktinformationen der Freiwilligen Feuerwehr der Stadt Brilon. Freiwillige Feuerwehr der Stadt Brilon Grimmestra\u00dfe 26 59929 Brilon Telefon: 02961\/2224 E-Mail: info@feuerwehr-brilon.de Internet: www.feuerwehr-brilon.de Stadt Brilon Am Markt 1 59929 Brilon Telefon: 02961-794-0 Telefax: 02961-794-108 E-Mail: info@brilon.de Internet: www.brilon.de","rel":"","context":"In &quot;Allgemein&quot;","block_context":{"text":"Allgemein","link":"https:\/\/www.feuerwehr-brilon.de\/?cat=1"},"img":{"alt_text":"","src":"","width":0,"height":0},"classes":[]},{"id":34,"url":"https:\/\/www.feuerwehr-brilon.de\/?page_id=34","url_meta":{"origin":17,"position":2},"title":"Impressum","author":"Daniel Vogel","date":"28. Mai 2008","format":false,"excerpt":"Seit Anfang 2002 muss der Betreiber einer gesch\u00e4ftsm\u00e4\u00dfig gef\u00fchrten Homepage eine so genannte Anbieterkennzeichnung vorhalten. Sie muss leicht erkennbar, unmittelbar erreichbar und st\u00e4ndig verf\u00fcgbar diverse Angaben zur Person machen. Mit gesch\u00e4ftsm\u00e4\u00dfig sind dabei nicht alleine gewerbliche oder kommerzielle Angebote gemeint. Die Impressumspflicht ergibt sich aus \u00a7 6 Teledienstegesetz (TDG). Es\u2026","rel":"","context":"In &quot;Allgemein&quot;","block_context":{"text":"Allgemein","link":"https:\/\/www.feuerwehr-brilon.de\/?cat=1"},"img":{"alt_text":"","src":"","width":0,"height":0},"classes":[]},{"id":97,"url":"https:\/\/www.feuerwehr-brilon.de\/?page_id=97","url_meta":{"origin":17,"position":3},"title":"Kontakt","author":"Daniel Vogel","date":"18. August 2008","format":false,"excerpt":"Auf dieser Seite finden Sie die wichtigsten Kontaktinformationen des Tambourkorps der Freiwilligen Feuerwehr Brilon. \u00a0 Musikzugf\u00fchrer Freddi Renerich Wei\u00dfstra\u00dfe 1 59929 Brilon Tel.: 02961 - 1083 E-Mail: tambourkorps(at)feuerwehr-brilon.de \u00a0 Tambourmajor Sven Becker Glockengie\u00dferweg 35 59929 Brilon E-Mail: tambourkorps(at)feuerwehr-brilon.de \u00a0","rel":"","context":"In &quot;Allgemein&quot;","block_context":{"text":"Allgemein","link":"https:\/\/www.feuerwehr-brilon.de\/?cat=1"},"img":{"alt_text":"","src":"","width":0,"height":0},"classes":[]},{"id":7643,"url":"https:\/\/www.feuerwehr-brilon.de\/?page_id=7643","url_meta":{"origin":17,"position":4},"title":"Tipps zur Weihnachtszeit","author":"Andreas Becker","date":"30. November 2012","format":false,"excerpt":"Duft von frisch gebackenen Pl\u00e4tzchen, R\u00e4ucherst\u00e4bchen oder Punsch und Tannengr\u00fcn. Romantische Stimmung durch Kerzenschein oder Lichterketten. All dies geh\u00f6rt gewiss zur Weihnachtszeit wie die Geschenke unterm Tannenbaum an Heilig Abend. Leider auch die erh\u00f6hten Einsatzzahlen der Feuerwehr verursacht durch Zimmer- oder Wohnungsbr\u00e4nde. Nicht beaufsichtigte Adventsgestecke oder Wachskerzen am Christbaum, sind\u2026","rel":"","context":"\u00c4hnlicher Beitrag","block_context":{"text":"\u00c4hnlicher Beitrag","link":""},"img":{"alt_text":"","src":"","width":0,"height":0},"classes":[]},{"id":16028,"url":"https:\/\/www.feuerwehr-brilon.de\/?page_id=16028","url_meta":{"origin":17,"position":5},"title":"Datenschutzerkl\u00e4rung","author":"Marc Heines","date":"28. Mai 2018","format":false,"excerpt":"Datenschutz\u00aderkl\u00e4rung 1. Datenschutz auf einen Blick Allgemeine Hinweise Die folgenden Hinweise geben einen einfachen \u00dcberblick dar\u00fcber, was mit Ihren personenbezogenen Daten passiert, wenn Sie diese Website besuchen. Personenbezogene Daten sind alle Daten, mit denen Sie pers\u00f6nlich identifiziert werden k\u00f6nnen. Ausf\u00fchrliche Informationen zum Thema Datenschutz entnehmen Sie unserer unter diesem Text\u2026","rel":"","context":"\u00c4hnlicher Beitrag","block_context":{"text":"\u00c4hnlicher Beitrag","link":""},"img":{"alt_text":"","src":"","width":0,"height":0},"classes":[]}],"_links":{"self":[{"href":"https:\/\/www.feuerwehr-brilon.de\/index.php?rest_route=\/wp\/v2\/pages\/17","targetHints":{"allow":["GET"]}}],"collection":[{"href":"https:\/\/www.feuerwehr-brilon.de\/index.php?rest_route=\/wp\/v2\/pages"}],"about":[{"href":"https:\/\/www.feuerwehr-brilon.de\/index.php?rest_route=\/wp\/v2\/types\/page"}],"author":[{"embeddable":true,"href":"https:\/\/www.feuerwehr-brilon.de\/index.php?rest_route=\/wp\/v2\/users\/3"}],"replies":[{"embeddable":true,"href":"https:\/\/www.feuerwehr-brilon.de\/index.php?rest_route=%2Fwp%2Fv2%2Fcomments&post=17"}],"version-history":[{"count":0,"href":"https:\/\/www.feuerwehr-brilon.de\/index.php?rest_route=\/wp\/v2\/pages\/17\/revisions"}],"up":[{"embeddable":true,"href":"https:\/\/www.feuerwehr-brilon.de\/index.php?rest_route=\/wp\/v2\/pages\/10"}],"wp:attachment":[{"href":"https:\/\/www.feuerwehr-brilon.de\/index.php?rest_route=%2Fwp%2Fv2%2Fmedia&parent=17"}],"curies":[{"name":"wp","href":"https:\/\/api.w.org\/{rel}","templated":true}]}}