{"id":1786,"date":"2009-11-20T22:15:13","date_gmt":"2009-11-20T20:15:13","guid":{"rendered":"http:\/\/www.feuerwehr-brilon.de\/?page_id=1786"},"modified":"2010-01-31T18:06:29","modified_gmt":"2010-01-31T16:06:29","slug":"feuersbrunst-1742","status":"publish","type":"page","link":"https:\/\/www.feuerwehr-brilon.de\/?page_id=1786","title":{"rendered":"Feuersbrunst 1742"},"content":{"rendered":"<p><!-- \t\t@page { margin: 2cm } \t\tH2 { margin-bottom: 0.11cm } \t\tH2.western { font-family: \"Arial\", sans-serif; font-size: 14pt; font-style: italic } \t\tH2.cjk { font-family: \"Lucida Sans Unicode\"; font-size: 14pt; font-style: italic } \t\tH2.ctl { font-family: \"Arial\", sans-serif; font-size: 14pt; font-style: italic } \t\tP { margin-bottom: 0.21cm } --><\/p>\n<p style=\"margin-bottom: 0cm; line-height: 0.81cm; text-align: left;\"><em>Nachdemahlen durch eine unversehene Feuers= Brunst in die dahiesiger Stadt Brilon den neunzehnten dieses, hundert neun und f\u00fcnfzig Wohn-H\u00e4user sambt noch anderen Neben = Geb\u00e4uden und Scheuren, auch einigen Menschen, Pferden und anderen Viehe, ja schier allen Meublen in wenig Stunden einge\u00e4schert, und zu Grund gerichtet, mithin die Besch\u00e4digte daraus nichts anders als ihr Leben gerettet, fort in solche Armut gesetzt, da\u00df ohne Christ milte mit leydige Beysteur diese arme Leute ihr Leben so wenig durchbringen, als weniger zur Wohnung wieder gelangen k\u00f6nnen; Sodrige Standes=Personen geziemet ersuchen sollen, \u00fcber dieses allzugrosses Ungl\u00fcck ein Mitleyden zu tragen, und Vorzeigeren dieses mithin allen denenjenigen Brand = Besch\u00e4digten, welche gegenw\u00e4rtige mit dem Stadt=Siegel bedruckte auch unter= zeichnete Brieffe vorbringen, aber keinem anderen, so sich f\u00fcr Brand=Besch\u00e4digte von hieraus f\u00e4lschlich angeben d\u00f6rften, eine Christmit= leidentliche Beysteur angedenen, denen sich f\u00e4lschlich Angebenden hingegen die beh\u00f6rige Bestraffung Obrigkeitlich und rechtlich wiederfahren zu lassen; dessen man sich desto mehr vertrauet, je mehr das allzustarke Elend die n\u00f6thige Beyh\u00fcllf erfordert.<\/em><\/p>\n<p style=\"margin-bottom: 0cm; line-height: 0.81cm;\" align=\"justify\">\n<p style=\"margin-bottom: 0cm; line-height: 0.81cm;\" align=\"right\"><em>Signatum Brilon in pleno Senatu den <\/em><\/p>\n<p style=\"margin-bottom: 0cm; line-height: 0.81cm;\" align=\"right\"><em>25. August 1742<\/em><\/p>\n<p style=\"margin-bottom: 0cm; line-height: 0.81cm;\" align=\"right\"><em>Burger=Meister und Raht der Stadt Brilon und aus deren Befelch.<\/em><\/p>\n<p><!-- \t\t@page { margin: 2cm } \t\tP { margin-bottom: 0cm; line-height: 0.71cm; text-align: justify } \t\tP.western { font-family: \"Vivante-DTC\", \"Courier New\", fantasy; font-size: 16pt; font-style: italic } \t\tP.cjk { font-size: 16pt; font-style: italic } \t\tP.ctl { font-size: 10pt } --><\/p>\n<p style=\"font-style: normal; line-height: 0.71cm;\" align=\"justify\">Durch eine unvorhersehbare Feuersbrunst sind in der Stadt Brilon am 19. dieses Monats  159 Wohnh\u00e4user mit Nebengeb\u00e4uden und Scheunen,  aber auch einige Menschen, Pferde und anderes Vieh, mit all den M\u00f6beln in wenigen Stunden einge\u00e4schert und  zu Grunde gerichtet worden.<\/p>\n<p style=\"font-style: normal; line-height: 0.71cm;\" align=\"justify\">Die Gesch\u00e4digten konnten nichts weiter als ihr eigenes Leben retten. Von diesem Brand betroffen war auch eine 2 klassige M\u00e4dchenschule am Markt.<\/p>\n<p style=\"font-style: normal; line-height: 0.71cm;\" align=\"justify\">Schon 1 Jahr sp\u00e4ter war dieses Geb\u00e4ude wieder errichtet und auch wieder eine M\u00e4dchenschule und auch die gro\u00dfe \u00f6ffentliche Stadtwaage war dort untergebracht.<\/p>\n<p style=\"font-style: normal; line-height: 0.71cm;\" align=\"justify\">(An dieser Stelle steht heute das Hotel Starke).<\/p>\n<p style=\"font-style: normal; line-height: 0.71cm;\" align=\"justify\">Viele Leute aber sind jetzt solcher Armut ausgesetzt, da\u00df ohne christliche Liebe, die jeder beisteuern sollte, diese armen Leute ihr Leben so verbessern k\u00f6nnen, da\u00df sie wieder  zu einer neuen Wohnung gelangen k\u00f6nnen.<\/p>\n<p style=\"font-style: normal; line-height: 0.71cm;\" align=\"justify\">So haben der hiesige B\u00fcrgermeister und der Rat alle Reichen und weniger Reichen aufgerufen f\u00fcr dieses gro\u00dfe Ungl\u00fcck Mitleid zu tragen und auch zu zeigen!<\/p>\n<p style=\"font-style: normal; line-height: 0.71cm;\" align=\"justify\">Alle Brandgesch\u00e4digten die das Stadt &#8211; Siegel und eine Unterschrift auf ihren Briefen vorzeigen k\u00f6nnen, aber keine anderen Leute, die sich f\u00e4lschlich f\u00fcr diese halten, bekommen eine christmitleidliche Beisteuer.<\/p>\n<p style=\"font-style: normal; line-height: 0.71cm;\" align=\"justify\">Diejenigen die etwas falsches angeben werden beh\u00f6rdlich und rechtlich bestraft.<\/p>\n<p>Denn diesen Personen hat man desto mehr vertraut da das allzugro\u00dfes Elend der dringened n\u00f6tigen Beihilfe erfordert.<\/p>\n<p style=\"text-indent: 1.27cm; font-style: normal; line-height: 0.71cm;\" align=\"justify\">\n<p style=\"text-indent: 1.27cm; line-height: 0.71cm;\" align=\"right\">geschrieben in Brilon vom Senat<\/p>\n<p style=\"text-indent: 1.27cm; line-height: 0.71cm;\" align=\"right\">am 25. August 1742.<\/p>\n<p style=\"margin-top: 0.42cm; margin-bottom: 0.11cm; line-height: 100%;\" align=\"right\">B\u00fcrgermeister und Rat<\/p>\n<p style=\"margin-top: 0.21cm; margin-bottom: 0.21cm; line-height: 0.71cm;\" align=\"right\">der Stadt Brilon<\/p>\n<p style=\"margin-top: 0.21cm; margin-bottom: 0.21cm; line-height: 0.71cm;\" align=\"right\">Befehlen dieses.<\/p>\n","protected":false},"excerpt":{"rendered":"<p>Nachdemahlen durch eine unversehene Feuers= Brunst in die dahiesiger Stadt Brilon den neunzehnten dieses, hundert neun und f\u00fcnfzig Wohn-H\u00e4user sambt noch anderen Neben = Geb\u00e4uden und Scheuren, auch einigen Menschen, Pferden und anderen Viehe, ja schier allen Meublen in wenig Stunden einge\u00e4schert, und zu Grund gerichtet, mithin die Besch\u00e4digte daraus nichts anders als ihr Leben [&hellip;]<\/p>\n","protected":false},"author":6,"featured_media":0,"parent":2119,"menu_order":2,"comment_status":"closed","ping_status":"closed","template":"","meta":{"_exactmetrics_skip_tracking":false,"_exactmetrics_sitenote_active":false,"_exactmetrics_sitenote_note":"","_exactmetrics_sitenote_category":0,"jetpack_post_was_ever_published":false,"footnotes":""},"class_list":["post-1786","page","type-page","status-publish","hentry"],"jetpack_shortlink":"https:\/\/wp.me\/PCIJa-sO","jetpack_sharing_enabled":true,"jetpack-related-posts":[{"id":53,"url":"https:\/\/www.feuerwehr-brilon.de\/?page_id=53","url_meta":{"origin":1786,"position":0},"title":"Wespen und Hornissen","author":"Daniel Vogel","date":"31. Mai 2008","format":false,"excerpt":"In den Sommermonaten wird bei der Feuerwehr immer wieder bei Problemen mit Wespennestern nachgefragt. An dieser Stelle erhalten Sie daher einige allgemeine Informationen f\u00fcr den Umgang mit Wespen und Hornissen. Wie leben Wespen und Hornissen? Wespenv\u00f6lker leben nur einen Sommer. Lediglich die im Herbst begatteten K\u00f6niginnen \u00fcberwintern in engen Ritzen.\u2026","rel":"","context":"In &quot;Allgemein&quot;","block_context":{"text":"Allgemein","link":"https:\/\/www.feuerwehr-brilon.de\/?cat=1"},"img":{"alt_text":"","src":"","width":0,"height":0},"classes":[]},{"id":14422,"url":"https:\/\/www.feuerwehr-brilon.de\/?page_id=14422","url_meta":{"origin":1786,"position":1},"title":"Brandschutzerziehung &#8211; Brandschutzaufkl\u00e4rung","author":"Andreas Becker","date":"21. Februar 2017","format":false,"excerpt":"Auf dieser Seite erfahren Sie: - Was bedeutet \u00fcberhaupt \u201eBrandschutzerziehung\u201c? - Welchen Hintergrund hat die \u201eBrandschutzerziehung\u201c? - An wen richtet sich die \u201eBrandschutzerziehung\/Brandschutzaufkl\u00e4rung\u201c? - Wer f\u00fchrt die \u201eBrandschutzerziehung\/Brandschutzaufkl\u00e4rung\u201c durch? \u00a0 Brandschutzerziehung \u2013 Wieso? Weshalb? Warum? Die Brandschutzerziehung befasst sich u.a. mit dem richtigen Verhalten in einem Brandfall, dem Erlernen des\u2026","rel":"","context":"\u00c4hnlicher Beitrag","block_context":{"text":"\u00c4hnlicher Beitrag","link":""},"img":{"alt_text":"","src":"https:\/\/i0.wp.com\/www.feuerwehr-brilon.de\/wp-up\/2017\/02\/Fuchs_Streichholz-130x150.png?resize=350%2C200","width":350,"height":200},"classes":[]},{"id":20,"url":"https:\/\/www.feuerwehr-brilon.de\/?page_id=20","url_meta":{"origin":1786,"position":2},"title":"Hoppecke","author":"Daniel Vogel","date":"28. Mai 2008","format":false,"excerpt":"Die L\u00f6schgruppe Hoppecke besteht zur Zeit aus 41 Mitgliedern. Daneben gibt es eine Jugendfeuerwehr mit 20 Mitgliedern. Die L\u00f6schgruppe Hoppecke ist f\u00fcr den Brandschutz in den Ortsteilen Hoppecke und Brilon Wald zust\u00e4ndig. Dar\u00fcber hinaus unterst\u00fctzt sie im Bedarfsfall die L\u00f6schgruppen Messinghausen und Bontkirchen. \u00a0 \u00a0 \u00a0 \u00a0 \u00a0 \u00a0 \u00a0\u2026","rel":"","context":"In &quot;Allgemein&quot;","block_context":{"text":"Allgemein","link":"https:\/\/www.feuerwehr-brilon.de\/?cat=1"},"img":{"alt_text":"","src":"\/images\/gruppenbild\/gr_hoppecke.jpg","width":350,"height":200},"classes":[]},{"id":40,"url":"https:\/\/www.feuerwehr-brilon.de\/?page_id=40","url_meta":{"origin":1786,"position":3},"title":"Rauchmelder","author":"Andreas Becker","date":"13. Juni 2014","format":false,"excerpt":"Freitag, der 13. ist bundesweiter Rauchmeldertag In der Bundesrepublik Deutschland sterben pro Jahr mehr als sechshundert Menschen durch Feuer und vor allem auch Rauch. \u00dcber 5.000 Menschen werden bei Br\u00e4nden verletzt, die Sachsch\u00e4den betragen Millionen. Besonders gef\u00e4hrlich ist der bei Wohnungsbr\u00e4nden entstehende Rauch, weil er sich um ein Vielfaches schneller\u2026","rel":"","context":"In &quot;Allgemein&quot;","block_context":{"text":"Allgemein","link":"https:\/\/www.feuerwehr-brilon.de\/?cat=1"},"img":{"alt_text":"","src":"https:\/\/i0.wp.com\/www.feuerwehr-brilon.de\/images\/adviser\/rauchmelder\/rrl_01_klein.jpg?resize=350%2C200","width":350,"height":200},"classes":[]},{"id":4649,"url":"https:\/\/www.feuerwehr-brilon.de\/?page_id=4649","url_meta":{"origin":1786,"position":4},"title":"Geschichte seit 1879","author":"Andreas Becker","date":"25. M\u00e4rz 2011","format":false,"excerpt":"Nach einem Gro\u00dfbrand am 7.7.1877, dem in der Schulstra\u00dfe 20 H\u00e4user zum Opfer fielen, veranla\u00dfte der damalige B\u00fcrgermeister Schomberg die Gr\u00fcndung eines Freiwilligen Feuerwehr. Bei der Gr\u00fcndungsversammlung am 6. Juli 1879 meldeten sich zahlreiche B\u00fcrger aller Bev\u00f6lkerungskreise als freiwillige Mitglieder. 6. Juli 1879, die Feuerwehr Brilon wurde gegr\u00fcndet. In der\u2026","rel":"","context":"\u00c4hnlicher Beitrag","block_context":{"text":"\u00c4hnlicher Beitrag","link":""},"img":{"alt_text":"","src":"https:\/\/i0.wp.com\/www.feuerwehr-brilon.de\/wp-up\/2011\/03\/1879-500x386.jpg?resize=350%2C200","width":350,"height":200},"classes":[]},{"id":525,"url":"https:\/\/www.feuerwehr-brilon.de\/?page_id=525","url_meta":{"origin":1786,"position":5},"title":"Hintergrund","author":"Marc Heines","date":"16. Dezember 2008","format":false,"excerpt":"Hintergr\u00fcnde zur Farbgebung und Alarmeinrich- tungen des Schweren L\u00f6schgruppenfahrzeuges (SLG, sp\u00e4ter LF 15) Im Dritten Reich ergaben sich nach der Macht\u00fcbernahme im Januar 1933 auch f\u00fcr die Feuerwehren Neuerung und Umstellungen. Durch das preu\u00dfische Gesetz \u00fcber das Feuerl\u00f6schwesen vom 15. Dezember 1933 wurden die Berufsfeuerwehren, die freiwilligen Feuerwehren und die\u2026","rel":"","context":"In &quot;Allgemein&quot;","block_context":{"text":"Allgemein","link":"https:\/\/www.feuerwehr-brilon.de\/?cat=1"},"img":{"alt_text":"","src":"https:\/\/i0.wp.com\/www.feuerwehr-brilon.de\/wp-up\/2008\/12\/erlass_fahrzeuge_1-3-1937_neu.gif?resize=350%2C200","width":350,"height":200},"classes":[]}],"_links":{"self":[{"href":"https:\/\/www.feuerwehr-brilon.de\/index.php?rest_route=\/wp\/v2\/pages\/1786","targetHints":{"allow":["GET"]}}],"collection":[{"href":"https:\/\/www.feuerwehr-brilon.de\/index.php?rest_route=\/wp\/v2\/pages"}],"about":[{"href":"https:\/\/www.feuerwehr-brilon.de\/index.php?rest_route=\/wp\/v2\/types\/page"}],"author":[{"embeddable":true,"href":"https:\/\/www.feuerwehr-brilon.de\/index.php?rest_route=\/wp\/v2\/users\/6"}],"replies":[{"embeddable":true,"href":"https:\/\/www.feuerwehr-brilon.de\/index.php?rest_route=%2Fwp%2Fv2%2Fcomments&post=1786"}],"version-history":[{"count":0,"href":"https:\/\/www.feuerwehr-brilon.de\/index.php?rest_route=\/wp\/v2\/pages\/1786\/revisions"}],"up":[{"embeddable":true,"href":"https:\/\/www.feuerwehr-brilon.de\/index.php?rest_route=\/wp\/v2\/pages\/2119"}],"wp:attachment":[{"href":"https:\/\/www.feuerwehr-brilon.de\/index.php?rest_route=%2Fwp%2Fv2%2Fmedia&parent=1786"}],"curies":[{"name":"wp","href":"https:\/\/api.w.org\/{rel}","templated":true}]}}

<p><!-- 		@page { margin: 2cm } 		H2 { margin-bottom: 0.11cm } 		H2.western { font-family: "Arial", sans-serif; font-size: 14pt; font-style: italic } 		H2.cjk { font-family: "Lucida Sans Unicode"; font-size: 14pt; font-style: italic } 		H2.ctl { font-family: "Arial", sans-serif; font-size: 14pt; font-style: italic } 		P { margin-bottom: 0.21cm } --></p>
<p style="margin-bottom: 0cm; line-height: 0.81cm; text-align: left;"><em>Nachdemahlen durch eine unversehene Feuers= Brunst in die dahiesiger Stadt Brilon den neunzehnten dieses, hundert neun und fünfzig Wohn-Häuser sambt noch anderen Neben = Gebäuden und Scheuren, auch einigen Menschen, Pferden und anderen Viehe, ja schier allen Meublen in wenig Stunden eingeäschert, und zu Grund gerichtet, mithin die Beschädigte daraus nichts anders als ihr Leben gerettet, fort in solche Armut gesetzt, daß ohne Christ milte mit leydige Beysteur diese arme Leute ihr Leben so wenig durchbringen, als weniger zur Wohnung wieder gelangen können; Sodrige Standes=Personen geziemet ersuchen sollen, über dieses allzugrosses Unglück ein Mitleyden zu tragen, und Vorzeigeren dieses mithin allen denenjenigen Brand = Beschädigten, welche gegenwärtige mit dem Stadt=Siegel bedruckte auch unter= zeichnete Brieffe vorbringen, aber keinem anderen, so sich für Brand=Beschädigte von hieraus fälschlich angeben dörften, eine Christmit= leidentliche Beysteur angedenen, denen sich fälschlich Angebenden hingegen die behörige Bestraffung Obrigkeitlich und rechtlich wiederfahren zu lassen; dessen man sich desto mehr vertrauet, je mehr das allzustarke Elend die nöthige Beyhüllf erfordert.</em></p>
<p style="margin-bottom: 0cm; line-height: 0.81cm;" align="justify">
<p style="margin-bottom: 0cm; line-height: 0.81cm;" align="right"><em>Signatum Brilon in pleno Senatu den </em></p>
<p style="margin-bottom: 0cm; line-height: 0.81cm;" align="right"><em>25. August 1742</em></p>
<p style="margin-bottom: 0cm; line-height: 0.81cm;" align="right"><em>Burger=Meister und Raht der Stadt Brilon und aus deren Befelch.</em></p>
<p><!-- 		@page { margin: 2cm } 		P { margin-bottom: 0cm; line-height: 0.71cm; text-align: justify } 		P.western { font-family: "Vivante-DTC", "Courier New", fantasy; font-size: 16pt; font-style: italic } 		P.cjk { font-size: 16pt; font-style: italic } 		P.ctl { font-size: 10pt } --></p>
<p style="font-style: normal; line-height: 0.71cm;" align="justify">Durch eine unvorhersehbare Feuersbrunst sind in der Stadt Brilon am 19. dieses Monats  159 Wohnhäuser mit Nebengebäuden und Scheunen,  aber auch einige Menschen, Pferde und anderes Vieh, mit all den Möbeln in wenigen Stunden eingeäschert und  zu Grunde gerichtet worden.</p>
<p style="font-style: normal; line-height: 0.71cm;" align="justify">Die Geschädigten konnten nichts weiter als ihr eigenes Leben retten. Von diesem Brand betroffen war auch eine 2 klassige Mädchenschule am Markt.</p>
<p style="font-style: normal; line-height: 0.71cm;" align="justify">Schon 1 Jahr später war dieses Gebäude wieder errichtet und auch wieder eine Mädchenschule und auch die große öffentliche Stadtwaage war dort untergebracht.</p>
<p style="font-style: normal; line-height: 0.71cm;" align="justify">(An dieser Stelle steht heute das Hotel Starke).</p>
<p style="font-style: normal; line-height: 0.71cm;" align="justify">Viele Leute aber sind jetzt solcher Armut ausgesetzt, daß ohne christliche Liebe, die jeder beisteuern sollte, diese armen Leute ihr Leben so verbessern können, daß sie wieder  zu einer neuen Wohnung gelangen können.</p>
<p style="font-style: normal; line-height: 0.71cm;" align="justify">So haben der hiesige Bürgermeister und der Rat alle Reichen und weniger Reichen aufgerufen für dieses große Unglück Mitleid zu tragen und auch zu zeigen!</p>
<p style="font-style: normal; line-height: 0.71cm;" align="justify">Alle Brandgeschädigten die das Stadt &#8211; Siegel und eine Unterschrift auf ihren Briefen vorzeigen können, aber keine anderen Leute, die sich fälschlich für diese halten, bekommen eine christmitleidliche Beisteuer.</p>
<p style="font-style: normal; line-height: 0.71cm;" align="justify">Diejenigen die etwas falsches angeben werden behördlich und rechtlich bestraft.</p>
<p>Denn diesen Personen hat man desto mehr vertraut da das allzugroßes Elend der dringened nötigen Beihilfe erfordert.</p>
<p style="text-indent: 1.27cm; font-style: normal; line-height: 0.71cm;" align="justify">
<p style="text-indent: 1.27cm; line-height: 0.71cm;" align="right">geschrieben in Brilon vom Senat</p>
<p style="text-indent: 1.27cm; line-height: 0.71cm;" align="right">am 25. August 1742.</p>
<p style="margin-top: 0.42cm; margin-bottom: 0.11cm; line-height: 100%;" align="right">Bürgermeister und Rat</p>
<p style="margin-top: 0.21cm; margin-bottom: 0.21cm; line-height: 0.71cm;" align="right">der Stadt Brilon</p>
<p style="margin-top: 0.21cm; margin-bottom: 0.21cm; line-height: 0.71cm;" align="right">Befehlen dieses.</p>

<p>Nachdemahlen durch eine unversehene Feuers= Brunst in die dahiesiger Stadt Brilon den neunzehnten dieses, hundert neun und fünfzig Wohn-Häuser sambt noch anderen Neben = Gebäuden und Scheuren, auch einigen Menschen, Pferden und anderen Viehe, ja schier allen Meublen in wenig Stunden eingeäschert, und zu Grund gerichtet, mithin die Beschädigte daraus nichts anders als ihr Leben [&hellip;]</p>

In den Sommermonaten wird bei der Feuerwehr immer wieder bei Problemen mit Wespennestern nachgefragt. An dieser Stelle erhalten Sie daher einige allgemeine Informationen für den Umgang mit Wespen und Hornissen. Wie leben Wespen und Hornissen? Wespenvölker leben nur einen Sommer. Lediglich die im Herbst begatteten Königinnen überwintern in engen Ritzen.…

Brandschutzerziehung &#8211; Brandschutzaufklärung

Auf dieser Seite erfahren Sie: - Was bedeutet überhaupt „Brandschutzerziehung“? - Welchen Hintergrund hat die „Brandschutzerziehung“? - An wen richtet sich die „Brandschutzerziehung/Brandschutzaufklärung“? - Wer führt die „Brandschutzerziehung/Brandschutzaufklärung“ durch?   Brandschutzerziehung – Wieso? Weshalb? Warum? Die Brandschutzerziehung befasst sich u.a. mit dem richtigen Verhalten in einem Brandfall, dem Erlernen des…

Ähnlicher Beitrag

Die Löschgruppe Hoppecke besteht zur Zeit aus 41 Mitgliedern. Daneben gibt es eine Jugendfeuerwehr mit 20 Mitgliedern. Die Löschgruppe Hoppecke ist für den Brandschutz in den Ortsteilen Hoppecke und Brilon Wald zuständig. Darüber hinaus unterstützt sie im Bedarfsfall die Löschgruppen Messinghausen und Bontkirchen.              …

Freitag, der 13. ist bundesweiter Rauchmeldertag In der Bundesrepublik Deutschland sterben pro Jahr mehr als sechshundert Menschen durch Feuer und vor allem auch Rauch. Über 5.000 Menschen werden bei Bränden verletzt, die Sachschäden betragen Millionen. Besonders gefährlich ist der bei Wohnungsbränden entstehende Rauch, weil er sich um ein Vielfaches schneller…

25. März 2011

Nach einem Großbrand am 7.7.1877, dem in der Schulstraße 20 Häuser zum Opfer fielen, veranlaßte der damalige Bürgermeister Schomberg die Gründung eines Freiwilligen Feuerwehr. Bei der Gründungsversammlung am 6. Juli 1879 meldeten sich zahlreiche Bürger aller Bevölkerungskreise als freiwillige Mitglieder. 6. Juli 1879, die Feuerwehr Brilon wurde gegründet. In der…

Hintergründe zur Farbgebung und Alarmeinrich- tungen des Schweren Löschgruppenfahrzeuges (SLG, später LF 15) Im Dritten Reich ergaben sich nach der Machtübernahme im Januar 1933 auch für die Feuerwehren Neuerung und Umstellungen. Durch das preußische Gesetz über das Feuerlöschwesen vom 15. Dezember 1933 wurden die Berufsfeuerwehren, die freiwilligen Feuerwehren und die…
