{"id":1803,"date":"2009-11-20T22:22:55","date_gmt":"2009-11-20T20:22:55","guid":{"rendered":"http:\/\/www.feuerwehr-brilon.de\/?page_id=1803"},"modified":"2010-01-31T18:06:41","modified_gmt":"2010-01-31T16:06:41","slug":"brand-1852","status":"publish","type":"page","link":"https:\/\/www.feuerwehr-brilon.de\/?page_id=1803","title":{"rendered":"Brand 1852"},"content":{"rendered":"<p><!-- \t\t@page { margin: 2cm } \t\tH6 { margin-bottom: 0.11cm; page-break-after: auto } \t\tH6.western { font-family: \"Times New Roman\", serif; font-size: 11pt } \t\tH6.cjk { font-family: \"Lucida Sans Unicode\"; font-size: 11pt } \t\tH6.ctl { font-family: \"Arial\"; font-size: 11pt } \t\tP { margin-bottom: 0.21cm } --><\/p>\n<h2 style=\"margin-top: 0cm; margin-bottom: 0cm; line-height: 0.56cm;\">Brilon, 22.Juli<\/h2>\n<p style=\"margin-bottom: 0cm; line-height: 0.6cm;\" align=\"justify\">Gestern gegen 1 Uhr Nachts brach in der Kapellenstra\u00dfe in der Wohnung des Desonomen Geck Feuer aus und breitete sich so rasend schnell, da\u00df die Bewohner kaum Zeit fanden das nackte Leben zu retten, ja viele erst aus tiefem Schlafe geweckt werden mu\u00dften, als es in ihrem Hause schon gez\u00fcndet hatte. Da die ganze Stra\u00dfe fast nur aus Strohd\u00e4chern bestand, so lagen auch um \u00bd 4 Uhr schon 19 H\u00e4user in Asche und viele Familien sind dadurch obdachlos geworden. Gerettet konnte bei dem rasend schnellen Umsichgreifen nur Weniges werden (sogar verkohltes Vieh fand man unter dem Schutt). Kollecten werden demn\u00e4chst auch hier wieder das N\u00f6thige herbeischaffen m\u00fcssen. Rathsam und im Interesse zweckm\u00e4\u00dfiger Vertheilung w\u00e4re es, wenn die B\u00fcrger hiesiger Stadt die f\u00fcr die Armen bestimmten Gaben nicht vereinzelten, sondern den Kollectanten ablieferten. Das der Verlust von Menschenleben Gottlob nicht zu beklagen ist, Angesichts dieser Gluth und bei der \u00dcberraschung inmitten der Nacht, ein wahres Wunder. Das gr\u00f6\u00dferes Ungl\u00fcck von uns abgewendet, verdanken wir, n\u00e4chst  Gott dem S\u00fcdwestwinde, der das Feuer abw\u00e4rts trieb, verdanken wir vor Allem dem Eifer der Beh\u00f6rden, Beamten, Geistlichen und B\u00fcrger, ja sogar Damen, die oft auf gef\u00e4hrlichen Posten in angestr\u00e4ngtester Th\u00e4tigkeit wetteiferten und deren umsichtiger Bem\u00fchung es gelang,<\/p>\n<p style=\"margin-bottom: 0cm; line-height: 0.6cm;\" align=\"justify\">Schieferd\u00e4cher und darunter namentlich die sogenannte alte Schule vor Feuer zu wahren.<\/p>\n<p style=\"margin-bottom: 0cm; line-height: 0.6cm;\" align=\"justify\">\n<p style=\"margin-bottom: 0cm; line-height: 0.6cm;\" align=\"justify\">W\u00e4re die letztere, eine Art Vorwerk gegen den westlichen Theil der Stadt, im Brand gerathen, wer wei\u00df, wie viele noch auf den Tr\u00fcmmern ihrer Habe weinen m\u00fc\u00dften.  Sie hat zwar heute Morgen wieder Feuer gefangen, es wurde aber rasch ged\u00e4mpft. Wie helllodernd die Flamme war, daf\u00fcr m\u00f6ge der Umstand statt alles Andern angef\u00fchrt werden, da\u00df sogar von B\u00fcren eine von unserem Landsmann, Herrn Seminardirector K\u00f6chling, hierhin beordert, Zahl Seminaristen gegen 7 Uhr Morgens hier eintraf. War auch da ihre H\u00fclfe schon nicht mehr n\u00f6thig, so k\u00fcrzt ihnen dies doch Nichts an dem Danke, den wir ihnen schulden. Eben solch r\u00fchmlichen Eifer bewiesen unsere Nachbard\u00f6rfer, unter denen die Spr\u00fczen von Altenb\u00fcren, Th\u00fclen und W\u00fclfte mit unter den ersten auf dem Platze waren. Die ersten und die letzten auf dem Platze in jeder Beziehung waren aber die hiesigen Gymnasiasten und wir glauben, der alte Wunsch, ihnen Seitens der Stadt eine eigene Spr\u00fcze zuzuweisen, ist hinl\u00e4nglich gerechtfertigt. Solch junge Turner sind jetzt bei solchen Gelegenheiten die treuesten Helfer.<\/p>\n<p style=\"margin-bottom: 0cm; line-height: 0.6cm;\" align=\"justify\">Am Grabe stellt man gern Betrachtungen an und so feien uns auf den noch rauchenden Tr\u00fcmmern einige beherzenswerthe Worte gestattet.<\/p>\n<p style=\"margin-bottom: 0cm; line-height: 0.6cm;\" align=\"justify\">Ein wunder Fleck unserer Stadt ist ausgebrannt, leider aber drohen die Massen von Strohkissen fr\u00fcher oder sp\u00e4ter eine \u00e4hnliche Gefahr.<\/p>\n","protected":false},"excerpt":{"rendered":"<p>Brilon, 22.Juli Gestern gegen 1 Uhr Nachts brach in der Kapellenstra\u00dfe in der Wohnung des Desonomen Geck Feuer aus und breitete sich so rasend schnell, da\u00df die Bewohner kaum Zeit fanden das nackte Leben zu retten, ja viele erst aus tiefem Schlafe geweckt werden mu\u00dften, als es in ihrem Hause schon gez\u00fcndet hatte. Da die [&hellip;]<\/p>\n","protected":false},"author":6,"featured_media":0,"parent":2119,"menu_order":3,"comment_status":"closed","ping_status":"closed","template":"","meta":{"_exactmetrics_skip_tracking":false,"_exactmetrics_sitenote_active":false,"_exactmetrics_sitenote_note":"","_exactmetrics_sitenote_category":0,"jetpack_post_was_ever_published":false,"footnotes":""},"class_list":["post-1803","page","type-page","status-publish","hentry"],"jetpack_shortlink":"https:\/\/wp.me\/PCIJa-t5","jetpack_sharing_enabled":true,"jetpack-related-posts":[{"id":10735,"url":"https:\/\/www.feuerwehr-brilon.de\/?page_id=10735","url_meta":{"origin":1803,"position":0},"title":"Bekanntmachungen am Dienstabend","author":"Andreas Becker","date":"22. Juli 2014","format":false,"excerpt":"Bekanntmachungen vom 15.12.2017: - Neue Gesichter in unseren Reihen \u00a0\u00a0\u00a0\u00a0 > Phillip Strohmenger ist von Hoppecke nach Brilon gezogen und geh\u00f6rt zur Schleife 205 \u00a0\u00a0\u00a0\u00a0 > Ab Anfang Februar wird Gokulnath Subramanian bei uns reinschnuppern - Beteiligung gesamt darstellen \u00a0\u00a0\u00a0\u00a0 Beteiligung \/ \u00dcbungsabend darstellen und aush\u00e4ngen - Fahrzeugpflege f\u00fcr 2018\u2026","rel":"","context":"\u00c4hnlicher Beitrag","block_context":{"text":"\u00c4hnlicher Beitrag","link":""},"img":{"alt_text":"","src":"","width":0,"height":0},"classes":[]},{"id":15,"url":"https:\/\/www.feuerwehr-brilon.de\/?page_id=15","url_meta":{"origin":1803,"position":1},"title":"Alarmierung","author":"Andreas Becker","date":"28. Mai 2008","format":false,"excerpt":"F\u00fcr die Alarmierung der Freiwilligen Feuerwehr Brilon ist die Kreisleitstelle in Meschede zust\u00e4ndig. Die Leitstelle befindet sich im Zentrum f\u00fcr Feuerschutz und Rettungswesen. Hier l\u00e4uft im Rahmen der \"nicht-polizeilichen Gefahrenabwehr\" der Notruf 112 aus den 12 St\u00e4dten und Gemeinden des Hochsauerlandkreises auf. \u00a0 \u00a0 Sowohl die Funkkommunikation als auch die\u2026","rel":"","context":"In &quot;Allgemein&quot;","block_context":{"text":"Allgemein","link":"https:\/\/www.feuerwehr-brilon.de\/?cat=1"},"img":{"alt_text":"Pressestelle Hochsauerlandkreis","src":"https:\/\/i0.wp.com\/www.feuerwehr-brilon.de\/wp-up\/2018\/12\/Disponent-ZFR-Leitstelle-1-150x100.jpg?resize=350%2C200&ssl=1","width":350,"height":200},"classes":[]},{"id":543,"url":"https:\/\/www.feuerwehr-brilon.de\/?page_id=543","url_meta":{"origin":1803,"position":2},"title":"Beschaffung von Ersatzteilen","author":"Marc Heines","date":"16. Dezember 2008","format":false,"excerpt":"Da \u00fcber die Jahre viele der originalen Ausr\u00fcstungsteile abhanden gekommen sind, mussten \u00fcber verschiedene Wege neue alte Teile beschafft werden. Daneben wurden Museen und private Sammlungen sowie Fahrzeuge anderer Feuerwehren besichtigt. Im Bergischen Land konnte ein Notek Nachtmarschger\u00e4t besorgt werden. Es besteht aus dem vorderen Tarnscheinwerfer und dem Abstandsr\u00fccklicht, welches\u2026","rel":"","context":"In &quot;Allgemein&quot;","block_context":{"text":"Allgemein","link":"https:\/\/www.feuerwehr-brilon.de\/?cat=1"},"img":{"alt_text":"","src":"https:\/\/i0.wp.com\/www.feuerwehr-brilon.de\/wp-up\/2008\/12\/notek_nachtmarschgerate.jpg?resize=350%2C200","width":350,"height":200},"classes":[]},{"id":769,"url":"https:\/\/www.feuerwehr-brilon.de\/?page_id=769","url_meta":{"origin":1803,"position":3},"title":"Geschichte","author":"Marc Heines","date":"30. M\u00e4rz 2009","format":false,"excerpt":"Gr\u00fcndungsversammlung am 29.06.1909 Am Dienstag, dem 29. Juni 1909, nachmittags 4 Uhr, war im Gasthof Brune hierselbst eine Versammlung zwecks Gr\u00fcndung einer freiwilligen Feuerwehr f\u00fcr Niederalme, Oberalme und Herrschaft Alme einberufen. Die Versammlung wurde von dem Gemeindevorsteher S\u00fcrig aus Niederalme er\u00f6ffnet und das Wort dem auf dem Gebiete des Feuerl\u00f6schwesens\u2026","rel":"","context":"In &quot;Allgemein&quot;","block_context":{"text":"Allgemein","link":"https:\/\/www.feuerwehr-brilon.de\/?cat=1"},"img":{"alt_text":"","src":"https:\/\/i0.wp.com\/www.feuerwehr-brilon.de\/wp-up\/2009\/03\/grunder-der-almer-feuerwehr.jpg?resize=350%2C200","width":350,"height":200},"classes":[]},{"id":53,"url":"https:\/\/www.feuerwehr-brilon.de\/?page_id=53","url_meta":{"origin":1803,"position":4},"title":"Wespen und Hornissen","author":"Daniel Vogel","date":"31. Mai 2008","format":false,"excerpt":"In den Sommermonaten wird bei der Feuerwehr immer wieder bei Problemen mit Wespennestern nachgefragt. An dieser Stelle erhalten Sie daher einige allgemeine Informationen f\u00fcr den Umgang mit Wespen und Hornissen. Wie leben Wespen und Hornissen? Wespenv\u00f6lker leben nur einen Sommer. Lediglich die im Herbst begatteten K\u00f6niginnen \u00fcberwintern in engen Ritzen.\u2026","rel":"","context":"In &quot;Allgemein&quot;","block_context":{"text":"Allgemein","link":"https:\/\/www.feuerwehr-brilon.de\/?cat=1"},"img":{"alt_text":"","src":"","width":0,"height":0},"classes":[]},{"id":14422,"url":"https:\/\/www.feuerwehr-brilon.de\/?page_id=14422","url_meta":{"origin":1803,"position":5},"title":"Brandschutzerziehung &#8211; Brandschutzaufkl\u00e4rung","author":"Andreas Becker","date":"21. Februar 2017","format":false,"excerpt":"Auf dieser Seite erfahren Sie: - Was bedeutet \u00fcberhaupt \u201eBrandschutzerziehung\u201c? - Welchen Hintergrund hat die \u201eBrandschutzerziehung\u201c? - An wen richtet sich die \u201eBrandschutzerziehung\/Brandschutzaufkl\u00e4rung\u201c? - Wer f\u00fchrt die \u201eBrandschutzerziehung\/Brandschutzaufkl\u00e4rung\u201c durch? \u00a0 Brandschutzerziehung \u2013 Wieso? Weshalb? Warum? Die Brandschutzerziehung befasst sich u.a. mit dem richtigen Verhalten in einem Brandfall, dem Erlernen des\u2026","rel":"","context":"\u00c4hnlicher Beitrag","block_context":{"text":"\u00c4hnlicher Beitrag","link":""},"img":{"alt_text":"","src":"https:\/\/i0.wp.com\/www.feuerwehr-brilon.de\/wp-up\/2017\/02\/Fuchs_Streichholz-130x150.png?resize=350%2C200","width":350,"height":200},"classes":[]}],"_links":{"self":[{"href":"https:\/\/www.feuerwehr-brilon.de\/index.php?rest_route=\/wp\/v2\/pages\/1803","targetHints":{"allow":["GET"]}}],"collection":[{"href":"https:\/\/www.feuerwehr-brilon.de\/index.php?rest_route=\/wp\/v2\/pages"}],"about":[{"href":"https:\/\/www.feuerwehr-brilon.de\/index.php?rest_route=\/wp\/v2\/types\/page"}],"author":[{"embeddable":true,"href":"https:\/\/www.feuerwehr-brilon.de\/index.php?rest_route=\/wp\/v2\/users\/6"}],"replies":[{"embeddable":true,"href":"https:\/\/www.feuerwehr-brilon.de\/index.php?rest_route=%2Fwp%2Fv2%2Fcomments&post=1803"}],"version-history":[{"count":0,"href":"https:\/\/www.feuerwehr-brilon.de\/index.php?rest_route=\/wp\/v2\/pages\/1803\/revisions"}],"up":[{"embeddable":true,"href":"https:\/\/www.feuerwehr-brilon.de\/index.php?rest_route=\/wp\/v2\/pages\/2119"}],"wp:attachment":[{"href":"https:\/\/www.feuerwehr-brilon.de\/index.php?rest_route=%2Fwp%2Fv2%2Fmedia&parent=1803"}],"curies":[{"name":"wp","href":"https:\/\/api.w.org\/{rel}","templated":true}]}}

<p><!-- 		@page { margin: 2cm } 		H6 { margin-bottom: 0.11cm; page-break-after: auto } 		H6.western { font-family: "Times New Roman", serif; font-size: 11pt } 		H6.cjk { font-family: "Lucida Sans Unicode"; font-size: 11pt } 		H6.ctl { font-family: "Arial"; font-size: 11pt } 		P { margin-bottom: 0.21cm } --></p>
<h2 style="margin-top: 0cm; margin-bottom: 0cm; line-height: 0.56cm;">Brilon, 22.Juli</h2>
<p style="margin-bottom: 0cm; line-height: 0.6cm;" align="justify">Gestern gegen 1 Uhr Nachts brach in der Kapellenstraße in der Wohnung des Desonomen Geck Feuer aus und breitete sich so rasend schnell, daß die Bewohner kaum Zeit fanden das nackte Leben zu retten, ja viele erst aus tiefem Schlafe geweckt werden mußten, als es in ihrem Hause schon gezündet hatte. Da die ganze Straße fast nur aus Strohdächern bestand, so lagen auch um ½ 4 Uhr schon 19 Häuser in Asche und viele Familien sind dadurch obdachlos geworden. Gerettet konnte bei dem rasend schnellen Umsichgreifen nur Weniges werden (sogar verkohltes Vieh fand man unter dem Schutt). Kollecten werden demnächst auch hier wieder das Nöthige herbeischaffen müssen. Rathsam und im Interesse zweckmäßiger Vertheilung wäre es, wenn die Bürger hiesiger Stadt die für die Armen bestimmten Gaben nicht vereinzelten, sondern den Kollectanten ablieferten. Das der Verlust von Menschenleben Gottlob nicht zu beklagen ist, Angesichts dieser Gluth und bei der Überraschung inmitten der Nacht, ein wahres Wunder. Das größeres Unglück von uns abgewendet, verdanken wir, nächst  Gott dem Südwestwinde, der das Feuer abwärts trieb, verdanken wir vor Allem dem Eifer der Behörden, Beamten, Geistlichen und Bürger, ja sogar Damen, die oft auf gefährlichen Posten in angesträngtester Thätigkeit wetteiferten und deren umsichtiger Bemühung es gelang,</p>
<p style="margin-bottom: 0cm; line-height: 0.6cm;" align="justify">Schieferdächer und darunter namentlich die sogenannte alte Schule vor Feuer zu wahren.</p>
<p style="margin-bottom: 0cm; line-height: 0.6cm;" align="justify">
<p style="margin-bottom: 0cm; line-height: 0.6cm;" align="justify">Wäre die letztere, eine Art Vorwerk gegen den westlichen Theil der Stadt, im Brand gerathen, wer weiß, wie viele noch auf den Trümmern ihrer Habe weinen müßten.  Sie hat zwar heute Morgen wieder Feuer gefangen, es wurde aber rasch gedämpft. Wie helllodernd die Flamme war, dafür möge der Umstand statt alles Andern angeführt werden, daß sogar von Büren eine von unserem Landsmann, Herrn Seminardirector Köchling, hierhin beordert, Zahl Seminaristen gegen 7 Uhr Morgens hier eintraf. War auch da ihre Hülfe schon nicht mehr nöthig, so kürzt ihnen dies doch Nichts an dem Danke, den wir ihnen schulden. Eben solch rühmlichen Eifer bewiesen unsere Nachbardörfer, unter denen die Sprüzen von Altenbüren, Thülen und Wülfte mit unter den ersten auf dem Platze waren. Die ersten und die letzten auf dem Platze in jeder Beziehung waren aber die hiesigen Gymnasiasten und wir glauben, der alte Wunsch, ihnen Seitens der Stadt eine eigene Sprüze zuzuweisen, ist hinlänglich gerechtfertigt. Solch junge Turner sind jetzt bei solchen Gelegenheiten die treuesten Helfer.</p>
<p style="margin-bottom: 0cm; line-height: 0.6cm;" align="justify">Am Grabe stellt man gern Betrachtungen an und so feien uns auf den noch rauchenden Trümmern einige beherzenswerthe Worte gestattet.</p>
<p style="margin-bottom: 0cm; line-height: 0.6cm;" align="justify">Ein wunder Fleck unserer Stadt ist ausgebrannt, leider aber drohen die Massen von Strohkissen früher oder später eine ähnliche Gefahr.</p>

<p>Brilon, 22.Juli Gestern gegen 1 Uhr Nachts brach in der Kapellenstraße in der Wohnung des Desonomen Geck Feuer aus und breitete sich so rasend schnell, daß die Bewohner kaum Zeit fanden das nackte Leben zu retten, ja viele erst aus tiefem Schlafe geweckt werden mußten, als es in ihrem Hause schon gezündet hatte. Da die [&hellip;]</p>

Bekanntmachungen vom 15.12.2017: - Neue Gesichter in unseren Reihen      > Phillip Strohmenger ist von Hoppecke nach Brilon gezogen und gehört zur Schleife 205      > Ab Anfang Februar wird Gokulnath Subramanian bei uns reinschnuppern - Beteiligung gesamt darstellen      Beteiligung / Übungsabend darstellen und aushängen - Fahrzeugpflege für 2018…

Ähnlicher Beitrag

Für die Alarmierung der Freiwilligen Feuerwehr Brilon ist die Kreisleitstelle in Meschede zuständig. Die Leitstelle befindet sich im Zentrum für Feuerschutz und Rettungswesen. Hier läuft im Rahmen der "nicht-polizeilichen Gefahrenabwehr" der Notruf 112 aus den 12 Städten und Gemeinden des Hochsauerlandkreises auf.     Sowohl die Funkkommunikation als auch die…

Da über die Jahre viele der originalen Ausrüstungsteile abhanden gekommen sind, mussten über verschiedene Wege neue alte Teile beschafft werden. Daneben wurden Museen und private Sammlungen sowie Fahrzeuge anderer Feuerwehren besichtigt. Im Bergischen Land konnte ein Notek Nachtmarschgerät besorgt werden. Es besteht aus dem vorderen Tarnscheinwerfer und dem Abstandsrücklicht, welches…

30. März 2009

Gründungsversammlung am 29.06.1909 Am Dienstag, dem 29. Juni 1909, nachmittags 4 Uhr, war im Gasthof Brune hierselbst eine Versammlung zwecks Gründung einer freiwilligen Feuerwehr für Niederalme, Oberalme und Herrschaft Alme einberufen. Die Versammlung wurde von dem Gemeindevorsteher Sürig aus Niederalme eröffnet und das Wort dem auf dem Gebiete des Feuerlöschwesens…

In den Sommermonaten wird bei der Feuerwehr immer wieder bei Problemen mit Wespennestern nachgefragt. An dieser Stelle erhalten Sie daher einige allgemeine Informationen für den Umgang mit Wespen und Hornissen. Wie leben Wespen und Hornissen? Wespenvölker leben nur einen Sommer. Lediglich die im Herbst begatteten Königinnen überwintern in engen Ritzen.…

Brandschutzerziehung &#8211; Brandschutzaufklärung

Auf dieser Seite erfahren Sie: - Was bedeutet überhaupt „Brandschutzerziehung“? - Welchen Hintergrund hat die „Brandschutzerziehung“? - An wen richtet sich die „Brandschutzerziehung/Brandschutzaufklärung“? - Wer führt die „Brandschutzerziehung/Brandschutzaufklärung“ durch?   Brandschutzerziehung – Wieso? Weshalb? Warum? Die Brandschutzerziehung befasst sich u.a. mit dem richtigen Verhalten in einem Brandfall, dem Erlernen des…
