{"id":23,"date":"2008-05-28T17:18:35","date_gmt":"2008-05-28T16:18:35","guid":{"rendered":"http:\/\/wptest.k-srv.de\/?page_id=23"},"modified":"2024-04-16T09:09:23","modified_gmt":"2024-04-16T07:09:23","slug":"altenburen","status":"publish","type":"page","link":"https:\/\/www.feuerwehr-brilon.de\/?page_id=23","title":{"rendered":"Altenb\u00fcren"},"content":{"rendered":"<p><span style=\"color: #000000\">Die L\u00f6schgruppe Altenb\u00fcren besteht zur Zeit aus 27 Mitgliedern. Sie ist f\u00fcr den Brandschutz in den Ortsteilen Altenb\u00fcren (1.418 Einwohner) und Esshoff (78 Einwohner) zust\u00e4ndig.<\/span><\/p>\n<p><a rel=\"lytebox\" href=\"http:\/\/www.feuerwehr-brilon.de\/images\/gruppenbild\/gr_altenbueren.jpg\"><img loading=\"lazy\" decoding=\"async\" src=\"http:\/\/www.feuerwehr-brilon.de\/images\/gruppenbild\/gr_altenbueren.jpg\" class=\"alignnone size-medium wp-image-776\" width=\"500\" height=\"334\" title=\"L\u00f6schgruppe Altenb\u00fcren\" alt=\"\"><\/a><\/p>\n<div>Feuerwehrger\u00e4tehaus Altenb\u00fcren<\/div>\n<p><img decoding=\"async\" src=\".\/images\/einheiten\/gh_altenbueren.jpg\" usemap=\"#fahrzeug\" border=\"0\" alt=\"Altenb\u00fcren\"><\/p>\n<map name=\"fahrzeug\">\n<area title=\"Fahrzeug\" shape=\"rect\" coords=\"113,125,257,243\" href=\"http:\/\/www.feuerwehr-brilon.de\/?page_id=816\" alt=\"Fahrzeug\"><\/map>\n<p><span style=\"color: #000000\">L\u00f6schgruppenf\u00fchrer: Manuel H\u00fcmmecke<br \/>\n<\/span><span style=\"color: #000000\">stellv. L\u00f6schgruppenf\u00fchrer: Michael Vo\u00df<\/span><br \/>\n<\/span><span style=\"color: #000000\">stellv. L\u00f6schgruppenf\u00fchrer: J\u00f6rg M\u00fcller<\/span><\/p>\n","protected":false},"excerpt":{"rendered":"<p>Die L\u00f6schgruppe Altenb\u00fcren besteht zur Zeit aus 27 Mitgliedern. Sie ist f\u00fcr den Brandschutz in den Ortsteilen Altenb\u00fcren (1.418 Einwohner) und Esshoff (78 Einwohner) zust\u00e4ndig. Feuerwehrger\u00e4tehaus Altenb\u00fcren L\u00f6schgruppenf\u00fchrer: Manuel H\u00fcmmecke stellv. L\u00f6schgruppenf\u00fchrer: Michael Vo\u00df stellv. L\u00f6schgruppenf\u00fchrer: J\u00f6rg M\u00fcller<\/p>\n","protected":false},"author":3,"featured_media":0,"parent":5,"menu_order":2,"comment_status":"closed","ping_status":"closed","template":"","meta":{"_exactmetrics_skip_tracking":false,"_exactmetrics_sitenote_active":false,"_exactmetrics_sitenote_note":"","_exactmetrics_sitenote_category":0,"jetpack_post_was_ever_published":false,"footnotes":""},"class_list":["post-23","page","type-page","status-publish","hentry"],"jetpack_shortlink":"https:\/\/wp.me\/PCIJa-n","jetpack_sharing_enabled":true,"jetpack-related-posts":[{"id":22,"url":"https:\/\/www.feuerwehr-brilon.de\/?page_id=22","url_meta":{"origin":23,"position":0},"title":"Rixen","author":"Daniel Vogel","date":"28. Mai 2008","format":false,"excerpt":"Die L\u00f6schgruppe Rixen besteht zur Zeit aus 12 Mitgliedern. Die L\u00f6schgruppe Rixen ist f\u00fcr den Brandschutz im Ortsteil Rixen (144 Einwohner) zust\u00e4ndig. Feuerwehrger\u00e4tehaus Rixen L\u00f6schgruppenf\u00fchrer:\u00a0Willi M\u00fcller Stellv. L\u00f6schgruppenf\u00fchrer: Gerhard Gerke","rel":"","context":"In &quot;Allgemein&quot;","block_context":{"text":"Allgemein","link":"https:\/\/www.feuerwehr-brilon.de\/?cat=1"},"img":{"alt_text":"","src":"","width":0,"height":0},"classes":[]},{"id":27,"url":"https:\/\/www.feuerwehr-brilon.de\/?page_id=27","url_meta":{"origin":23,"position":1},"title":"Alme","author":"Daniel Vogel","date":"28. Mai 2008","format":false,"excerpt":"Die L\u00f6schgruppe Alme besteht zur Zeit aus 27 Mitgliedern. Sie ist f\u00fcr den Brandschutz im Ortsteil Alme ( 1.831 Einwohner) zust\u00e4ndig. Feuerwehrger\u00e4tehaus Alme L\u00f6schgruppenf\u00fchrer: Patrik Sewtz stellv. L\u00f6schgruppenf\u00fchrer: Ansgar Rettler Historisches der L\u00f6schgruppe Alme","rel":"","context":"In &quot;Allgemein&quot;","block_context":{"text":"Allgemein","link":"https:\/\/www.feuerwehr-brilon.de\/?cat=1"},"img":{"alt_text":"","src":"https:\/\/i0.wp.com\/www.feuerwehr-brilon.de\/images\/gruppenbild\/gr_alme.jpg?resize=350%2C200","width":350,"height":200,"srcset":"https:\/\/i0.wp.com\/www.feuerwehr-brilon.de\/images\/gruppenbild\/gr_alme.jpg?resize=350%2C200 1x, https:\/\/i0.wp.com\/www.feuerwehr-brilon.de\/images\/gruppenbild\/gr_alme.jpg?resize=525%2C300 1.5x"},"classes":[]},{"id":21,"url":"https:\/\/www.feuerwehr-brilon.de\/?page_id=21","url_meta":{"origin":23,"position":2},"title":"R\u00f6senbeck","author":"Daniel Vogel","date":"28. Mai 2008","format":false,"excerpt":"Die L\u00f6schgruppe R\u00f6senbeck besteht zur Zeit aus 24 Mitgliedern. Daneben gibt es eine Jugendfeuerwehr mit 12 Mitgliedern. Die L\u00f6schgruppe R\u00f6senbeck ist f\u00fcr den Brandschutz im Ortsteil R\u00f6senbeck (844 Einwohner) zust\u00e4ndig. Feuerwehrger\u00e4tehaus R\u00f6senbeck L\u00f6schgruppenf\u00fchrer: Markus Sprenger stellv. L\u00f6schgruppenf\u00fchrer:","rel":"","context":"In &quot;Allgemein&quot;","block_context":{"text":"Allgemein","link":"https:\/\/www.feuerwehr-brilon.de\/?cat=1"},"img":{"alt_text":"","src":"","width":0,"height":0},"classes":[]},{"id":26,"url":"https:\/\/www.feuerwehr-brilon.de\/?page_id=26","url_meta":{"origin":23,"position":3},"title":"W\u00fclfte","author":"Andreas Becker","date":"28. Mai 2008","format":false,"excerpt":"Die L\u00f6schgruppe W\u00fclfte besteht zur Zeit aus 13 aktiven Mitgliedern und 5 Mitgliedern in der Ehrenabteilung. Die L\u00f6schgruppe W\u00fclfte ist f\u00fcr den Brandschutz im Ortsteil W\u00fclfte (414 Einwohner) zust\u00e4ndig. Feuerwehrger\u00e4tehaus W\u00fclfte L\u00f6schgruppenf\u00fchrer: Tobias Ising stellv. L\u00f6schgruppenf\u00fchrer: Stefan Flock","rel":"","context":"In &quot;Allgemein&quot;","block_context":{"text":"Allgemein","link":"https:\/\/www.feuerwehr-brilon.de\/?cat=1"},"img":{"alt_text":"","src":"","width":0,"height":0},"classes":[]},{"id":30,"url":"https:\/\/www.feuerwehr-brilon.de\/?page_id=30","url_meta":{"origin":23,"position":4},"title":"Th\u00fclen","author":"Daniel Vogel","date":"28. Mai 2008","format":false,"excerpt":"Die L\u00f6schgruppe Th\u00fclen besteht zur Zeit aus 30 Mitgliedern. Die L\u00f6schgruppe Th\u00fclen ist f\u00fcr den Brandschutz im Ortsteil Th\u00fclen (1.112 Einwohner) zust\u00e4ndig. Die Mitglieder der L\u00f6schgruppe Th\u00fclen im Jubil\u00e4umsjahr 2012: \u00a0 \u00a0 \u00a0 \u00a0 \u00a0 \u00a0 \u00a0 \u00a0 \u00a0 \u00a0 \u00a0 \u00a0 Feuerwehrger\u00e4tehaus Th\u00fclen L\u00f6schgruppenf\u00fchrer: Patrick Schl\u00fcter Stellv. L\u00f6schgruppenf\u00fchrer: Christian\u2026","rel":"","context":"In &quot;Allgemein&quot;","block_context":{"text":"Allgemein","link":"https:\/\/www.feuerwehr-brilon.de\/?cat=1"},"img":{"alt_text":"","src":"\/images\/gruppenbild\/gr_thuelen.jpg","width":350,"height":200},"classes":[]},{"id":8,"url":"https:\/\/www.feuerwehr-brilon.de\/?page_id=8","url_meta":{"origin":23,"position":5},"title":"Messinghausen","author":"Daniel Vogel","date":"28. Mai 2008","format":false,"excerpt":"Die L\u00f6schgruppe Messinghausen besteht zur Zeit aus 27 Mitgliedern. Daneben gibt es eine Jugendfeuerwehr mit\u00a024 Mitgliedern. Die L\u00f6schgruppe Messinghausen ist f\u00fcr den Brandschutz im Ortsteil Messinghausen (865 Einwohner) zust\u00e4ndig. Die L\u00f6schgruppe Messinghausen im Jahr 2013 L\u00f6schgruppenf\u00fchrer: Hans Joachim Hillebrand stellv. L\u00f6schgruppenf\u00fchrer: Dominik Willecke","rel":"","context":"In &quot;Allgemein&quot;","block_context":{"text":"Allgemein","link":"https:\/\/www.feuerwehr-brilon.de\/?cat=1"},"img":{"alt_text":"","src":"https:\/\/i0.wp.com\/www.feuerwehr-brilon.de\/images\/gruppenbild\/gr_messinghausen.jpg?resize=350%2C200","width":350,"height":200,"srcset":"https:\/\/i0.wp.com\/www.feuerwehr-brilon.de\/images\/gruppenbild\/gr_messinghausen.jpg?resize=350%2C200 1x, https:\/\/i0.wp.com\/www.feuerwehr-brilon.de\/images\/gruppenbild\/gr_messinghausen.jpg?resize=525%2C300 1.5x"},"classes":[]}],"_links":{"self":[{"href":"https:\/\/www.feuerwehr-brilon.de\/index.php?rest_route=\/wp\/v2\/pages\/23","targetHints":{"allow":["GET"]}}],"collection":[{"href":"https:\/\/www.feuerwehr-brilon.de\/index.php?rest_route=\/wp\/v2\/pages"}],"about":[{"href":"https:\/\/www.feuerwehr-brilon.de\/index.php?rest_route=\/wp\/v2\/types\/page"}],"author":[{"embeddable":true,"href":"https:\/\/www.feuerwehr-brilon.de\/index.php?rest_route=\/wp\/v2\/users\/3"}],"replies":[{"embeddable":true,"href":"https:\/\/www.feuerwehr-brilon.de\/index.php?rest_route=%2Fwp%2Fv2%2Fcomments&post=23"}],"version-history":[{"count":3,"href":"https:\/\/www.feuerwehr-brilon.de\/index.php?rest_route=\/wp\/v2\/pages\/23\/revisions"}],"predecessor-version":[{"id":32304,"href":"https:\/\/www.feuerwehr-brilon.de\/index.php?rest_route=\/wp\/v2\/pages\/23\/revisions\/32304"}],"up":[{"embeddable":true,"href":"https:\/\/www.feuerwehr-brilon.de\/index.php?rest_route=\/wp\/v2\/pages\/5"}],"wp:attachment":[{"href":"https:\/\/www.feuerwehr-brilon.de\/index.php?rest_route=%2Fwp%2Fv2%2Fmedia&parent=23"}],"curies":[{"name":"wp","href":"https:\/\/api.w.org\/{rel}","templated":true}]}}