{"id":272,"date":"2008-08-19T14:29:58","date_gmt":"2008-08-19T12:29:58","guid":{"rendered":"http:\/\/www.feuerwehr-brilon.de\/?page_id=272"},"modified":"2025-07-25T13:20:59","modified_gmt":"2025-07-25T11:20:59","slug":"hoppecke","status":"publish","type":"page","link":"https:\/\/www.feuerwehr-brilon.de\/?page_id=272","title":{"rendered":"Hoppecke"},"content":{"rendered":"<p><span style=\"color: #000000;\">Die Jugendfeuerwehr der L\u00f6schgruppe Hoppecke hat zur Zeit 13 Mitglieder. Sie wurde im Jahre 1991 neu gegr\u00fcndet.<\/span><\/p>\n<p style=\"text-align: center;\"><a href=\"http:\/\/www.feuerwehr-brilon.de\/images\/gruppenbild\/jf_hoppecke.jpg\" rel=\"lytebox\"><img loading=\"lazy\" decoding=\"async\" class=\"alignnone size-medium wp-image-273\" title=\"Die Jugendfeuerwehr der L\u00f6schgruppe Hoppecke im Jahre 2011\" src=\"http:\/\/www.feuerwehr-brilon.de\/images\/gruppenbild\/jf_hoppecke_.jpg\" alt=\"\" width=\"500\" height=\"340\" \/><\/a><\/p>\n<p>&nbsp;<\/p>\n<p style=\"text-align: center;\">Die Jugendfeuerwehr der L\u00f6schgruppe Hoppecke im Jahre 2011<\/p>\n<p><span style=\"color: #000000;\">Jugendfeuerwehrwart: Marcel Morhenne<\/span><br \/>\n<span style=\"color: #000000;\">stellv. Jugendfeuerwehrwart: <\/span><\/p>\n<p><a href=\"http:\/\/www.feuerwehr-brilon.de\/images\/dienstplan\/dp_jf_hoppecke.pdf\">Hier geht&#8217;s zum aktuellen Dienstplan<\/a><\/p>\n<p><img loading=\"lazy\" decoding=\"async\" class=\"alignleft alignnone size-medium wp-image-260\" style=\"float: left;\" title=\"Seifenkistenrennen beim Stadtjugendfeuerwehrtag\" src=\"http:\/\/www.feuerwehr-brilon.de\/wp-up\/2008\/08\/seifenkiste_klein.jpg\" alt=\"\" width=\"175\" height=\"120\" \/><\/p>\n<p><span style=\"color: #000000;\">Unsere Seifenkiste im Einsatz, Seifenkistenrennen beim Stadtjugendfeuerwehrtag in Madfeld 1999. <\/span><\/p>\n<p><span style=\"color: #000000;\">Im Verlauf von einigen Jahren messen sich die Jugendfeuerwehren der Feuerwehr Brilon wiederkehrend bei Seifenkistenrennen.<\/span><\/p>\n","protected":false},"excerpt":{"rendered":"<p>Die Jugendfeuerwehr der L\u00f6schgruppe Hoppecke hat zur Zeit 13 Mitglieder. Sie wurde im Jahre 1991 neu gegr\u00fcndet. &nbsp; Die Jugendfeuerwehr der L\u00f6schgruppe Hoppecke im Jahre 2011 Jugendfeuerwehrwart: Marcel Morhenne stellv. Jugendfeuerwehrwart: Hier geht&#8217;s zum aktuellen Dienstplan Unsere Seifenkiste im Einsatz, Seifenkistenrennen beim Stadtjugendfeuerwehrtag in Madfeld 1999. Im Verlauf von einigen Jahren messen sich die Jugendfeuerwehren [&hellip;]<\/p>\n","protected":false},"author":3,"featured_media":0,"parent":257,"menu_order":4,"comment_status":"closed","ping_status":"closed","template":"","meta":{"_exactmetrics_skip_tracking":false,"_exactmetrics_sitenote_active":false,"_exactmetrics_sitenote_note":"","_exactmetrics_sitenote_category":0,"jetpack_post_was_ever_published":false,"footnotes":""},"class_list":["post-272","page","type-page","status-publish","hentry"],"jetpack_shortlink":"https:\/\/wp.me\/PCIJa-4o","jetpack_sharing_enabled":true,"jetpack-related-posts":[{"id":270,"url":"https:\/\/www.feuerwehr-brilon.de\/?page_id=270","url_meta":{"origin":272,"position":0},"title":"Bontkirchen","author":"Daniel Vogel","date":"19. August 2008","format":false,"excerpt":"Die Jugendfeuerwehr der L\u00f6schgruppe Bontkirchen besteht zur Zeit aus 10 Mitgliedern. Sie wurde im Jahre 2005 neu gegr\u00fcndet. Die Jugendfeuerwehr der L\u00f6schgruppe Bontkirchen im Jahre 2014 mit Betreuern Jugendfeuerwehrwart: Frank Br\u00fcne stellv. Jugendfeuerwehrwart: Bernd Offergeld","rel":"","context":"In &quot;Allgemein&quot;","block_context":{"text":"Allgemein","link":"https:\/\/www.feuerwehr-brilon.de\/?cat=1"},"img":{"alt_text":"","src":"https:\/\/i0.wp.com\/www.feuerwehr-brilon.de\/images\/gruppenbild\/jf_bontkirchen.jpg?resize=350%2C200","width":350,"height":200},"classes":[]},{"id":278,"url":"https:\/\/www.feuerwehr-brilon.de\/?page_id=278","url_meta":{"origin":272,"position":1},"title":"R\u00f6senbeck","author":"Daniel Vogel","date":"19. August 2008","format":false,"excerpt":"Die Jugendfeuerwehr der L\u00f6schgruppe R\u00f6senbeck hat zur Zeit 11 Mitglieder. Sie wurde im Jahre 1971 gegr\u00fcndet. Die Jugendfeuerwehr der L\u00f6schgruppe R\u00f6senbeck im Jahre 2011 Jugendfeuerwehrwart: Philipp Gerhold stv. Jugendfeuerwehrwart: Stefan Schmidt Hier geht\u00b4s zum aktuellen Dienstplan","rel":"","context":"In &quot;Allgemein&quot;","block_context":{"text":"Allgemein","link":"https:\/\/www.feuerwehr-brilon.de\/?cat=1"},"img":{"alt_text":"","src":"\/images\/gruppenbild\/jf_roesenbeck.jpg","width":350,"height":200},"classes":[]},{"id":1737,"url":"https:\/\/www.feuerwehr-brilon.de\/?page_id=1737","url_meta":{"origin":272,"position":2},"title":"Jugendfeuerwehrwarte","author":"Marc Heines","date":"29. Januar 2010","format":false,"excerpt":"Stadtjugendfeuerwehrwart Stadtjugendfeuerwehrwart stv. Stadtjugendfeuerwehrwart Holger Knackstedt jugendfeuerwehr(at)feuerwehr-brilon.de jugendfeuerwehr(at)feuerwehr-brilon.de Der Stadtjugendfeuerwehrwart vertritt die Jugendfeuerwehr der Stadt Brilon Er ist der Betreuer der Jugendfeuerwehr innerhalb der Stadt und der Verbindungsmann zum Leiter der Feuerwehr Er ist ferner Kontaktperson zu anderen Stellen auf Stadt-, Kreis- und Landesebene Jugendfeuerwehr Alme Jugendfeuerwehrwart stv. Jugendfeuerwehrwart Hendrik\u2026","rel":"","context":"In &quot;Allgemein&quot;","block_context":{"text":"Allgemein","link":"https:\/\/www.feuerwehr-brilon.de\/?cat=1"},"img":{"alt_text":"","src":"https:\/\/i0.wp.com\/www.feuerwehr-brilon.de\/images\/passbilder\/hkn.JPG?resize=350%2C200","width":350,"height":200},"classes":[]},{"id":266,"url":"https:\/\/www.feuerwehr-brilon.de\/?page_id=266","url_meta":{"origin":272,"position":3},"title":"Alme","author":"Daniel Vogel","date":"19. August 2008","format":false,"excerpt":"Die Jugendfeuerwehr der L\u00f6schgruppe Alme besteht zur Zeit aus 10 Mitgliedern. Sie wurde im am 10.9.2003 gegr\u00fcndet. \u00a0 Die Jugendfeuerwehr der L\u00f6schgruppe Alme 2009 mit Betreuern Jugendfeuerwehrwart: Wolfgang Henke stellv. Jugendfeuerwehrwart: Hendrik Runge Bilder","rel":"","context":"In &quot;Allgemein&quot;","block_context":{"text":"Allgemein","link":"https:\/\/www.feuerwehr-brilon.de\/?cat=1"},"img":{"alt_text":"","src":"https:\/\/i0.wp.com\/www.feuerwehr-brilon.de\/wp-up\/2009\/04\/gruppe09-500x329.jpg?resize=350%2C200","width":350,"height":200},"classes":[]},{"id":20,"url":"https:\/\/www.feuerwehr-brilon.de\/?page_id=20","url_meta":{"origin":272,"position":4},"title":"Hoppecke","author":"Daniel Vogel","date":"28. Mai 2008","format":false,"excerpt":"Die L\u00f6schgruppe Hoppecke besteht zur Zeit aus 41 Mitgliedern. Daneben gibt es eine Jugendfeuerwehr mit 20 Mitgliedern. Die L\u00f6schgruppe Hoppecke ist f\u00fcr den Brandschutz in den Ortsteilen Hoppecke und Brilon Wald zust\u00e4ndig. Dar\u00fcber hinaus unterst\u00fctzt sie im Bedarfsfall die L\u00f6schgruppen Messinghausen und Bontkirchen. \u00a0 \u00a0 \u00a0 \u00a0 \u00a0 \u00a0 \u00a0\u2026","rel":"","context":"In &quot;Allgemein&quot;","block_context":{"text":"Allgemein","link":"https:\/\/www.feuerwehr-brilon.de\/?cat=1"},"img":{"alt_text":"","src":"\/images\/gruppenbild\/gr_hoppecke.jpg","width":350,"height":200},"classes":[]},{"id":276,"url":"https:\/\/www.feuerwehr-brilon.de\/?page_id=276","url_meta":{"origin":272,"position":5},"title":"Messinghausen","author":"Andreas Becker","date":"19. August 2008","format":false,"excerpt":"\u00a0 Die Jugendfeuerwehr der L\u00f6schgruppe Messinghausen hat zur Zeit\u00a015 Mitglieder. Sie wurde am 12.4.1972 gegr\u00fcndet. Jugendfeuerwehrwart: Uwe Arens stellv. Jugendfeuerwehrwart: Benjamin Kleff Weitere Bilder","rel":"","context":"In &quot;Allgemein&quot;","block_context":{"text":"Allgemein","link":"https:\/\/www.feuerwehr-brilon.de\/?cat=1"},"img":{"alt_text":"","src":"https:\/\/i0.wp.com\/www.feuerwehr-brilon.de\/images\/gruppenbild\/jf_messinghausen.jpg?resize=350%2C200","width":350,"height":200},"classes":[]}],"_links":{"self":[{"href":"https:\/\/www.feuerwehr-brilon.de\/index.php?rest_route=\/wp\/v2\/pages\/272","targetHints":{"allow":["GET"]}}],"collection":[{"href":"https:\/\/www.feuerwehr-brilon.de\/index.php?rest_route=\/wp\/v2\/pages"}],"about":[{"href":"https:\/\/www.feuerwehr-brilon.de\/index.php?rest_route=\/wp\/v2\/types\/page"}],"author":[{"embeddable":true,"href":"https:\/\/www.feuerwehr-brilon.de\/index.php?rest_route=\/wp\/v2\/users\/3"}],"replies":[{"embeddable":true,"href":"https:\/\/www.feuerwehr-brilon.de\/index.php?rest_route=%2Fwp%2Fv2%2Fcomments&post=272"}],"version-history":[{"count":4,"href":"https:\/\/www.feuerwehr-brilon.de\/index.php?rest_route=\/wp\/v2\/pages\/272\/revisions"}],"predecessor-version":[{"id":33618,"href":"https:\/\/www.feuerwehr-brilon.de\/index.php?rest_route=\/wp\/v2\/pages\/272\/revisions\/33618"}],"up":[{"embeddable":true,"href":"https:\/\/www.feuerwehr-brilon.de\/index.php?rest_route=\/wp\/v2\/pages\/257"}],"wp:attachment":[{"href":"https:\/\/www.feuerwehr-brilon.de\/index.php?rest_route=%2Fwp%2Fv2%2Fmedia&parent=272"}],"curies":[{"name":"wp","href":"https:\/\/api.w.org\/{rel}","templated":true}]}}

<p><span style="color: #000000;">Die Jugendfeuerwehr der Löschgruppe Hoppecke hat zur Zeit 13 Mitglieder. Sie wurde im Jahre 1991 neu gegründet.</span></p>
<p style="text-align: center;"><a href="http://www.feuerwehr-brilon.de/images/gruppenbild/jf_hoppecke.jpg" rel="lytebox"><img loading="lazy" decoding="async" class="alignnone size-medium wp-image-273" title="Die Jugendfeuerwehr der Löschgruppe Hoppecke im Jahre 2011" src="http://www.feuerwehr-brilon.de/images/gruppenbild/jf_hoppecke_.jpg" alt="" width="500" height="340" /></a></p>
<p>&nbsp;</p>
<p style="text-align: center;">Die Jugendfeuerwehr der Löschgruppe Hoppecke im Jahre 2011</p>
<p><span style="color: #000000;">Jugendfeuerwehrwart: Marcel Morhenne</span><br />
<span style="color: #000000;">stellv. Jugendfeuerwehrwart: </span></p>
<p><a href="http://www.feuerwehr-brilon.de/images/dienstplan/dp_jf_hoppecke.pdf">Hier geht&#8217;s zum aktuellen Dienstplan</a></p>
<p><img loading="lazy" decoding="async" class="alignleft alignnone size-medium wp-image-260" style="float: left;" title="Seifenkistenrennen beim Stadtjugendfeuerwehrtag" src="http://www.feuerwehr-brilon.de/wp-up/2008/08/seifenkiste_klein.jpg" alt="" width="175" height="120" /></p>
<p><span style="color: #000000;">Unsere Seifenkiste im Einsatz, Seifenkistenrennen beim Stadtjugendfeuerwehrtag in Madfeld 1999. </span></p>
<p><span style="color: #000000;">Im Verlauf von einigen Jahren messen sich die Jugendfeuerwehren der Feuerwehr Brilon wiederkehrend bei Seifenkistenrennen.</span></p>

<p>Die Jugendfeuerwehr der Löschgruppe Hoppecke hat zur Zeit 13 Mitglieder. Sie wurde im Jahre 1991 neu gegründet. &nbsp; Die Jugendfeuerwehr der Löschgruppe Hoppecke im Jahre 2011 Jugendfeuerwehrwart: Marcel Morhenne stellv. Jugendfeuerwehrwart: Hier geht&#8217;s zum aktuellen Dienstplan Unsere Seifenkiste im Einsatz, Seifenkistenrennen beim Stadtjugendfeuerwehrtag in Madfeld 1999. Im Verlauf von einigen Jahren messen sich die Jugendfeuerwehren [&hellip;]</p>

Die Jugendfeuerwehr der Löschgruppe Bontkirchen besteht zur Zeit aus 10 Mitgliedern. Sie wurde im Jahre 2005 neu gegründet. Die Jugendfeuerwehr der Löschgruppe Bontkirchen im Jahre 2014 mit Betreuern Jugendfeuerwehrwart: Frank Brüne stellv. Jugendfeuerwehrwart: Bernd Offergeld

Rösenbeck

Die Jugendfeuerwehr der Löschgruppe Rösenbeck hat zur Zeit 11 Mitglieder. Sie wurde im Jahre 1971 gegründet. Die Jugendfeuerwehr der Löschgruppe Rösenbeck im Jahre 2011 Jugendfeuerwehrwart: Philipp Gerhold stv. Jugendfeuerwehrwart: Stefan Schmidt Hier geht´s zum aktuellen Dienstplan

Die Jugendfeuerwehr der Löschgruppe Alme besteht zur Zeit aus 10 Mitgliedern. Sie wurde im am 10.9.2003 gegründet.   Die Jugendfeuerwehr der Löschgruppe Alme 2009 mit Betreuern Jugendfeuerwehrwart: Wolfgang Henke stellv. Jugendfeuerwehrwart: Hendrik Runge Bilder

Die Löschgruppe Hoppecke besteht zur Zeit aus 41 Mitgliedern. Daneben gibt es eine Jugendfeuerwehr mit 20 Mitgliedern. Die Löschgruppe Hoppecke ist für den Brandschutz in den Ortsteilen Hoppecke und Brilon Wald zuständig. Darüber hinaus unterstützt sie im Bedarfsfall die Löschgruppen Messinghausen und Bontkirchen.              …

Die Jugendfeuerwehr der Löschgruppe Messinghausen hat zur Zeit 15 Mitglieder. Sie wurde am 12.4.1972 gegründet. Jugendfeuerwehrwart: Uwe Arens stellv. Jugendfeuerwehrwart: Benjamin Kleff Weitere Bilder
