{"id":280,"date":"2008-08-19T15:01:57","date_gmt":"2008-08-19T13:01:57","guid":{"rendered":"http:\/\/www.feuerwehr-brilon.de\/?page_id=280"},"modified":"2024-02-07T21:48:41","modified_gmt":"2024-02-07T20:48:41","slug":"brilon","status":"publish","type":"page","link":"https:\/\/www.feuerwehr-brilon.de\/?page_id=280","title":{"rendered":"Brilon"},"content":{"rendered":"<p style=\"text-align: left\"><span style=\"color: #000000\">Die Jugendfeuerwehr Brilon im Januar 2024, sie hat derzeit 22 Mitglieder. Sie wurde 1969 gegr\u00fcndet.<\/span><\/p>\n<p style=\"text-align: left\"><a rel=\"lightbox\" href=\"http:\/\/www.feuerwehr-brilon.de\/images\/gruppenbild\/jf_brilon_24.jpg\"><img loading=\"lazy\" decoding=\"async\" src=\"http:\/\/www.feuerwehr-brilon.de\/images\/gruppenbild\/jf_brilon_24.jpg\" class=\"alignnone size-medium wp-image-671\" width=\"800\" height=\"450\" title=\"Die Jugendfeuerwehr des L\u00f6schzuges Brilon im Jahre 2019 mit Betreuern\" alt=\"\"><\/a><\/p>\n<p style=\"text-align: center\">Die Jugendfeuerwehr des L\u00f6schzuges Brilon im Jahre 2019 mit Betreuern<\/p>\n<p><span style=\"color: #000000\">Jugendfeuerwehrwart: Holger Knackstedt<\/span><br \/>\n<span style=\"color: #000000\">stellv. Jugendfeuerwehrwart: Reinhard Becker<\/span><\/p>\n<p><a href=\"mailto:brilon_jf@feuerwehr-brilon.de\">KONTAKT PER MAIL<\/a><br \/>\n<!--\n\n\n<p style=\"text-align: left\"><a href=\"http:\/\/www.feuerwehr-brilon.de\/images\/dienstplan\/dp_jf_brilon.pdf\"><img loading=\"lazy\" decoding=\"async\" src=\"http:\/\/www.feuerwehr-brilon.de\/wp-up\/2008\/08\/dienstplan_grafik.gif\" class=\"size-medium wp-image-289\" width=\"75\" height=\"105\" style=\"vertical-align: middle\" title=\"Dienstplan Jugendfeuerwehr Brilon\" alt=\"\"><\/a> <span style=\"color: #000000\"><strong><a href=\"http:\/\/www.feuerwehr-brilon.de\/images\/dienstplan\/dp_jf_brilon.pdf\">\u00bb Zum aktuellen Dienstplan<\/a><\/strong><\/span><\/p>\n\n\n--><\/p>\n","protected":false},"excerpt":{"rendered":"<p>Die Jugendfeuerwehr Brilon im Januar 2024, sie hat derzeit 22 Mitglieder. Sie wurde 1969 gegr\u00fcndet. Die Jugendfeuerwehr des L\u00f6schzuges Brilon im Jahre 2019 mit Betreuern Jugendfeuerwehrwart: Holger Knackstedt stellv. Jugendfeuerwehrwart: Reinhard Becker KONTAKT PER MAIL<\/p>\n","protected":false},"author":3,"featured_media":0,"parent":257,"menu_order":3,"comment_status":"closed","ping_status":"closed","template":"","meta":{"_exactmetrics_skip_tracking":false,"_exactmetrics_sitenote_active":false,"_exactmetrics_sitenote_note":"","_exactmetrics_sitenote_category":0,"jetpack_post_was_ever_published":false,"footnotes":""},"class_list":["post-280","page","type-page","status-publish","hentry"],"jetpack_shortlink":"https:\/\/wp.me\/PCIJa-4w","jetpack_sharing_enabled":true,"jetpack-related-posts":[{"id":272,"url":"https:\/\/www.feuerwehr-brilon.de\/?page_id=272","url_meta":{"origin":280,"position":0},"title":"Hoppecke","author":"Daniel Vogel","date":"19. August 2008","format":false,"excerpt":"Die Jugendfeuerwehr der L\u00f6schgruppe Hoppecke hat zur Zeit 13 Mitglieder. Sie wurde im Jahre 1991 neu gegr\u00fcndet. \u00a0 Die Jugendfeuerwehr der L\u00f6schgruppe Hoppecke im Jahre 2011 Jugendfeuerwehrwart: Marcel Morhenne stellv. Jugendfeuerwehrwart: Hier geht's zum aktuellen Dienstplan Unsere Seifenkiste im Einsatz, Seifenkistenrennen beim Stadtjugendfeuerwehrtag in Madfeld 1999. Im Verlauf von einigen\u2026","rel":"","context":"In &quot;Allgemein&quot;","block_context":{"text":"Allgemein","link":"https:\/\/www.feuerwehr-brilon.de\/?cat=1"},"img":{"alt_text":"","src":"https:\/\/i0.wp.com\/www.feuerwehr-brilon.de\/images\/gruppenbild\/jf_hoppecke_.jpg?resize=350%2C200","width":350,"height":200},"classes":[]},{"id":1737,"url":"https:\/\/www.feuerwehr-brilon.de\/?page_id=1737","url_meta":{"origin":280,"position":1},"title":"Jugendfeuerwehrwarte","author":"Marc Heines","date":"29. Januar 2010","format":false,"excerpt":"Stadtjugendfeuerwehrwart Stadtjugendfeuerwehrwart stv. Stadtjugendfeuerwehrwart Holger Knackstedt jugendfeuerwehr(at)feuerwehr-brilon.de jugendfeuerwehr(at)feuerwehr-brilon.de Der Stadtjugendfeuerwehrwart vertritt die Jugendfeuerwehr der Stadt Brilon Er ist der Betreuer der Jugendfeuerwehr innerhalb der Stadt und der Verbindungsmann zum Leiter der Feuerwehr Er ist ferner Kontaktperson zu anderen Stellen auf Stadt-, Kreis- und Landesebene Jugendfeuerwehr Alme Jugendfeuerwehrwart stv. Jugendfeuerwehrwart Hendrik\u2026","rel":"","context":"In &quot;Allgemein&quot;","block_context":{"text":"Allgemein","link":"https:\/\/www.feuerwehr-brilon.de\/?cat=1"},"img":{"alt_text":"","src":"https:\/\/i0.wp.com\/www.feuerwehr-brilon.de\/images\/passbilder\/hkn.JPG?resize=350%2C200","width":350,"height":200},"classes":[]},{"id":270,"url":"https:\/\/www.feuerwehr-brilon.de\/?page_id=270","url_meta":{"origin":280,"position":2},"title":"Bontkirchen","author":"Daniel Vogel","date":"19. August 2008","format":false,"excerpt":"Die Jugendfeuerwehr der L\u00f6schgruppe Bontkirchen besteht zur Zeit aus 10 Mitgliedern. Sie wurde im Jahre 2005 neu gegr\u00fcndet. Die Jugendfeuerwehr der L\u00f6schgruppe Bontkirchen im Jahre 2014 mit Betreuern Jugendfeuerwehrwart: Frank Br\u00fcne stellv. Jugendfeuerwehrwart: Bernd Offergeld","rel":"","context":"In &quot;Allgemein&quot;","block_context":{"text":"Allgemein","link":"https:\/\/www.feuerwehr-brilon.de\/?cat=1"},"img":{"alt_text":"","src":"https:\/\/i0.wp.com\/www.feuerwehr-brilon.de\/images\/gruppenbild\/jf_bontkirchen.jpg?resize=350%2C200","width":350,"height":200},"classes":[]},{"id":278,"url":"https:\/\/www.feuerwehr-brilon.de\/?page_id=278","url_meta":{"origin":280,"position":3},"title":"R\u00f6senbeck","author":"Daniel Vogel","date":"19. August 2008","format":false,"excerpt":"Die Jugendfeuerwehr der L\u00f6schgruppe R\u00f6senbeck hat zur Zeit 11 Mitglieder. Sie wurde im Jahre 1971 gegr\u00fcndet. Die Jugendfeuerwehr der L\u00f6schgruppe R\u00f6senbeck im Jahre 2011 Jugendfeuerwehrwart: Philipp Gerhold stv. Jugendfeuerwehrwart: Stefan Schmidt Hier geht\u00b4s zum aktuellen Dienstplan","rel":"","context":"In &quot;Allgemein&quot;","block_context":{"text":"Allgemein","link":"https:\/\/www.feuerwehr-brilon.de\/?cat=1"},"img":{"alt_text":"","src":"\/images\/gruppenbild\/jf_roesenbeck.jpg","width":350,"height":200},"classes":[]},{"id":266,"url":"https:\/\/www.feuerwehr-brilon.de\/?page_id=266","url_meta":{"origin":280,"position":4},"title":"Alme","author":"Daniel Vogel","date":"19. August 2008","format":false,"excerpt":"Die Jugendfeuerwehr der L\u00f6schgruppe Alme besteht zur Zeit aus 10 Mitgliedern. Sie wurde im am 10.9.2003 gegr\u00fcndet. \u00a0 Die Jugendfeuerwehr der L\u00f6schgruppe Alme 2009 mit Betreuern Jugendfeuerwehrwart: Wolfgang Henke stellv. Jugendfeuerwehrwart: Hendrik Runge Bilder","rel":"","context":"In &quot;Allgemein&quot;","block_context":{"text":"Allgemein","link":"https:\/\/www.feuerwehr-brilon.de\/?cat=1"},"img":{"alt_text":"","src":"https:\/\/i0.wp.com\/www.feuerwehr-brilon.de\/wp-up\/2009\/04\/gruppe09-500x329.jpg?resize=350%2C200","width":350,"height":200},"classes":[]},{"id":276,"url":"https:\/\/www.feuerwehr-brilon.de\/?page_id=276","url_meta":{"origin":280,"position":5},"title":"Messinghausen","author":"Andreas Becker","date":"19. August 2008","format":false,"excerpt":"\u00a0 Die Jugendfeuerwehr der L\u00f6schgruppe Messinghausen hat zur Zeit\u00a015 Mitglieder. Sie wurde am 12.4.1972 gegr\u00fcndet. Jugendfeuerwehrwart: Uwe Arens stellv. Jugendfeuerwehrwart: Benjamin Kleff Weitere Bilder","rel":"","context":"In &quot;Allgemein&quot;","block_context":{"text":"Allgemein","link":"https:\/\/www.feuerwehr-brilon.de\/?cat=1"},"img":{"alt_text":"","src":"https:\/\/i0.wp.com\/www.feuerwehr-brilon.de\/images\/gruppenbild\/jf_messinghausen.jpg?resize=350%2C200","width":350,"height":200},"classes":[]}],"_links":{"self":[{"href":"https:\/\/www.feuerwehr-brilon.de\/index.php?rest_route=\/wp\/v2\/pages\/280","targetHints":{"allow":["GET"]}}],"collection":[{"href":"https:\/\/www.feuerwehr-brilon.de\/index.php?rest_route=\/wp\/v2\/pages"}],"about":[{"href":"https:\/\/www.feuerwehr-brilon.de\/index.php?rest_route=\/wp\/v2\/types\/page"}],"author":[{"embeddable":true,"href":"https:\/\/www.feuerwehr-brilon.de\/index.php?rest_route=\/wp\/v2\/users\/3"}],"replies":[{"embeddable":true,"href":"https:\/\/www.feuerwehr-brilon.de\/index.php?rest_route=%2Fwp%2Fv2%2Fcomments&post=280"}],"version-history":[{"count":3,"href":"https:\/\/www.feuerwehr-brilon.de\/index.php?rest_route=\/wp\/v2\/pages\/280\/revisions"}],"predecessor-version":[{"id":32072,"href":"https:\/\/www.feuerwehr-brilon.de\/index.php?rest_route=\/wp\/v2\/pages\/280\/revisions\/32072"}],"up":[{"embeddable":true,"href":"https:\/\/www.feuerwehr-brilon.de\/index.php?rest_route=\/wp\/v2\/pages\/257"}],"wp:attachment":[{"href":"https:\/\/www.feuerwehr-brilon.de\/index.php?rest_route=%2Fwp%2Fv2%2Fmedia&parent=280"}],"curies":[{"name":"wp","href":"https:\/\/api.w.org\/{rel}","templated":true}]}}

<p style="text-align: left"><span style="color: #000000">Die Jugendfeuerwehr Brilon im Januar 2024, sie hat derzeit 22 Mitglieder. Sie wurde 1969 gegründet.</span></p>
<p style="text-align: left"><a rel="lightbox" href="http://www.feuerwehr-brilon.de/images/gruppenbild/jf_brilon_24.jpg"><img loading="lazy" decoding="async" src="http://www.feuerwehr-brilon.de/images/gruppenbild/jf_brilon_24.jpg" class="alignnone size-medium wp-image-671" width="800" height="450" title="Die Jugendfeuerwehr des Löschzuges Brilon im Jahre 2019 mit Betreuern" alt=""></a></p>
<p style="text-align: center">Die Jugendfeuerwehr des Löschzuges Brilon im Jahre 2019 mit Betreuern</p>
<p><span style="color: #000000">Jugendfeuerwehrwart: Holger Knackstedt</span><br />
<span style="color: #000000">stellv. Jugendfeuerwehrwart: Reinhard Becker</span></p>
<p><a href="mailto:brilon_jf@feuerwehr-brilon.de">KONTAKT PER MAIL</a><br />
<!--


<p style="text-align: left"><a href="http://www.feuerwehr-brilon.de/images/dienstplan/dp_jf_brilon.pdf"><img loading="lazy" decoding="async" src="http://www.feuerwehr-brilon.de/wp-up/2008/08/dienstplan_grafik.gif" class="size-medium wp-image-289" width="75" height="105" style="vertical-align: middle" title="Dienstplan Jugendfeuerwehr Brilon" alt=""></a> <span style="color: #000000"><strong><a href="http://www.feuerwehr-brilon.de/images/dienstplan/dp_jf_brilon.pdf">» Zum aktuellen Dienstplan</a></strong></span></p>


--></p>

<p>Die Jugendfeuerwehr Brilon im Januar 2024, sie hat derzeit 22 Mitglieder. Sie wurde 1969 gegründet. Die Jugendfeuerwehr des Löschzuges Brilon im Jahre 2019 mit Betreuern Jugendfeuerwehrwart: Holger Knackstedt stellv. Jugendfeuerwehrwart: Reinhard Becker KONTAKT PER MAIL</p>

Die Jugendfeuerwehr der Löschgruppe Hoppecke hat zur Zeit 13 Mitglieder. Sie wurde im Jahre 1991 neu gegründet.   Die Jugendfeuerwehr der Löschgruppe Hoppecke im Jahre 2011 Jugendfeuerwehrwart: Marcel Morhenne stellv. Jugendfeuerwehrwart: Hier geht's zum aktuellen Dienstplan Unsere Seifenkiste im Einsatz, Seifenkistenrennen beim Stadtjugendfeuerwehrtag in Madfeld 1999. Im Verlauf von einigen…

Die Jugendfeuerwehr der Löschgruppe Bontkirchen besteht zur Zeit aus 10 Mitgliedern. Sie wurde im Jahre 2005 neu gegründet. Die Jugendfeuerwehr der Löschgruppe Bontkirchen im Jahre 2014 mit Betreuern Jugendfeuerwehrwart: Frank Brüne stellv. Jugendfeuerwehrwart: Bernd Offergeld

Rösenbeck

Die Jugendfeuerwehr der Löschgruppe Rösenbeck hat zur Zeit 11 Mitglieder. Sie wurde im Jahre 1971 gegründet. Die Jugendfeuerwehr der Löschgruppe Rösenbeck im Jahre 2011 Jugendfeuerwehrwart: Philipp Gerhold stv. Jugendfeuerwehrwart: Stefan Schmidt Hier geht´s zum aktuellen Dienstplan

Die Jugendfeuerwehr der Löschgruppe Alme besteht zur Zeit aus 10 Mitgliedern. Sie wurde im am 10.9.2003 gegründet.   Die Jugendfeuerwehr der Löschgruppe Alme 2009 mit Betreuern Jugendfeuerwehrwart: Wolfgang Henke stellv. Jugendfeuerwehrwart: Hendrik Runge Bilder

Die Jugendfeuerwehr der Löschgruppe Messinghausen hat zur Zeit 15 Mitglieder. Sie wurde am 12.4.1972 gegründet. Jugendfeuerwehrwart: Uwe Arens stellv. Jugendfeuerwehrwart: Benjamin Kleff Weitere Bilder
