{"id":281,"date":"2008-08-19T15:08:32","date_gmt":"2008-08-19T13:08:32","guid":{"rendered":"http:\/\/www.feuerwehr-brilon.de\/?page_id=281"},"modified":"2010-10-26T21:12:20","modified_gmt":"2010-10-26T19:12:20","slug":"jugendraum","status":"publish","type":"page","link":"https:\/\/www.feuerwehr-brilon.de\/?page_id=281","title":{"rendered":"Jugendraum"},"content":{"rendered":"<p style=\"TEXT-ALIGN: center\"><img loading=\"lazy\" decoding=\"async\" class=\"alignnone size-medium wp-image-283 aligncenter\" title=\"Jugendraum der Jugendfeuerwehr Brilon\" src=\"http:\/\/www.feuerwehr-brilon.de\/wp-up\/2008\/08\/jugendraum_2.jpg\" alt=\"\" width=\"500\" height=\"347\" \/><\/p>\n<p><br clear=\"all\"><br \/>\n<span style=\"color: #000000;\">In unserem Jugendraum im Feuerwehrhaus Brilon\u00a0findet im Winterhalbjahr die theoretische Ausbildung statt. Daneben wird er f\u00fcr die allgemeine Jugendarbeit genutzt. Neben einer \u00e4lteren Sammlung von Feuerwehrfahrzeugen sammeln wir hier unsere Urkunden und Pokale, die wir bei den verschiedensten Wettbewerben gewonnen haben.<\/span><\/p>\n<p style=\"TEXT-ALIGN: center\"><img loading=\"lazy\" decoding=\"async\" class=\"alignnone size-medium wp-image-282 aligncenter\" title=\"Jugendraum der Jugendfeuerwehr Brilon\" src=\"http:\/\/www.feuerwehr-brilon.de\/wp-up\/2008\/08\/jugendraum_1.jpg\" alt=\"\" width=\"500\" height=\"359\" \/><\/p>\n","protected":false},"excerpt":{"rendered":"<p>In unserem Jugendraum im Feuerwehrhaus Brilon\u00a0findet im Winterhalbjahr die theoretische Ausbildung statt. Daneben wird er f\u00fcr die allgemeine Jugendarbeit genutzt. Neben einer \u00e4lteren Sammlung von Feuerwehrfahrzeugen sammeln wir hier unsere Urkunden und Pokale, die wir bei den verschiedensten Wettbewerben gewonnen haben.<\/p>\n","protected":false},"author":3,"featured_media":0,"parent":280,"menu_order":0,"comment_status":"closed","ping_status":"closed","template":"","meta":{"_exactmetrics_skip_tracking":false,"_exactmetrics_sitenote_active":false,"_exactmetrics_sitenote_note":"","_exactmetrics_sitenote_category":0,"jetpack_post_was_ever_published":false,"footnotes":""},"class_list":["post-281","page","type-page","status-publish","hentry"],"jetpack_shortlink":"https:\/\/wp.me\/PCIJa-4x","jetpack_sharing_enabled":true,"jetpack-related-posts":[{"id":10735,"url":"https:\/\/www.feuerwehr-brilon.de\/?page_id=10735","url_meta":{"origin":281,"position":0},"title":"Bekanntmachungen am Dienstabend","author":"Andreas Becker","date":"22. Juli 2014","format":false,"excerpt":"Bekanntmachungen vom 15.12.2017: - Neue Gesichter in unseren Reihen \u00a0\u00a0\u00a0\u00a0 > Phillip Strohmenger ist von Hoppecke nach Brilon gezogen und geh\u00f6rt zur Schleife 205 \u00a0\u00a0\u00a0\u00a0 > Ab Anfang Februar wird Gokulnath Subramanian bei uns reinschnuppern - Beteiligung gesamt darstellen \u00a0\u00a0\u00a0\u00a0 Beteiligung \/ \u00dcbungsabend darstellen und aush\u00e4ngen - Fahrzeugpflege f\u00fcr 2018\u2026","rel":"","context":"\u00c4hnlicher Beitrag","block_context":{"text":"\u00c4hnlicher Beitrag","link":""},"img":{"alt_text":"","src":"","width":0,"height":0},"classes":[]},{"id":16028,"url":"https:\/\/www.feuerwehr-brilon.de\/?page_id=16028","url_meta":{"origin":281,"position":1},"title":"Datenschutzerkl\u00e4rung","author":"Marc Heines","date":"28. Mai 2018","format":false,"excerpt":"Datenschutz\u00aderkl\u00e4rung 1. Datenschutz auf einen Blick Allgemeine Hinweise Die folgenden Hinweise geben einen einfachen \u00dcberblick dar\u00fcber, was mit Ihren personenbezogenen Daten passiert, wenn Sie diese Website besuchen. Personenbezogene Daten sind alle Daten, mit denen Sie pers\u00f6nlich identifiziert werden k\u00f6nnen. Ausf\u00fchrliche Informationen zum Thema Datenschutz entnehmen Sie unserer unter diesem Text\u2026","rel":"","context":"\u00c4hnlicher Beitrag","block_context":{"text":"\u00c4hnlicher Beitrag","link":""},"img":{"alt_text":"","src":"","width":0,"height":0},"classes":[]},{"id":700,"url":"https:\/\/www.feuerwehr-brilon.de\/?page_id=700","url_meta":{"origin":281,"position":2},"title":"Wir \u00fcber uns","author":"Marc Heines","date":"20. November 2009","format":false,"excerpt":"Feuerwehr Brilon das bedeutet 13 Einheiten mit fast 440 aktiven Feuerwehrleuten 7 Jugendfeuerwehren mit etwa 72 Jugendlichen 1 Tambourkorps mit \u00fcber 54 Musikerinnen und Musikern aber auch einsatzbereit rund um die Uhr viele tausend Stunden an Aus- und Fortbildungen allgemeine Jugendarbeit musikalische\u00a0 Begleitung von Anl\u00e4ssen aller Art Unterst\u00fctzung der Stadt\u2026","rel":"","context":"In &quot;Allgemein&quot;","block_context":{"text":"Allgemein","link":"https:\/\/www.feuerwehr-brilon.de\/?cat=1"},"img":{"alt_text":"","src":"","width":0,"height":0},"classes":[]},{"id":1803,"url":"https:\/\/www.feuerwehr-brilon.de\/?page_id=1803","url_meta":{"origin":281,"position":3},"title":"Brand 1852","author":"Marc Heines","date":"20. November 2009","format":false,"excerpt":"Brilon, 22.Juli Gestern gegen 1 Uhr Nachts brach in der Kapellenstra\u00dfe in der Wohnung des Desonomen Geck Feuer aus und breitete sich so rasend schnell, da\u00df die Bewohner kaum Zeit fanden das nackte Leben zu retten, ja viele erst aus tiefem Schlafe geweckt werden mu\u00dften, als es in ihrem Hause\u2026","rel":"","context":"In &quot;Allgemein&quot;","block_context":{"text":"Allgemein","link":"https:\/\/www.feuerwehr-brilon.de\/?cat=1"},"img":{"alt_text":"","src":"","width":0,"height":0},"classes":[]},{"id":257,"url":"https:\/\/www.feuerwehr-brilon.de\/?page_id=257","url_meta":{"origin":281,"position":4},"title":"Jugendfeuerwehr","author":"Daniel Vogel","date":"19. August 2008","format":false,"excerpt":"Wir begr\u00fc\u00dfen Sie auf den Seiten der Jugendfeuerwehr der Freiwilligen Feuerwehr Brilon. In unserer Feuerwehr gibt es seit \u00fcber 30 Jahren in verschiedenen L\u00f6schgruppen sowie im L\u00f6schzug eine Jugendfeuerwehr. Zur Zeit bestehen sechs Jugendfeuerwehren mit insgesamt 78 Jugendfeuerwehrm\u00e4nnern und -frauen. Die einzelnen Jugendfeuerwehren stellen sich auf den folgenden Seiten vor.\u2026","rel":"","context":"In &quot;Allgemein&quot;","block_context":{"text":"Allgemein","link":"https:\/\/www.feuerwehr-brilon.de\/?cat=1"},"img":{"alt_text":"","src":"https:\/\/i0.wp.com\/www.feuerwehr-brilon.de\/wp-up\/2009\/04\/jf_alle-500x170.jpg?resize=350%2C200","width":350,"height":200},"classes":[]},{"id":34,"url":"https:\/\/www.feuerwehr-brilon.de\/?page_id=34","url_meta":{"origin":281,"position":5},"title":"Impressum","author":"Daniel Vogel","date":"28. Mai 2008","format":false,"excerpt":"Seit Anfang 2002 muss der Betreiber einer gesch\u00e4ftsm\u00e4\u00dfig gef\u00fchrten Homepage eine so genannte Anbieterkennzeichnung vorhalten. Sie muss leicht erkennbar, unmittelbar erreichbar und st\u00e4ndig verf\u00fcgbar diverse Angaben zur Person machen. Mit gesch\u00e4ftsm\u00e4\u00dfig sind dabei nicht alleine gewerbliche oder kommerzielle Angebote gemeint. Die Impressumspflicht ergibt sich aus \u00a7 6 Teledienstegesetz (TDG). Es\u2026","rel":"","context":"In &quot;Allgemein&quot;","block_context":{"text":"Allgemein","link":"https:\/\/www.feuerwehr-brilon.de\/?cat=1"},"img":{"alt_text":"","src":"","width":0,"height":0},"classes":[]}],"_links":{"self":[{"href":"https:\/\/www.feuerwehr-brilon.de\/index.php?rest_route=\/wp\/v2\/pages\/281","targetHints":{"allow":["GET"]}}],"collection":[{"href":"https:\/\/www.feuerwehr-brilon.de\/index.php?rest_route=\/wp\/v2\/pages"}],"about":[{"href":"https:\/\/www.feuerwehr-brilon.de\/index.php?rest_route=\/wp\/v2\/types\/page"}],"author":[{"embeddable":true,"href":"https:\/\/www.feuerwehr-brilon.de\/index.php?rest_route=\/wp\/v2\/users\/3"}],"replies":[{"embeddable":true,"href":"https:\/\/www.feuerwehr-brilon.de\/index.php?rest_route=%2Fwp%2Fv2%2Fcomments&post=281"}],"version-history":[{"count":0,"href":"https:\/\/www.feuerwehr-brilon.de\/index.php?rest_route=\/wp\/v2\/pages\/281\/revisions"}],"up":[{"embeddable":true,"href":"https:\/\/www.feuerwehr-brilon.de\/index.php?rest_route=\/wp\/v2\/pages\/280"}],"wp:attachment":[{"href":"https:\/\/www.feuerwehr-brilon.de\/index.php?rest_route=%2Fwp%2Fv2%2Fmedia&parent=281"}],"curies":[{"name":"wp","href":"https:\/\/api.w.org\/{rel}","templated":true}]}}

<p style="TEXT-ALIGN: center"><img loading="lazy" decoding="async" class="alignnone size-medium wp-image-283 aligncenter" title="Jugendraum der Jugendfeuerwehr Brilon" src="http://www.feuerwehr-brilon.de/wp-up/2008/08/jugendraum_2.jpg" alt="" width="500" height="347" /></p>
<p><br clear="all"><br />
<span style="color: #000000;">In unserem Jugendraum im Feuerwehrhaus Brilon findet im Winterhalbjahr die theoretische Ausbildung statt. Daneben wird er für die allgemeine Jugendarbeit genutzt. Neben einer älteren Sammlung von Feuerwehrfahrzeugen sammeln wir hier unsere Urkunden und Pokale, die wir bei den verschiedensten Wettbewerben gewonnen haben.</span></p>
<p style="TEXT-ALIGN: center"><img loading="lazy" decoding="async" class="alignnone size-medium wp-image-282 aligncenter" title="Jugendraum der Jugendfeuerwehr Brilon" src="http://www.feuerwehr-brilon.de/wp-up/2008/08/jugendraum_1.jpg" alt="" width="500" height="359" /></p>

<p>In unserem Jugendraum im Feuerwehrhaus Brilon findet im Winterhalbjahr die theoretische Ausbildung statt. Daneben wird er für die allgemeine Jugendarbeit genutzt. Neben einer älteren Sammlung von Feuerwehrfahrzeugen sammeln wir hier unsere Urkunden und Pokale, die wir bei den verschiedensten Wettbewerben gewonnen haben.</p>

Bekanntmachungen vom 15.12.2017: - Neue Gesichter in unseren Reihen      > Phillip Strohmenger ist von Hoppecke nach Brilon gezogen und gehört zur Schleife 205      > Ab Anfang Februar wird Gokulnath Subramanian bei uns reinschnuppern - Beteiligung gesamt darstellen      Beteiligung / Übungsabend darstellen und aushängen - Fahrzeugpflege für 2018…

Ähnlicher Beitrag

Datenschutzerklärung

Datenschutz­erklärung 1. Datenschutz auf einen Blick Allgemeine Hinweise Die folgenden Hinweise geben einen einfachen Überblick darüber, was mit Ihren personenbezogenen Daten passiert, wenn Sie diese Website besuchen. Personenbezogene Daten sind alle Daten, mit denen Sie persönlich identifiziert werden können. Ausführliche Informationen zum Thema Datenschutz entnehmen Sie unserer unter diesem Text…

Wir über uns

Feuerwehr Brilon das bedeutet 13 Einheiten mit fast 440 aktiven Feuerwehrleuten 7 Jugendfeuerwehren mit etwa 72 Jugendlichen 1 Tambourkorps mit über 54 Musikerinnen und Musikern aber auch einsatzbereit rund um die Uhr viele tausend Stunden an Aus- und Fortbildungen allgemeine Jugendarbeit musikalische  Begleitung von Anlässen aller Art Unterstützung der Stadt…

Brilon, 22.Juli Gestern gegen 1 Uhr Nachts brach in der Kapellenstraße in der Wohnung des Desonomen Geck Feuer aus und breitete sich so rasend schnell, daß die Bewohner kaum Zeit fanden das nackte Leben zu retten, ja viele erst aus tiefem Schlafe geweckt werden mußten, als es in ihrem Hause…

Wir begrüßen Sie auf den Seiten der Jugendfeuerwehr der Freiwilligen Feuerwehr Brilon. In unserer Feuerwehr gibt es seit über 30 Jahren in verschiedenen Löschgruppen sowie im Löschzug eine Jugendfeuerwehr. Zur Zeit bestehen sechs Jugendfeuerwehren mit insgesamt 78 Jugendfeuerwehrmännern und -frauen. Die einzelnen Jugendfeuerwehren stellen sich auf den folgenden Seiten vor.…

Seit Anfang 2002 muss der Betreiber einer geschäftsmäßig geführten Homepage eine so genannte Anbieterkennzeichnung vorhalten. Sie muss leicht erkennbar, unmittelbar erreichbar und ständig verfügbar diverse Angaben zur Person machen. Mit geschäftsmäßig sind dabei nicht alleine gewerbliche oder kommerzielle Angebote gemeint. Die Impressumspflicht ergibt sich aus § 6 Teledienstegesetz (TDG). Es…
