{"id":33474,"date":"2026-01-06T14:50:05","date_gmt":"2026-01-06T13:50:05","guid":{"rendered":"https:\/\/www.feuerwehr-brilon.de\/?page_id=33474"},"modified":"2026-01-06T14:50:05","modified_gmt":"2026-01-06T13:50:05","slug":"hilfe-leistungs-loeschgruppenfahrzeug-madfeld","status":"publish","type":"page","link":"https:\/\/www.feuerwehr-brilon.de\/?page_id=33474","title":{"rendered":"Hilfe-Leistungs-L\u00f6schgruppenfahrzeug &#8211; Madfeld"},"content":{"rendered":"<table>\n<tbody>\n<tr>\n<td width=\"440\"><a href=\"\/images\/fahrzeuge\/06HLF10-gr-01.jpg\" rel=\"lightbox\"><img decoding=\"async\" class=\"alignleft size-thumbnail wp-image-16281\" src=\"\/images\/fahrzeuge\/06HLF10-gr-01.jpg\" alt=\"LF 8\/6\" width=\"\" height=\"\"><\/a><\/td>\n<td>\n<a href=\"\/images\/fahrzeuge\/06HLF10-gr-01.jpg\" rel=\"lightbox\"><img loading=\"lazy\" decoding=\"async\" class=\"aligright size-thumbnail wp-image-16281 alignright\" src=\"\/images\/fahrzeuge\/06HLF10-kl-01.jpg\" alt=\"LF 8\/6\" width=\"132\" height=\"88\"><\/a><br \/>\n<a href=\"\/images\/fahrzeuge\/06HLF10-gr-02.jpg\" rel=\"lightbox\"><img loading=\"lazy\" decoding=\"async\" class=\"aligright size-thumbnail wp-image-16281 alignright\" src=\"\/images\/fahrzeuge\/06HLF10-kl-02.jpg\" alt=\"LF 8\/6\" width=\"132\" height=\"88\"><\/a><br \/>\n<a href=\"\/images\/fahrzeuge\/06HLF10-gr-02.jpg\" rel=\"lightbox\"><img decoding=\"async\" class=\"aligright size-thumbnail wp-image-16281 alignright\" src=\"\/images\/fahrzeuge\/06HLF10-kl-03.jpg\" alt=\"LF 8\/6\" width=\"\" height=\"\"><\/a>\n<\/td>\n<\/tr>\n<\/tbody>\n<\/table>\n<p>&nbsp;<\/p>\n<table class=\"vehicle\">\n<thead>\n<tr>\n<th colspan=\"2\">Allgemeine Informationen:<\/th>\n<\/tr>\n<\/thead>\n<tbody>\n<tr>\n<td class=\"vehicletext\">Typ<\/td>\n<td class=\"vehicledata\">HLF 10<\/td>\n<\/tr>\n<tr>\n<td class=\"vehicletext\">Besatzung<\/td>\n<td class=\"vehicledata\">1 \/ 8<\/td>\n<\/tr>\n<tr>\n<td class=\"vehicletext\">Funkrufname<\/td>\n<td class=\"vehicledata\">Florian Brilon 6 HLF10 1<\/td>\n<\/tr>\n<tr>\n<td class=\"vehicletext\">Standort<\/td>\n<td class=\"vehicledata\">Madfeld<\/td>\n<\/tr>\n<\/tbody>\n<\/table>\n<table class=\"vehicle\">\n<thead>\n<tr>\n<th colspan=\"2\">Technische Daten:<\/th>\n<\/tr>\n<\/thead>\n<tbody>\n<tr>\n<td class=\"vehicletext\">Baujahr<\/td>\n<td class=\"vehicledata\">2025<\/td>\n<\/tr>\n<tr>\n<td class=\"vehicletext\">Leistung<\/td>\n<td class=\"vehicledata\">235 KW \/ 320 PS<\/td>\n<\/tr>\n<tr>\n<td class=\"vehicletext\">Hersteller<\/td>\n<td class=\"vehicledata\">MAN<\/td>\n<\/tr>\n<tr>\n<td class=\"vehicletext\">Fahrgestell<\/td>\n<td class=\"vehicledata\">TGM 13.320 4&#215;4 BL<\/td>\n<\/tr>\n<tr>\n<td class=\"vehicletext\">Aufbau<\/td>\n<td class=\"vehicledata\">Schlingmann<\/td>\n<\/tr>\n<tr>\n<td class=\"vehicletext\">Gewicht<\/td>\n<td class=\"vehicledata\">16 t<\/td>\n<\/tr>\n<tr>\n<td class=\"vehicletext\">Wassertank<\/td>\n<td class=\"vehicledata\">2.000 l<\/td>\n<\/tr>\n<tr>\n<td class=\"vehicletext\">Pumpenleistung<\/td>\n<td class=\"vehicledata\">2000 l\/min bei 10 bar<\/td>\n<\/tr>\n<\/tbody>\n<\/table>\n<table class=\"vehicle\">\n<thead>\n<tr>\n<th colspan=\"2\">Besonderheiten:<\/th>\n<\/tr>\n<\/thead>\n<tbody>\n<tr>\n<td class=\"vehicletext\" colspan=\"2\">Allradantrieb, Stromerzeuger 5 kVA, Spreizer SP30, Rettungsschere (S 200-49), LED Umfeldbeleuchtung, Pneumatischer Lichtmast mit 4 LED-Scheinwerfern, <\/td>\n<\/tr>\n<\/tbody>\n<\/table>\n","protected":false},"excerpt":{"rendered":"<p>&nbsp; Allgemeine Informationen: Typ HLF 10 Besatzung 1 \/ 8 Funkrufname Florian Brilon 6 HLF10 1 Standort Madfeld Technische Daten: Baujahr 2025 Leistung 235 KW \/ 320 PS Hersteller MAN Fahrgestell TGM 13.320 4&#215;4 BL Aufbau Schlingmann Gewicht 16 t Wassertank 2.000 l Pumpenleistung 2000 l\/min bei 10 bar Besonderheiten: Allradantrieb, Stromerzeuger 5 kVA, Spreizer [&hellip;]<\/p>\n","protected":false},"author":8,"featured_media":0,"parent":11,"menu_order":0,"comment_status":"closed","ping_status":"closed","template":"","meta":{"_exactmetrics_skip_tracking":false,"_exactmetrics_sitenote_active":false,"_exactmetrics_sitenote_note":"","_exactmetrics_sitenote_category":0,"jetpack_post_was_ever_published":false,"footnotes":""},"class_list":["post-33474","page","type-page","status-publish","hentry"],"jetpack_shortlink":"https:\/\/wp.me\/PCIJa-8HU","jetpack_sharing_enabled":true,"jetpack-related-posts":[{"id":1335,"url":"https:\/\/www.feuerwehr-brilon.de\/?page_id=1335","url_meta":{"origin":33474,"position":0},"title":"Hilfeleistungs-L\u00f6schgruppen-Fahrzeug 10 &#8211; Madfeld","author":"Andreas Becker","date":"28. August 2009","format":false,"excerpt":"\u00a0 Allgemeine Informationen: Typ HLF 10 Besatzung 1 \/ 8 Funkrufname Florian Brilon 6 HLF10 1 Standort Madfeld Technische Daten: Baujahr 1993 Leistung 100 KW \/ 136 PS Hersteller Mercedes Benz Fahrgestell 814 D Aufbau Ziegler Gewicht 7,49 t Wassertank - Pumpenleistung 800 l\/min bei 8 bar Besonderheiten: Differentialsperre, Stromerzeuger\u2026","rel":"","context":"In &quot;Allgemein&quot;","block_context":{"text":"Allgemein","link":"https:\/\/www.feuerwehr-brilon.de\/?cat=1"},"img":{"alt_text":"LF 8\/6","src":"\/images\/fahrzeuge\/lf_madf_gross_1.JPG","width":350,"height":200,"srcset":"\/images\/fahrzeuge\/lf_madf_gross_1.JPG 1x, \/images\/fahrzeuge\/lf_madf_gross_1.JPG 1.5x, \/images\/fahrzeuge\/lf_madf_gross_1.JPG 2x"},"classes":[]},{"id":13962,"url":"https:\/\/www.feuerwehr-brilon.de\/?page_id=13962","url_meta":{"origin":33474,"position":1},"title":"L\u00f6schgruppenfahrzeug-20-Katastrophenschutz","author":"Andreas Becker","date":"27. Januar 2017","format":false,"excerpt":"\u00a0 Allgemeine Informationen: Typ LF 20 KatS Besatzung 1 \/ 8 Funkrufname Florian Brilon 1 LF20KatS 1 Standort Brilon Technische Daten: Baujahr 2016 Leistung 213 KW \/ 290 PS Hersteller MAN Fahrgestell TGM 13.290 4x4 BL Aufbau Schlingmann Gewicht 14 t Wassertank 1000 l Schaumtank 160 l Class A Pumpenleistung\u2026","rel":"","context":"\u00c4hnlicher Beitrag","block_context":{"text":"\u00c4hnlicher Beitrag","link":""},"img":{"alt_text":"LF20KatS","src":"\/images\/fahrzeuge\/lf20_gross_1.JPG","width":350,"height":200,"srcset":"\/images\/fahrzeuge\/lf20_gross_1.JPG 1x, \/images\/fahrzeuge\/lf20_gross_1.JPG 1.5x, \/images\/fahrzeuge\/lf20_gross_1.JPG 2x"},"classes":[]},{"id":1340,"url":"https:\/\/www.feuerwehr-brilon.de\/?page_id=1340","url_meta":{"origin":33474,"position":2},"title":"Tragkraft-Spritzen-Fahrzeug-Wasser &#8211; Brilon","author":"Andreas Becker","date":"28. August 2009","format":false,"excerpt":"\u00a0 Allgemeine Informationen: Typ TSF-W Besatzung 1 \/ 5 Funkrufname Florian Brilon 1 TSF-W 1 Standort Brilon - Au\u00dfenwache Technische Daten: Baujahr 1993 Leistung 77 KW \/ 105 PS Hersteller Mercedes Benz Fahrgestell 510 Aufbau Schlingmann Gewicht 5,49 t Wassertank 500 Pumpenleistung 800 l\/min bei 8 bar Besonderheiten: Differentialsperre, Tragkraftspritze\u2026","rel":"","context":"In &quot;Allgemein&quot;","block_context":{"text":"Allgemein","link":"https:\/\/www.feuerwehr-brilon.de\/?cat=1"},"img":{"alt_text":"TSF-W","src":"\/images\/fahrzeuge\/tsf_messingh_gross_1.JPG","width":350,"height":200,"srcset":"\/images\/fahrzeuge\/tsf_messingh_gross_1.JPG 1x, \/images\/fahrzeuge\/tsf_messingh_gross_1.JPG 1.5x, \/images\/fahrzeuge\/tsf_messingh_gross_1.JPG 2x"},"classes":[]},{"id":11756,"url":"https:\/\/www.feuerwehr-brilon.de\/?page_id=11756","url_meta":{"origin":33474,"position":3},"title":"Ger\u00e4teWagen-Logistik 2","author":"Andreas Becker","date":"20. April 2015","format":false,"excerpt":"\u00a0 Allgemeine Informationen: Typ GW Logistik 2 Besatzung 1 \/ 5 Funkrufname Florian Brilon 1 Gw-Logistik 2-1 Standort Brilon Technische Daten: Baujahr 2015 Leistung 213 kW\/ 290 PS Hersteller MAN Fahrgestell MAN 13.290 BL Aufbau Ziegler Gewicht 14,1 t Besonderheiten: Lichtmast 6 x Xenon, Seilwinde 50 kN, Zusatzbeladung Strom (14\u2026","rel":"","context":"\u00c4hnlicher Beitrag","block_context":{"text":"\u00c4hnlicher Beitrag","link":""},"img":{"alt_text":"Ger\u00e4tewagen-Logistik-2","src":"\/images\/fahrzeuge\/gwl_2_gross_1.JPG","width":350,"height":200,"srcset":"\/images\/fahrzeuge\/gwl_2_gross_1.JPG 1x, \/images\/fahrzeuge\/gwl_2_gross_1.JPG 1.5x, \/images\/fahrzeuge\/gwl_2_gross_1.JPG 2x"},"classes":[]},{"id":31203,"url":"https:\/\/www.feuerwehr-brilon.de\/?page_id=31203","url_meta":{"origin":33474,"position":4},"title":"Drohne","author":"Andreas Becker","date":"6. M\u00e4rz 2024","format":false,"excerpt":"Allgemeine Informationen: Typ Drohne Standort Alme Technische Daten: Baujahr 2023 Hersteller DJI Gewicht 920 gr max. Startgewicht 1050 gr max. Steiggeschwindigkeit 6 m\/s H\u00f6chstgeschwindigkeit 15 m\/s","rel":"","context":"\u00c4hnlicher Beitrag","block_context":{"text":"\u00c4hnlicher Beitrag","link":""},"img":{"alt_text":"Drohne","src":"\/images\/fahrzeuge\/Drohne_gross_1.JPG","width":350,"height":200,"srcset":"\/images\/fahrzeuge\/Drohne_gross_1.JPG 1x, \/images\/fahrzeuge\/Drohne_gross_1.JPG 1.5x, \/images\/fahrzeuge\/Drohne_gross_1.JPG 2x"},"classes":[]},{"id":1329,"url":"https:\/\/www.feuerwehr-brilon.de\/?page_id=1329","url_meta":{"origin":33474,"position":5},"title":"Tragkraft-Spritzen-Fahrzeug &#8211; Hoppecke","author":"Andreas Becker","date":"28. August 2009","format":false,"excerpt":"Allgemeine Informationen: Typ TSF Besatzung 1 \/ 5 Funkrufname Florian Brilon 5 TSF 1 Standort Hoppecke Technische Daten: Baujahr 1978 Leistung 63 KW \/ 86 PS Hersteller Mercedes Benz Fahrgestell 602\/35 Aufbau Ziegler Gewicht 3,5 t Besonderheiten: Tragkraftspritze, TS 8\/8, Differentialsperre, \u00dcberdruckl\u00fcfter","rel":"","context":"In &quot;Allgemein&quot;","block_context":{"text":"Allgemein","link":"https:\/\/www.feuerwehr-brilon.de\/?cat=1"},"img":{"alt_text":"MTF","src":"\/wp-up\/2009\/08\/TSF_Hoppecke_vl.jpg","width":350,"height":200,"srcset":"\/wp-up\/2009\/08\/TSF_Hoppecke_vl.jpg 1x, \/wp-up\/2009\/08\/TSF_Hoppecke_vl.jpg 1.5x, \/wp-up\/2009\/08\/TSF_Hoppecke_vl.jpg 2x"},"classes":[]}],"_links":{"self":[{"href":"https:\/\/www.feuerwehr-brilon.de\/index.php?rest_route=\/wp\/v2\/pages\/33474","targetHints":{"allow":["GET"]}}],"collection":[{"href":"https:\/\/www.feuerwehr-brilon.de\/index.php?rest_route=\/wp\/v2\/pages"}],"about":[{"href":"https:\/\/www.feuerwehr-brilon.de\/index.php?rest_route=\/wp\/v2\/types\/page"}],"author":[{"embeddable":true,"href":"https:\/\/www.feuerwehr-brilon.de\/index.php?rest_route=\/wp\/v2\/users\/8"}],"replies":[{"embeddable":true,"href":"https:\/\/www.feuerwehr-brilon.de\/index.php?rest_route=%2Fwp%2Fv2%2Fcomments&post=33474"}],"version-history":[{"count":2,"href":"https:\/\/www.feuerwehr-brilon.de\/index.php?rest_route=\/wp\/v2\/pages\/33474\/revisions"}],"predecessor-version":[{"id":34248,"href":"https:\/\/www.feuerwehr-brilon.de\/index.php?rest_route=\/wp\/v2\/pages\/33474\/revisions\/34248"}],"up":[{"embeddable":true,"href":"https:\/\/www.feuerwehr-brilon.de\/index.php?rest_route=\/wp\/v2\/pages\/11"}],"wp:attachment":[{"href":"https:\/\/www.feuerwehr-brilon.de\/index.php?rest_route=%2Fwp%2Fv2%2Fmedia&parent=33474"}],"curies":[{"name":"wp","href":"https:\/\/api.w.org\/{rel}","templated":true}]}}