{"id":37,"date":"2008-05-28T23:59:40","date_gmt":"2008-05-28T21:59:40","guid":{"rendered":"http:\/\/wptest.k-srv.de\/?page_id=37"},"modified":"2010-03-07T12:42:14","modified_gmt":"2010-03-07T10:42:14","slug":"feuerloscher","status":"publish","type":"page","link":"https:\/\/www.feuerwehr-brilon.de\/?page_id=37","title":{"rendered":"Feuerl\u00f6scher"},"content":{"rendered":"<p><strong><span style=\"color: #000000;\">Bei der Inbetriebnahme von Feuerl\u00f6schern ist folgendes zu beachten<\/span><\/strong><\/p>\n<ol>\n<li><span style=\"color: #000000;\">Eignung des L\u00f6schers aufgrund der Brandklassenbeschriftung \u00fcberpr\u00fcfen.<\/span><\/li>\n<li><span style=\"color: #000000;\">L\u00f6scher erst in N\u00e4he des Brandherdes in Betrieb setzen.<\/span><\/li>\n<li><span style=\"color: #000000;\">L\u00f6scher am Tragegriff festhalten und am Boden stehend schr\u00e4g nach vorne kippen.<\/span><\/li>\n<li><span style=\"color: #000000;\">Sicherungstift bzw. Sicherungssteg herausziehen.<\/span><\/li>\n<li><span style=\"color: #000000;\">Bei L\u00f6schern mit chemischer Druckerzeugung und Aufladel\u00f6schern ggfs. Schlagkopf bet\u00e4tigen bzw. das Handrad des Treibgasbeh\u00e4lters \u00f6ffnen.<\/span><\/li>\n<li><span style=\"color: #000000;\">L\u00f6scher anheben und Schlauch bzw. Spitzd\u00fcse in die noch freie Hand nehmen.<\/span><\/li>\n<li><span style=\"color: #000000;\">An den Brandherd vorgehen und durch Bedienen des Bet\u00e4tigungshebels L\u00f6schmittel aussto\u00dfen.<\/span><\/li>\n<\/ol>\n<p><span style=\"color: #000000;\">Soweit m\u00f6glich sollten mehrere L\u00f6scher gleichzeitig und nicht nacheinander eingesetzt werden.<\/span><\/p>\n","protected":false},"excerpt":{"rendered":"<p>Bei der Inbetriebnahme von Feuerl\u00f6schern ist folgendes zu beachten Eignung des L\u00f6schers aufgrund der Brandklassenbeschriftung \u00fcberpr\u00fcfen. L\u00f6scher erst in N\u00e4he des Brandherdes in Betrieb setzen. L\u00f6scher am Tragegriff festhalten und am Boden stehend schr\u00e4g nach vorne kippen. Sicherungstift bzw. Sicherungssteg herausziehen. Bei L\u00f6schern mit chemischer Druckerzeugung und Aufladel\u00f6schern ggfs. Schlagkopf bet\u00e4tigen bzw. das Handrad des [&hellip;]<\/p>\n","protected":false},"author":3,"featured_media":0,"parent":36,"menu_order":0,"comment_status":"closed","ping_status":"closed","template":"","meta":{"_exactmetrics_skip_tracking":false,"_exactmetrics_sitenote_active":false,"_exactmetrics_sitenote_note":"","_exactmetrics_sitenote_category":0,"jetpack_post_was_ever_published":false,"footnotes":""},"class_list":["post-37","page","type-page","status-publish","hentry"],"jetpack_shortlink":"https:\/\/wp.me\/PCIJa-B","jetpack_sharing_enabled":true,"jetpack-related-posts":[{"id":38,"url":"https:\/\/www.feuerwehr-brilon.de\/?page_id=38","url_meta":{"origin":37,"position":0},"title":"Hausnummern","author":"Daniel Vogel","date":"29. Mai 2008","format":false,"excerpt":"An vielen Geb\u00e4uden ist festzustellen, dass die erforderlichen Hausnummern nicht angebracht sind. Hausnummern erleichtern allerdings nicht nur Zustelldiensten etc. die Arbeit, sondern sind eine wichtige Hilfe f\u00fcr Feuerwehr und Rettungsdienst. Die richtige Anbringung von Hausnummern kann im Notfall Leben retten. Die Anfahrtszeiten von Feuerwehr und insbesondere Rettungsdienst k\u00f6nnen durch gut\u2026","rel":"","context":"In &quot;Allgemein&quot;","block_context":{"text":"Allgemein","link":"https:\/\/www.feuerwehr-brilon.de\/?cat=1"},"img":{"alt_text":"","src":"","width":0,"height":0},"classes":[]},{"id":535,"url":"https:\/\/www.feuerwehr-brilon.de\/?page_id=535","url_meta":{"origin":37,"position":1},"title":"Beginn","author":"Marc Heines","date":"16. Dezember 2008","format":false,"excerpt":"Beginn der Restaurierung Das Fahrzeug vor der Restaurierung. Die Pendelwinker, Kennleuchten und der Motorkugelwecker wurde im Laufe der Zeit entfernt bzw. ersetzt, es wurde andere Spiegel montiert und eine andere Stossstange angebracht. Das Fahrzeug wurde \u00e4usserlich und besonders im Aufbau umgebaut. Der 80 PS Motor vor Beginn der Arbeiten. Mittig\u2026","rel":"","context":"In &quot;Allgemein&quot;","block_context":{"text":"Allgemein","link":"https:\/\/www.feuerwehr-brilon.de\/?cat=1"},"img":{"alt_text":"","src":"https:\/\/i0.wp.com\/www.feuerwehr-brilon.de\/wp-up\/2008\/12\/slg__lf_15_.jpg?resize=350%2C200","width":350,"height":200},"classes":[]},{"id":16028,"url":"https:\/\/www.feuerwehr-brilon.de\/?page_id=16028","url_meta":{"origin":37,"position":2},"title":"Datenschutzerkl\u00e4rung","author":"Marc Heines","date":"28. Mai 2018","format":false,"excerpt":"Datenschutz\u00aderkl\u00e4rung 1. Datenschutz auf einen Blick Allgemeine Hinweise Die folgenden Hinweise geben einen einfachen \u00dcberblick dar\u00fcber, was mit Ihren personenbezogenen Daten passiert, wenn Sie diese Website besuchen. Personenbezogene Daten sind alle Daten, mit denen Sie pers\u00f6nlich identifiziert werden k\u00f6nnen. Ausf\u00fchrliche Informationen zum Thema Datenschutz entnehmen Sie unserer unter diesem Text\u2026","rel":"","context":"\u00c4hnlicher Beitrag","block_context":{"text":"\u00c4hnlicher Beitrag","link":""},"img":{"alt_text":"","src":"","width":0,"height":0},"classes":[]},{"id":463,"url":"https:\/\/www.feuerwehr-brilon.de\/?page_id=463","url_meta":{"origin":37,"position":3},"title":"LF 15","author":"Marc Heines","date":"13. Dezember 2008","format":false,"excerpt":"Schweres L\u00f6schgruppenfahrzeug (SLG bzw. sp\u00e4ter LF 15) aus dem Jahre 1943. Das Fahrzeug war von 1943 bis 1978 beim L\u00f6schzug Brilon im Einsatz. Typ SLG (LF 15) Leistung 75 \/ 80 PS Baujahr 1943 Gewicht 7.330 kg Fahrgestell Daimler Benz L 3000 F(L 3000 S Ausf\u00fchrung F 2) Besatzung 1\u2026","rel":"","context":"In &quot;Allgemein&quot;","block_context":{"text":"Allgemein","link":"https:\/\/www.feuerwehr-brilon.de\/?cat=1"},"img":{"alt_text":"","src":"https:\/\/i0.wp.com\/www.feuerwehr-brilon.de\/wp-up\/2008\/12\/slg_oldtimer_grau.jpg?resize=350%2C200","width":350,"height":200},"classes":[]},{"id":10735,"url":"https:\/\/www.feuerwehr-brilon.de\/?page_id=10735","url_meta":{"origin":37,"position":4},"title":"Bekanntmachungen am Dienstabend","author":"Andreas Becker","date":"22. Juli 2014","format":false,"excerpt":"Bekanntmachungen vom 15.12.2017: - Neue Gesichter in unseren Reihen \u00a0\u00a0\u00a0\u00a0 > Phillip Strohmenger ist von Hoppecke nach Brilon gezogen und geh\u00f6rt zur Schleife 205 \u00a0\u00a0\u00a0\u00a0 > Ab Anfang Februar wird Gokulnath Subramanian bei uns reinschnuppern - Beteiligung gesamt darstellen \u00a0\u00a0\u00a0\u00a0 Beteiligung \/ \u00dcbungsabend darstellen und aush\u00e4ngen - Fahrzeugpflege f\u00fcr 2018\u2026","rel":"","context":"\u00c4hnlicher Beitrag","block_context":{"text":"\u00c4hnlicher Beitrag","link":""},"img":{"alt_text":"","src":"","width":0,"height":0},"classes":[]},{"id":34,"url":"https:\/\/www.feuerwehr-brilon.de\/?page_id=34","url_meta":{"origin":37,"position":5},"title":"Impressum","author":"Daniel Vogel","date":"28. Mai 2008","format":false,"excerpt":"Seit Anfang 2002 muss der Betreiber einer gesch\u00e4ftsm\u00e4\u00dfig gef\u00fchrten Homepage eine so genannte Anbieterkennzeichnung vorhalten. Sie muss leicht erkennbar, unmittelbar erreichbar und st\u00e4ndig verf\u00fcgbar diverse Angaben zur Person machen. Mit gesch\u00e4ftsm\u00e4\u00dfig sind dabei nicht alleine gewerbliche oder kommerzielle Angebote gemeint. Die Impressumspflicht ergibt sich aus \u00a7 6 Teledienstegesetz (TDG). Es\u2026","rel":"","context":"In &quot;Allgemein&quot;","block_context":{"text":"Allgemein","link":"https:\/\/www.feuerwehr-brilon.de\/?cat=1"},"img":{"alt_text":"","src":"","width":0,"height":0},"classes":[]}],"_links":{"self":[{"href":"https:\/\/www.feuerwehr-brilon.de\/index.php?rest_route=\/wp\/v2\/pages\/37","targetHints":{"allow":["GET"]}}],"collection":[{"href":"https:\/\/www.feuerwehr-brilon.de\/index.php?rest_route=\/wp\/v2\/pages"}],"about":[{"href":"https:\/\/www.feuerwehr-brilon.de\/index.php?rest_route=\/wp\/v2\/types\/page"}],"author":[{"embeddable":true,"href":"https:\/\/www.feuerwehr-brilon.de\/index.php?rest_route=\/wp\/v2\/users\/3"}],"replies":[{"embeddable":true,"href":"https:\/\/www.feuerwehr-brilon.de\/index.php?rest_route=%2Fwp%2Fv2%2Fcomments&post=37"}],"version-history":[{"count":0,"href":"https:\/\/www.feuerwehr-brilon.de\/index.php?rest_route=\/wp\/v2\/pages\/37\/revisions"}],"up":[{"embeddable":true,"href":"https:\/\/www.feuerwehr-brilon.de\/index.php?rest_route=\/wp\/v2\/pages\/36"}],"wp:attachment":[{"href":"https:\/\/www.feuerwehr-brilon.de\/index.php?rest_route=%2Fwp%2Fv2%2Fmedia&parent=37"}],"curies":[{"name":"wp","href":"https:\/\/api.w.org\/{rel}","templated":true}]}}

Feuerlöscher

<p><strong><span style="color: #000000;">Bei der Inbetriebnahme von Feuerlöschern ist folgendes zu beachten</span></strong></p>
<ol>
<li><span style="color: #000000;">Eignung des Löschers aufgrund der Brandklassenbeschriftung überprüfen.</span></li>
<li><span style="color: #000000;">Löscher erst in Nähe des Brandherdes in Betrieb setzen.</span></li>
<li><span style="color: #000000;">Löscher am Tragegriff festhalten und am Boden stehend schräg nach vorne kippen.</span></li>
<li><span style="color: #000000;">Sicherungstift bzw. Sicherungssteg herausziehen.</span></li>
<li><span style="color: #000000;">Bei Löschern mit chemischer Druckerzeugung und Aufladelöschern ggfs. Schlagkopf betätigen bzw. das Handrad des Treibgasbehälters öffnen.</span></li>
<li><span style="color: #000000;">Löscher anheben und Schlauch bzw. Spitzdüse in die noch freie Hand nehmen.</span></li>
<li><span style="color: #000000;">An den Brandherd vorgehen und durch Bedienen des Betätigungshebels Löschmittel ausstoßen.</span></li>
</ol>
<p><span style="color: #000000;">Soweit möglich sollten mehrere Löscher gleichzeitig und nicht nacheinander eingesetzt werden.</span></p>

<p>Bei der Inbetriebnahme von Feuerlöschern ist folgendes zu beachten Eignung des Löschers aufgrund der Brandklassenbeschriftung überprüfen. Löscher erst in Nähe des Brandherdes in Betrieb setzen. Löscher am Tragegriff festhalten und am Boden stehend schräg nach vorne kippen. Sicherungstift bzw. Sicherungssteg herausziehen. Bei Löschern mit chemischer Druckerzeugung und Aufladelöschern ggfs. Schlagkopf betätigen bzw. das Handrad des [&hellip;]</p>

An vielen Gebäuden ist festzustellen, dass die erforderlichen Hausnummern nicht angebracht sind. Hausnummern erleichtern allerdings nicht nur Zustelldiensten etc. die Arbeit, sondern sind eine wichtige Hilfe für Feuerwehr und Rettungsdienst. Die richtige Anbringung von Hausnummern kann im Notfall Leben retten. Die Anfahrtszeiten von Feuerwehr und insbesondere Rettungsdienst können durch gut…

Beginn der Restaurierung Das Fahrzeug vor der Restaurierung. Die Pendelwinker, Kennleuchten und der Motorkugelwecker wurde im Laufe der Zeit entfernt bzw. ersetzt, es wurde andere Spiegel montiert und eine andere Stossstange angebracht. Das Fahrzeug wurde äusserlich und besonders im Aufbau umgebaut. Der 80 PS Motor vor Beginn der Arbeiten. Mittig…

Datenschutzerklärung

Datenschutz­erklärung 1. Datenschutz auf einen Blick Allgemeine Hinweise Die folgenden Hinweise geben einen einfachen Überblick darüber, was mit Ihren personenbezogenen Daten passiert, wenn Sie diese Website besuchen. Personenbezogene Daten sind alle Daten, mit denen Sie persönlich identifiziert werden können. Ausführliche Informationen zum Thema Datenschutz entnehmen Sie unserer unter diesem Text…

Ähnlicher Beitrag

Schweres Löschgruppenfahrzeug (SLG bzw. später LF 15) aus dem Jahre 1943. Das Fahrzeug war von 1943 bis 1978 beim Löschzug Brilon im Einsatz. Typ SLG (LF 15) Leistung 75 / 80 PS Baujahr 1943 Gewicht 7.330 kg Fahrgestell Daimler Benz L 3000 F(L 3000 S Ausführung F 2) Besatzung 1…

Bekanntmachungen vom 15.12.2017: - Neue Gesichter in unseren Reihen      > Phillip Strohmenger ist von Hoppecke nach Brilon gezogen und gehört zur Schleife 205      > Ab Anfang Februar wird Gokulnath Subramanian bei uns reinschnuppern - Beteiligung gesamt darstellen      Beteiligung / Übungsabend darstellen und aushängen - Fahrzeugpflege für 2018…

Seit Anfang 2002 muss der Betreiber einer geschäftsmäßig geführten Homepage eine so genannte Anbieterkennzeichnung vorhalten. Sie muss leicht erkennbar, unmittelbar erreichbar und ständig verfügbar diverse Angaben zur Person machen. Mit geschäftsmäßig sind dabei nicht alleine gewerbliche oder kommerzielle Angebote gemeint. Die Impressumspflicht ergibt sich aus § 6 Teledienstegesetz (TDG). Es…
