{"id":4147,"date":"2011-01-17T18:47:55","date_gmt":"2011-01-17T16:47:55","guid":{"rendered":"http:\/\/www.feuerwehr-brilon.de\/?page_id=4147"},"modified":"2019-10-20T09:07:53","modified_gmt":"2019-10-20T07:07:53","slug":"schutzenfest-2005-in-brilon-2","status":"publish","type":"page","link":"https:\/\/www.feuerwehr-brilon.de\/?page_id=4147","title":{"rendered":"Sch\u00fctzenfest 2005 in Brilon"},"content":{"rendered":"<p>Erster Auftritt des historischen Tambourkorps im gro\u00dfen Festumzug bei der K\u00f6nigsparade auf dem Marktplatz<br \/>\n<a href=\"http:\/\/www.feuerwehr-brilon.de\/wp-up\/2011\/01\/Schue05So_1.jpg\" rel=\"lytebox[vacation]\"><img loading=\"lazy\" decoding=\"async\" class=\"size-medium wp-image-4148 alignleft\" title=\"Schue05So_1\" src=\"http:\/\/www.feuerwehr-brilon.de\/wp-up\/2011\/01\/Schue05So_1-500x340.jpg\" alt=\"\" width=\"500\" height=\"340\" srcset=\"https:\/\/www.feuerwehr-brilon.de\/wp-up\/2011\/01\/Schue05So_1-500x340.jpg 500w, https:\/\/www.feuerwehr-brilon.de\/wp-up\/2011\/01\/Schue05So_1-150x102.jpg 150w, https:\/\/www.feuerwehr-brilon.de\/wp-up\/2011\/01\/Schue05So_1.jpg 550w\" sizes=\"auto, (max-width: 500px) 100vw, 500px\" \/><img loading=\"lazy\" decoding=\"async\" class=\"size-full wp-image-4149 alignnone\" title=\"Schue05So_2\" src=\"http:\/\/www.feuerwehr-brilon.de\/wp-up\/2011\/01\/Schue05So_2.jpg\" alt=\"\" width=\"500\" height=\"365\" srcset=\"https:\/\/www.feuerwehr-brilon.de\/wp-up\/2011\/01\/Schue05So_2.jpg 500w, https:\/\/www.feuerwehr-brilon.de\/wp-up\/2011\/01\/Schue05So_2-150x109.jpg 150w\" sizes=\"auto, (max-width: 500px) 100vw, 500px\" \/><\/a><\/p>\n<p style=\"text-align: left;\">Aufmarsch auf dem Marktplatz<a href=\"http:\/\/www.feuerwehr-brilon.de\/wp-up\/2011\/01\/Schue05So_3.jpg\" rel=\"lytebox[vacation]\"><img loading=\"lazy\" decoding=\"async\" class=\"size-full wp-image-4150 alignnone\" title=\"Schue05So_3\" src=\"http:\/\/www.feuerwehr-brilon.de\/wp-up\/2011\/01\/Schue05So_3.jpg\" alt=\"\" width=\"400\" height=\"300\" srcset=\"https:\/\/www.feuerwehr-brilon.de\/wp-up\/2011\/01\/Schue05So_3.jpg 400w, https:\/\/www.feuerwehr-brilon.de\/wp-up\/2011\/01\/Schue05So_3-150x112.jpg 150w\" sizes=\"auto, (max-width: 400px) 100vw, 400px\" \/><\/a><\/p>\n<p style=\"text-align: left;\"><a href=\"http:\/\/www.feuerwehr-brilon.de\/wp-up\/2011\/01\/Schue05So_4.jpg\" rel=\"lytebox[vacation]\"><img loading=\"lazy\" decoding=\"async\" class=\"size-medium wp-image-4151 alignnone\" title=\"Schue05So_4\" src=\"http:\/\/www.feuerwehr-brilon.de\/wp-up\/2011\/01\/Schue05So_4-500x340.jpg\" alt=\"\" width=\"500\" height=\"340\" srcset=\"https:\/\/www.feuerwehr-brilon.de\/wp-up\/2011\/01\/Schue05So_4-500x340.jpg 500w, https:\/\/www.feuerwehr-brilon.de\/wp-up\/2011\/01\/Schue05So_4-150x102.jpg 150w, https:\/\/www.feuerwehr-brilon.de\/wp-up\/2011\/01\/Schue05So_4.jpg 550w\" sizes=\"auto, (max-width: 500px) 100vw, 500px\" \/><\/a><\/p>\n<p>Konzert am Montagnachmittag nach dem Vogelschiessen in der Briloner Sch\u00fctzenhalle<\/p>\n<p><strong><a href=\"http:\/\/www.feuerwehr-brilon.de\/?page_id=4163\">Weitere Bilder<\/a><\/strong><\/p>\n","protected":false},"excerpt":{"rendered":"<p>Erster Auftritt des historischen Tambourkorps im gro\u00dfen Festumzug bei der K\u00f6nigsparade auf dem Marktplatz Aufmarsch auf dem Marktplatz Konzert am Montagnachmittag nach dem Vogelschiessen in der Briloner Sch\u00fctzenhalle Weitere Bilder<\/p>\n","protected":false},"author":8,"featured_media":0,"parent":83,"menu_order":0,"comment_status":"closed","ping_status":"closed","template":"","meta":{"_exactmetrics_skip_tracking":false,"_exactmetrics_sitenote_active":false,"_exactmetrics_sitenote_note":"","_exactmetrics_sitenote_category":0,"jetpack_post_was_ever_published":false,"footnotes":""},"class_list":["post-4147","page","type-page","status-publish","hentry"],"jetpack_shortlink":"https:\/\/wp.me\/PCIJa-14T","jetpack_sharing_enabled":true,"jetpack-related-posts":[{"id":468,"url":"https:\/\/www.feuerwehr-brilon.de\/?page_id=468","url_meta":{"origin":4147,"position":0},"title":"Mannschaftswagen","author":"Marc Heines","date":"13. Dezember 2008","format":false,"excerpt":"Mannschaftswagen aus dem Jahre 1938. Das Fahrzeug war von 1938 bis in die 60-er Jahre beim L\u00f6schzug Brilon im Einsatz. Das Fahrzeug wurde am 31. Dezember 1938 durch die Feuerschutzpolizei (Feuerwehr) Brilon \u00fcbernommen. Es war das erste motorisierte Fahrzeug der Feuerwehr Brilon. Das Photo entstand anl\u00e4\u00dflich des 60-j\u00e4hrigen Jubil\u00e4ums der\u2026","rel":"","context":"In &quot;Allgemein&quot;","block_context":{"text":"Allgemein","link":"https:\/\/www.feuerwehr-brilon.de\/?cat=1"},"img":{"alt_text":"","src":"https:\/\/i0.wp.com\/www.feuerwehr-brilon.de\/wp-up\/2008\/12\/mannschaftswagen_brilon_1939.jpg?resize=350%2C200","width":350,"height":200},"classes":[]},{"id":243,"url":"https:\/\/www.feuerwehr-brilon.de\/?page_id=243","url_meta":{"origin":4147,"position":1},"title":"Geschichte","author":"Daniel Vogel","date":"18. August 2008","format":false,"excerpt":"In einem original Auszug der Sauerl\u00e4nder Zeitung vom 09.12.1919 wurde das Tambourkorps das erste Mal im Jahr 1919 schriftlich erw\u00e4hnt, und zwar hatte sich die nach dem Kriege aufgel\u00f6ste Musikkapelle der Feuerwehr wieder neu gegr\u00fcndet, um in der Turnhalle einige M\u00e4rsche zum Vortrag zu bringen. Von dort ging es zur\u00fcck\u2026","rel":"","context":"In &quot;Allgemein&quot;","block_context":{"text":"Allgemein","link":"https:\/\/www.feuerwehr-brilon.de\/?cat=1"},"img":{"alt_text":"","src":"https:\/\/i0.wp.com\/www.feuerwehr-brilon.de\/wp-up\/2008\/08\/tambourkorps_1926_600-500x340.jpg?resize=350%2C200","width":350,"height":200},"classes":[]},{"id":544,"url":"https:\/\/www.feuerwehr-brilon.de\/?page_id=544","url_meta":{"origin":4147,"position":2},"title":"Beschriftung","author":"Marc Heines","date":"16. Dezember 2008","format":false,"excerpt":"Beschriftung und T\u00fcrwappen Bei der Restaurierung wurde auf der T\u00fcr unter mehreren Lackschichten die originale T\u00fcrbeschriftung gefunden. Sie war auf dem schwarz-grauen Originallack noch vorhanden und wurde zun\u00e4chst mit dunkelgr\u00fcn, sp\u00e4ter mit rot \u00fcberspritzt. Die Schrift wurde von der Beschriftungsfirma vom Original abgenommen und wieder aufgebracht. Anbringung des T\u00fcrwappens. das\u2026","rel":"","context":"In &quot;Allgemein&quot;","block_context":{"text":"Allgemein","link":"https:\/\/www.feuerwehr-brilon.de\/?cat=1"},"img":{"alt_text":"","src":"https:\/\/i0.wp.com\/www.feuerwehr-brilon.de\/wp-up\/2008\/12\/turschrift_original.jpg?resize=350%2C200","width":350,"height":200},"classes":[]},{"id":2111,"url":"https:\/\/www.feuerwehr-brilon.de\/?page_id=2111","url_meta":{"origin":4147,"position":3},"title":"Brand 1904","author":"Andreas Becker","date":"30. Januar 2010","format":false,"excerpt":"Brilon 29. August Freitag\u00a0 Abend gegen \u00bd 11 Uhr ert\u00f6nte in unserer Stadt Feuerl\u00e4rm. In dem Hause des Sch\u00e4fers Hillebrand an der Niederstra\u00dfe war beim Fruchtabladen infolge Explosion einer Sturmlaterne Feuer auf dem Boden entstanden. Das Feuer griff mit elementarer Gewalt um sich und erfasste bald das Nachbarhaus des Kaufmanns\u2026","rel":"","context":"In &quot;Allgemein&quot;","block_context":{"text":"Allgemein","link":"https:\/\/www.feuerwehr-brilon.de\/?cat=1"},"img":{"alt_text":"","src":"","width":0,"height":0},"classes":[]},{"id":1803,"url":"https:\/\/www.feuerwehr-brilon.de\/?page_id=1803","url_meta":{"origin":4147,"position":4},"title":"Brand 1852","author":"Marc Heines","date":"20. November 2009","format":false,"excerpt":"Brilon, 22.Juli Gestern gegen 1 Uhr Nachts brach in der Kapellenstra\u00dfe in der Wohnung des Desonomen Geck Feuer aus und breitete sich so rasend schnell, da\u00df die Bewohner kaum Zeit fanden das nackte Leben zu retten, ja viele erst aus tiefem Schlafe geweckt werden mu\u00dften, als es in ihrem Hause\u2026","rel":"","context":"In &quot;Allgemein&quot;","block_context":{"text":"Allgemein","link":"https:\/\/www.feuerwehr-brilon.de\/?cat=1"},"img":{"alt_text":"","src":"","width":0,"height":0},"classes":[]},{"id":542,"url":"https:\/\/www.feuerwehr-brilon.de\/?page_id=542","url_meta":{"origin":4147,"position":5},"title":"Zusammenbau","author":"Marc Heines","date":"16. Dezember 2008","format":false,"excerpt":"Einsetzen der Dichtung zwischen Fahrgestell \/ Motorraum und Aufbau. Die alte Dichtung aus Leder war \u00fcber die Jahre spr\u00f6de und undicht geworden und wurde ersetzt. Der K\u00fchler ohne K\u00fchlermaske. hier wurde ein neues Gewinde f\u00fcr den K\u00fchlerdeckel eingebaut. Anbau der Schlauchk\u00e4sten. Weitere Restarbeiten: F\u00fcllen des K\u00fchlers, Einstellen des Arbeitsstellen- scheinwerfers\u2026","rel":"","context":"In &quot;Allgemein&quot;","block_context":{"text":"Allgemein","link":"https:\/\/www.feuerwehr-brilon.de\/?cat=1"},"img":{"alt_text":"","src":"https:\/\/i0.wp.com\/www.feuerwehr-brilon.de\/wp-up\/2008\/12\/dichtung_motorraum.jpg?resize=350%2C200","width":350,"height":200},"classes":[]}],"_links":{"self":[{"href":"https:\/\/www.feuerwehr-brilon.de\/index.php?rest_route=\/wp\/v2\/pages\/4147","targetHints":{"allow":["GET"]}}],"collection":[{"href":"https:\/\/www.feuerwehr-brilon.de\/index.php?rest_route=\/wp\/v2\/pages"}],"about":[{"href":"https:\/\/www.feuerwehr-brilon.de\/index.php?rest_route=\/wp\/v2\/types\/page"}],"author":[{"embeddable":true,"href":"https:\/\/www.feuerwehr-brilon.de\/index.php?rest_route=\/wp\/v2\/users\/8"}],"replies":[{"embeddable":true,"href":"https:\/\/www.feuerwehr-brilon.de\/index.php?rest_route=%2Fwp%2Fv2%2Fcomments&post=4147"}],"version-history":[{"count":3,"href":"https:\/\/www.feuerwehr-brilon.de\/index.php?rest_route=\/wp\/v2\/pages\/4147\/revisions"}],"predecessor-version":[{"id":21842,"href":"https:\/\/www.feuerwehr-brilon.de\/index.php?rest_route=\/wp\/v2\/pages\/4147\/revisions\/21842"}],"up":[{"embeddable":true,"href":"https:\/\/www.feuerwehr-brilon.de\/index.php?rest_route=\/wp\/v2\/pages\/83"}],"wp:attachment":[{"href":"https:\/\/www.feuerwehr-brilon.de\/index.php?rest_route=%2Fwp%2Fv2%2Fmedia&parent=4147"}],"curies":[{"name":"wp","href":"https:\/\/api.w.org\/{rel}","templated":true}]}}

Schützenfest 2005 in Brilon

<p>Erster Auftritt des historischen Tambourkorps im großen Festumzug bei der Königsparade auf dem Marktplatz<br />
<a href="http://www.feuerwehr-brilon.de/wp-up/2011/01/Schue05So_1.jpg" rel="lytebox[vacation]"><img loading="lazy" decoding="async" class="size-medium wp-image-4148 alignleft" title="Schue05So_1" src="http://www.feuerwehr-brilon.de/wp-up/2011/01/Schue05So_1-500x340.jpg" alt="" width="500" height="340" srcset="https://www.feuerwehr-brilon.de/wp-up/2011/01/Schue05So_1-500x340.jpg 500w, https://www.feuerwehr-brilon.de/wp-up/2011/01/Schue05So_1-150x102.jpg 150w, https://www.feuerwehr-brilon.de/wp-up/2011/01/Schue05So_1.jpg 550w" sizes="auto, (max-width: 500px) 100vw, 500px" /><img loading="lazy" decoding="async" class="size-full wp-image-4149 alignnone" title="Schue05So_2" src="http://www.feuerwehr-brilon.de/wp-up/2011/01/Schue05So_2.jpg" alt="" width="500" height="365" srcset="https://www.feuerwehr-brilon.de/wp-up/2011/01/Schue05So_2.jpg 500w, https://www.feuerwehr-brilon.de/wp-up/2011/01/Schue05So_2-150x109.jpg 150w" sizes="auto, (max-width: 500px) 100vw, 500px" /></a></p>
<p style="text-align: left;">Aufmarsch auf dem Marktplatz<a href="http://www.feuerwehr-brilon.de/wp-up/2011/01/Schue05So_3.jpg" rel="lytebox[vacation]"><img loading="lazy" decoding="async" class="size-full wp-image-4150 alignnone" title="Schue05So_3" src="http://www.feuerwehr-brilon.de/wp-up/2011/01/Schue05So_3.jpg" alt="" width="400" height="300" srcset="https://www.feuerwehr-brilon.de/wp-up/2011/01/Schue05So_3.jpg 400w, https://www.feuerwehr-brilon.de/wp-up/2011/01/Schue05So_3-150x112.jpg 150w" sizes="auto, (max-width: 400px) 100vw, 400px" /></a></p>
<p style="text-align: left;"><a href="http://www.feuerwehr-brilon.de/wp-up/2011/01/Schue05So_4.jpg" rel="lytebox[vacation]"><img loading="lazy" decoding="async" class="size-medium wp-image-4151 alignnone" title="Schue05So_4" src="http://www.feuerwehr-brilon.de/wp-up/2011/01/Schue05So_4-500x340.jpg" alt="" width="500" height="340" srcset="https://www.feuerwehr-brilon.de/wp-up/2011/01/Schue05So_4-500x340.jpg 500w, https://www.feuerwehr-brilon.de/wp-up/2011/01/Schue05So_4-150x102.jpg 150w, https://www.feuerwehr-brilon.de/wp-up/2011/01/Schue05So_4.jpg 550w" sizes="auto, (max-width: 500px) 100vw, 500px" /></a></p>
<p>Konzert am Montagnachmittag nach dem Vogelschiessen in der Briloner Schützenhalle</p>
<p><strong><a href="http://www.feuerwehr-brilon.de/?page_id=4163">Weitere Bilder</a></strong></p>

<p>Erster Auftritt des historischen Tambourkorps im großen Festumzug bei der Königsparade auf dem Marktplatz Aufmarsch auf dem Marktplatz Konzert am Montagnachmittag nach dem Vogelschiessen in der Briloner Schützenhalle Weitere Bilder</p>

Mannschaftswagen aus dem Jahre 1938. Das Fahrzeug war von 1938 bis in die 60-er Jahre beim Löschzug Brilon im Einsatz. Das Fahrzeug wurde am 31. Dezember 1938 durch die Feuerschutzpolizei (Feuerwehr) Brilon übernommen. Es war das erste motorisierte Fahrzeug der Feuerwehr Brilon. Das Photo entstand anläßlich des 60-jährigen Jubiläums der…

In einem original Auszug der Sauerländer Zeitung vom 09.12.1919 wurde das Tambourkorps das erste Mal im Jahr 1919 schriftlich erwähnt, und zwar hatte sich die nach dem Kriege aufgelöste Musikkapelle der Feuerwehr wieder neu gegründet, um in der Turnhalle einige Märsche zum Vortrag zu bringen. Von dort ging es zurück…

Beschriftung und Türwappen Bei der Restaurierung wurde auf der Tür unter mehreren Lackschichten die originale Türbeschriftung gefunden. Sie war auf dem schwarz-grauen Originallack noch vorhanden und wurde zunächst mit dunkelgrün, später mit rot überspritzt. Die Schrift wurde von der Beschriftungsfirma vom Original abgenommen und wieder aufgebracht. Anbringung des Türwappens. das…

Brilon 29. August Freitag  Abend gegen ½ 11 Uhr ertönte in unserer Stadt Feuerlärm. In dem Hause des Schäfers Hillebrand an der Niederstraße war beim Fruchtabladen infolge Explosion einer Sturmlaterne Feuer auf dem Boden entstanden. Das Feuer griff mit elementarer Gewalt um sich und erfasste bald das Nachbarhaus des Kaufmanns…

Brilon, 22.Juli Gestern gegen 1 Uhr Nachts brach in der Kapellenstraße in der Wohnung des Desonomen Geck Feuer aus und breitete sich so rasend schnell, daß die Bewohner kaum Zeit fanden das nackte Leben zu retten, ja viele erst aus tiefem Schlafe geweckt werden mußten, als es in ihrem Hause…

Einsetzen der Dichtung zwischen Fahrgestell / Motorraum und Aufbau. Die alte Dichtung aus Leder war über die Jahre spröde und undicht geworden und wurde ersetzt. Der Kühler ohne Kühlermaske. hier wurde ein neues Gewinde für den Kühlerdeckel eingebaut. Anbau der Schlauchkästen. Weitere Restarbeiten: Füllen des Kühlers, Einstellen des Arbeitsstellen- scheinwerfers…
