{"id":4163,"date":"2011-01-17T18:47:58","date_gmt":"2011-01-17T16:47:58","guid":{"rendered":"http:\/\/www.feuerwehr-brilon.de\/?page_id=4163"},"modified":"2011-01-17T18:57:15","modified_gmt":"2011-01-17T16:57:15","slug":"schutzenfest-2005-in-brilon-ii","status":"publish","type":"page","link":"https:\/\/www.feuerwehr-brilon.de\/?page_id=4163","title":{"rendered":"Sch\u00fctzenfest 2005 in Brilon II"},"content":{"rendered":"<p>Konzert in der Sch\u00fctzenhalle am Montag<\/p>\n<p style=\"text-align: left;\"><a rel=\"lytebox[vacation]\" href=\"http:\/\/www.feuerwehr-brilon.de\/wp-up\/2011\/01\/Schue05Mo_1.jpg\"><img loading=\"lazy\" decoding=\"async\" class=\"size-full wp-image-4167 alignnone\" title=\"Schue05Mo_1\" src=\"http:\/\/www.feuerwehr-brilon.de\/wp-up\/2011\/01\/Schue05Mo_1.jpg\" alt=\"\" width=\"500\" height=\"350\" srcset=\"https:\/\/www.feuerwehr-brilon.de\/wp-up\/2011\/01\/Schue05Mo_1.jpg 500w, https:\/\/www.feuerwehr-brilon.de\/wp-up\/2011\/01\/Schue05Mo_1-150x105.jpg 150w\" sizes=\"auto, (max-width: 500px) 100vw, 500px\" \/><\/a><br \/>\n<a rel=\"lytebox[vacation]\" href=\"http:\/\/www.feuerwehr-brilon.de\/wp-up\/2011\/01\/Schue05Mo_2.jpg\"><img loading=\"lazy\" decoding=\"async\" class=\"size-full wp-image-4166 alignnone\" title=\"Schue05Mo_2\" src=\"http:\/\/www.feuerwehr-brilon.de\/wp-up\/2011\/01\/Schue05Mo_2.jpg\" alt=\"\" width=\"500\" height=\"350\" srcset=\"https:\/\/www.feuerwehr-brilon.de\/wp-up\/2011\/01\/Schue05Mo_2.jpg 500w, https:\/\/www.feuerwehr-brilon.de\/wp-up\/2011\/01\/Schue05Mo_2-150x105.jpg 150w\" sizes=\"auto, (max-width: 500px) 100vw, 500px\" \/><\/a><br \/>\n<a rel=\"lytebox[vacation]\" href=\"http:\/\/www.feuerwehr-brilon.de\/wp-up\/2011\/01\/Schue05Mo_31.jpg\"><img loading=\"lazy\" decoding=\"async\" class=\"alignleft size-full wp-image-4168\" title=\"Schue05Mo_3\" src=\"http:\/\/www.feuerwehr-brilon.de\/wp-up\/2011\/01\/Schue05Mo_31.jpg\" alt=\"\" width=\"225\" height=\"300\" srcset=\"https:\/\/www.feuerwehr-brilon.de\/wp-up\/2011\/01\/Schue05Mo_31.jpg 225w, https:\/\/www.feuerwehr-brilon.de\/wp-up\/2011\/01\/Schue05Mo_31-112x150.jpg 112w\" sizes=\"auto, (max-width: 225px) 100vw, 225px\" \/><\/a><br \/>\n<a rel=\"lytebox[vacation]\" href=\"http:\/\/www.feuerwehr-brilon.de\/wp-up\/2011\/01\/Schue05Mo_4.jpg\"><img loading=\"lazy\" decoding=\"async\" class=\"size-full wp-image-4164  alignleft\" title=\"Schue05Mo_4\" src=\"http:\/\/www.feuerwehr-brilon.de\/wp-up\/2011\/01\/Schue05Mo_4.jpg\" alt=\"\" width=\"300\" height=\"225\" srcset=\"https:\/\/www.feuerwehr-brilon.de\/wp-up\/2011\/01\/Schue05Mo_4.jpg 300w, https:\/\/www.feuerwehr-brilon.de\/wp-up\/2011\/01\/Schue05Mo_4-150x112.jpg 150w\" sizes=\"auto, (max-width: 300px) 100vw, 300px\" \/><\/a><\/p>\n","protected":false},"excerpt":{"rendered":"<p>Konzert in der Sch\u00fctzenhalle am Montag<\/p>\n","protected":false},"author":8,"featured_media":0,"parent":4147,"menu_order":0,"comment_status":"closed","ping_status":"closed","template":"","meta":{"_exactmetrics_skip_tracking":false,"_exactmetrics_sitenote_active":false,"_exactmetrics_sitenote_note":"","_exactmetrics_sitenote_category":0,"jetpack_post_was_ever_published":false,"footnotes":""},"class_list":["post-4163","page","type-page","status-publish","hentry"],"jetpack_shortlink":"https:\/\/wp.me\/PCIJa-159","jetpack_sharing_enabled":true,"jetpack-related-posts":[{"id":4147,"url":"https:\/\/www.feuerwehr-brilon.de\/?page_id=4147","url_meta":{"origin":4163,"position":0},"title":"Sch\u00fctzenfest 2005 in Brilon","author":"Andreas Becker","date":"17. Januar 2011","format":false,"excerpt":"Erster Auftritt des historischen Tambourkorps im gro\u00dfen Festumzug bei der K\u00f6nigsparade auf dem Marktplatz Aufmarsch auf dem Marktplatz Konzert am Montagnachmittag nach dem Vogelschiessen in der Briloner Sch\u00fctzenhalle Weitere Bilder","rel":"","context":"\u00c4hnlicher Beitrag","block_context":{"text":"\u00c4hnlicher Beitrag","link":""},"img":{"alt_text":"","src":"https:\/\/i0.wp.com\/www.feuerwehr-brilon.de\/wp-up\/2011\/01\/Schue05So_1-500x340.jpg?resize=350%2C200","width":350,"height":200},"classes":[]},{"id":1090,"url":"https:\/\/www.feuerwehr-brilon.de\/?page_id=1090","url_meta":{"origin":4163,"position":1},"title":"Fahrzeug\u00fcbergabe bei der L\u00f6schgruppe Scharfenberg","author":"Marc Heines","date":"3. Juli 2009","format":false,"excerpt":"Die Stadt Brilon hat f\u00fcr die L\u00f6schgruppe Scharfenberg ein neues Fahrzeug beschafft. Die feierliche \u00dcbergabe findet am 20. M\u00e4rz statt. 16:30 Uhr\u00a0 Empfang der G\u00e4ste an der Sch\u00fctzenhalle 17:00 Uhr Segnungsgottesdienst in der Kirche anschlie\u00dfend Fahrzeugweihe an der Sch\u00fctzenhalle Alle Freunde und F\u00f6rderer der Feuerwehr und der L\u00f6schgruppe Scharfenberg sind\u2026","rel":"","context":"In &quot;Allgemein&quot;","block_context":{"text":"Allgemein","link":"https:\/\/www.feuerwehr-brilon.de\/?cat=1"},"img":{"alt_text":"scharfenberg_fahrzeug","src":"https:\/\/i0.wp.com\/www.feuerwehr-brilon.de\/wp-up\/2009\/07\/scharfenberg_fahrzeug.jpg?resize=350%2C200","width":350,"height":200},"classes":[]},{"id":636,"url":"https:\/\/www.feuerwehr-brilon.de\/?page_id=636","url_meta":{"origin":4163,"position":2},"title":"Sch\u00fctzenfest 2008 in Brilon","author":"Daniel Vogel","date":"4. Januar 2009","format":false,"excerpt":"","rel":"","context":"In &quot;Allgemein&quot;","block_context":{"text":"Allgemein","link":"https:\/\/www.feuerwehr-brilon.de\/?cat=1"},"img":{"alt_text":"","src":"https:\/\/i0.wp.com\/www.feuerwehr-brilon.de\/wp-up\/2009\/01\/img_2014.jpg?resize=350%2C200&ssl=1","width":350,"height":200},"classes":[]},{"id":1985,"url":"https:\/\/www.feuerwehr-brilon.de\/?page_id=1985","url_meta":{"origin":4163,"position":3},"title":"Sch\u00fctzenfest 2009 in Brilon","author":"Daniel Vogel","date":"9. Januar 2010","format":false,"excerpt":"[nggallery id=28]","rel":"","context":"In &quot;Allgemein&quot;","block_context":{"text":"Allgemein","link":"https:\/\/www.feuerwehr-brilon.de\/?cat=1"},"img":{"alt_text":"","src":"","width":0,"height":0},"classes":[]},{"id":83,"url":"https:\/\/www.feuerwehr-brilon.de\/?page_id=83","url_meta":{"origin":4163,"position":4},"title":"Historisches Tambourkorps","author":"Daniel Vogel","date":"19. August 2008","format":false,"excerpt":"Sie erhalten hier Informationen \u00fcber das Historische Tambourkorps der Freiwilligen Feuerwehr Brilon. Das historische Tambourkorps bestand von 2004 bis 2019. Das historische Tambourkorps der Feuerwehr Brilon im Jahre 2005:\u00a0v.l.n.r.: vorne: Bernd Becker, Hans Derhahn, Gerhard M\u00fcller, Freddi Renerich, Winfried Wiegelmann, Wolfgang L\u00fcddemann, Willi R\u00f6ttger, Klaus Hillebrand; hinten: Wolfgang Schrewe, Karl-Heinz\u2026","rel":"","context":"In &quot;Allgemein&quot;","block_context":{"text":"Allgemein","link":"https:\/\/www.feuerwehr-brilon.de\/?cat=1"},"img":{"alt_text":"","src":"https:\/\/i0.wp.com\/www.feuerwehr-brilon.de\/wp-up\/2008\/08\/hist__tambourkorps_050612-105720_1000-500x325.jpg?resize=350%2C200","width":350,"height":200},"classes":[]},{"id":759,"url":"https:\/\/www.feuerwehr-brilon.de\/?page_id=759","url_meta":{"origin":4163,"position":5},"title":"Weihnachtsfeier 2005","author":"Marc Heines","date":"29. M\u00e4rz 2009","format":false,"excerpt":"Am 7.Dezember\u00a0 2005 feierten die Kameraden der Ehrenabteilung des L\u00f6schzuges Brilon mit ihren Ehefrauen und den Ehefrauen der verstorbenen Kameraden die allj\u00e4hrliche Weihnachtsfeier im Feuerwehrhaus. Musikalisch wurde die Feier vom Holzensembel des Blasorchesters Brilon umrahmt.","rel":"","context":"In &quot;Allgemein&quot;","block_context":{"text":"Allgemein","link":"https:\/\/www.feuerwehr-brilon.de\/?cat=1"},"img":{"alt_text":"","src":"https:\/\/i0.wp.com\/www.feuerwehr-brilon.de\/wp-up\/2009\/03\/weihnachtsfeier_ehrenabteilung_450_051207-204000.jpg?resize=350%2C200","width":350,"height":200},"classes":[]}],"_links":{"self":[{"href":"https:\/\/www.feuerwehr-brilon.de\/index.php?rest_route=\/wp\/v2\/pages\/4163","targetHints":{"allow":["GET"]}}],"collection":[{"href":"https:\/\/www.feuerwehr-brilon.de\/index.php?rest_route=\/wp\/v2\/pages"}],"about":[{"href":"https:\/\/www.feuerwehr-brilon.de\/index.php?rest_route=\/wp\/v2\/types\/page"}],"author":[{"embeddable":true,"href":"https:\/\/www.feuerwehr-brilon.de\/index.php?rest_route=\/wp\/v2\/users\/8"}],"replies":[{"embeddable":true,"href":"https:\/\/www.feuerwehr-brilon.de\/index.php?rest_route=%2Fwp%2Fv2%2Fcomments&post=4163"}],"version-history":[{"count":3,"href":"https:\/\/www.feuerwehr-brilon.de\/index.php?rest_route=\/wp\/v2\/pages\/4163\/revisions"}],"predecessor-version":[{"id":4179,"href":"https:\/\/www.feuerwehr-brilon.de\/index.php?rest_route=\/wp\/v2\/pages\/4163\/revisions\/4179"}],"up":[{"embeddable":true,"href":"https:\/\/www.feuerwehr-brilon.de\/index.php?rest_route=\/wp\/v2\/pages\/4147"}],"wp:attachment":[{"href":"https:\/\/www.feuerwehr-brilon.de\/index.php?rest_route=%2Fwp%2Fv2%2Fmedia&parent=4163"}],"curies":[{"name":"wp","href":"https:\/\/api.w.org\/{rel}","templated":true}]}}

Schützenfest 2005 in Brilon II

<p>Konzert in der Schützenhalle am Montag</p>
<p style="text-align: left;"><a rel="lytebox[vacation]" href="http://www.feuerwehr-brilon.de/wp-up/2011/01/Schue05Mo_1.jpg"><img loading="lazy" decoding="async" class="size-full wp-image-4167 alignnone" title="Schue05Mo_1" src="http://www.feuerwehr-brilon.de/wp-up/2011/01/Schue05Mo_1.jpg" alt="" width="500" height="350" srcset="https://www.feuerwehr-brilon.de/wp-up/2011/01/Schue05Mo_1.jpg 500w, https://www.feuerwehr-brilon.de/wp-up/2011/01/Schue05Mo_1-150x105.jpg 150w" sizes="auto, (max-width: 500px) 100vw, 500px" /></a><br />
<a rel="lytebox[vacation]" href="http://www.feuerwehr-brilon.de/wp-up/2011/01/Schue05Mo_2.jpg"><img loading="lazy" decoding="async" class="size-full wp-image-4166 alignnone" title="Schue05Mo_2" src="http://www.feuerwehr-brilon.de/wp-up/2011/01/Schue05Mo_2.jpg" alt="" width="500" height="350" srcset="https://www.feuerwehr-brilon.de/wp-up/2011/01/Schue05Mo_2.jpg 500w, https://www.feuerwehr-brilon.de/wp-up/2011/01/Schue05Mo_2-150x105.jpg 150w" sizes="auto, (max-width: 500px) 100vw, 500px" /></a><br />
<a rel="lytebox[vacation]" href="http://www.feuerwehr-brilon.de/wp-up/2011/01/Schue05Mo_31.jpg"><img loading="lazy" decoding="async" class="alignleft size-full wp-image-4168" title="Schue05Mo_3" src="http://www.feuerwehr-brilon.de/wp-up/2011/01/Schue05Mo_31.jpg" alt="" width="225" height="300" srcset="https://www.feuerwehr-brilon.de/wp-up/2011/01/Schue05Mo_31.jpg 225w, https://www.feuerwehr-brilon.de/wp-up/2011/01/Schue05Mo_31-112x150.jpg 112w" sizes="auto, (max-width: 225px) 100vw, 225px" /></a><br />
<a rel="lytebox[vacation]" href="http://www.feuerwehr-brilon.de/wp-up/2011/01/Schue05Mo_4.jpg"><img loading="lazy" decoding="async" class="size-full wp-image-4164  alignleft" title="Schue05Mo_4" src="http://www.feuerwehr-brilon.de/wp-up/2011/01/Schue05Mo_4.jpg" alt="" width="300" height="225" srcset="https://www.feuerwehr-brilon.de/wp-up/2011/01/Schue05Mo_4.jpg 300w, https://www.feuerwehr-brilon.de/wp-up/2011/01/Schue05Mo_4-150x112.jpg 150w" sizes="auto, (max-width: 300px) 100vw, 300px" /></a></p>

<p>Konzert in der Schützenhalle am Montag</p>

Schützenfest 2005 in Brilon

Erster Auftritt des historischen Tambourkorps im großen Festumzug bei der Königsparade auf dem Marktplatz Aufmarsch auf dem Marktplatz Konzert am Montagnachmittag nach dem Vogelschiessen in der Briloner Schützenhalle Weitere Bilder

Ähnlicher Beitrag

Fahrzeugübergabe bei der Löschgruppe Scharfenberg

Die Stadt Brilon hat für die Löschgruppe Scharfenberg ein neues Fahrzeug beschafft. Die feierliche Übergabe findet am 20. März statt. 16:30 Uhr  Empfang der Gäste an der Schützenhalle 17:00 Uhr Segnungsgottesdienst in der Kirche anschließend Fahrzeugweihe an der Schützenhalle Alle Freunde und Förderer der Feuerwehr und der Löschgruppe Scharfenberg sind…

Schützenfest 2008 in Brilon

Schützenfest 2009 in Brilon

Sie erhalten hier Informationen über das Historische Tambourkorps der Freiwilligen Feuerwehr Brilon. Das historische Tambourkorps bestand von 2004 bis 2019. Das historische Tambourkorps der Feuerwehr Brilon im Jahre 2005: v.l.n.r.: vorne: Bernd Becker, Hans Derhahn, Gerhard Müller, Freddi Renerich, Winfried Wiegelmann, Wolfgang Lüddemann, Willi Röttger, Klaus Hillebrand; hinten: Wolfgang Schrewe, Karl-Heinz…

29. März 2009

Am 7.Dezember  2005 feierten die Kameraden der Ehrenabteilung des Löschzuges Brilon mit ihren Ehefrauen und den Ehefrauen der verstorbenen Kameraden die alljährliche Weihnachtsfeier im Feuerwehrhaus. Musikalisch wurde die Feier vom Holzensembel des Blasorchesters Brilon umrahmt.
