{"id":465,"date":"2008-12-13T15:28:21","date_gmt":"2008-12-13T14:28:21","guid":{"rendered":"http:\/\/www.feuerwehr-brilon.de\/?page_id=465"},"modified":"2010-10-26T19:54:09","modified_gmt":"2010-10-26T17:54:09","slug":"drehleiter-dl-18","status":"publish","type":"page","link":"https:\/\/www.feuerwehr-brilon.de\/?page_id=465","title":{"rendered":"DL 18"},"content":{"rendered":"<p>Drehleiter DL 18 aus dem Jahre 1959. Das Fahrzeug war von 1959 bis 1975 beim L\u00f6schzug Brilon und von 1975 bis 1995 bei der L\u00f6schgruppe Hoppecke im Einsatz.<\/p>\n<p><a rel=\"lightbox\" href=\"http:\/\/www.feuerwehr-brilon.de\/wp-up\/2008\/12\/dl_18.jpg\"><img loading=\"lazy\" decoding=\"async\" class=\"aligncenter size-full wp-image-496\" title=\"dl_18\" src=\"http:\/\/www.feuerwehr-brilon.de\/wp-up\/2008\/12\/dl_18.jpg\" alt=\"\" width=\"500\" height=\"327\" \/><\/a><br clear=\"all\"><\/p>\n<p><span style=\"color: #ffffff;\">X<\/span><\/p>\n<table border=\"1\" cellspacing=\"0\" cellpadding=\"0\">\n<tbody>\n<tr>\n<td width=\"100\" align=\"left\" valign=\"top\">Typ<\/td>\n<td width=\"170\" align=\"left\" valign=\"top\">DLK 18<\/td>\n<td width=\"100\" valign=\"top\">Leistung<\/td>\n<td width=\"170\" valign=\"top\">44 KW \/ 60 PS<\/td>\n<\/tr>\n<tr>\n<td width=\"70\" valign=\"top\">Baujahr<\/td>\n<td width=\"170\" valign=\"top\">1959<\/td>\n<td width=\"70\" valign=\"top\">Gewicht<\/td>\n<td width=\"170\" valign=\"top\">3.800 kg<\/td>\n<\/tr>\n<tr>\n<td width=\"70\" valign=\"top\">Fahrgestell<\/td>\n<td width=\"170\" valign=\"top\">Opel Blitz 1,75 t<\/td>\n<td width=\"70\" valign=\"top\">Besatzung<\/td>\n<td width=\"170\" valign=\"top\">1 + 2<\/td>\n<\/tr>\n<tr>\n<td width=\"70\" valign=\"top\">Aufbau<\/td>\n<td width=\"170\" valign=\"top\">Metz<\/td>\n<td width=\"70\" valign=\"top\">Leiterl\u00e4nge<\/td>\n<td width=\"170\" valign=\"top\">18 m<\/td>\n<\/tr>\n<\/tbody>\n<\/table>\n<p><span style=\"color: #ffffff;\">X<\/span><\/p>\n<p>Der Leiterpark des Fahrzeuges musste durch Handbetrieb ausgefahren und aufgerichtet werden. Auch die Drehbewegung sowie die Bedienung der Abst\u00fctzung erfolgte per Hand.<\/p>\n<p>Die historische Drehleiter wird zur Zeit restauriert. Informationen zum Umbau und Fortschritt finden Sie <a href=\"http:\/\/www.feuerwehr-brilon.de\/?page_id=2129\"><strong>hier<\/strong><\/a>.<br \/>\n<a rel=\"lightbox\" href=\"http:\/\/www.feuerwehr-brilon.de\/images\/DL18\/DL18-Zeitung.jpg\"><img loading=\"lazy\" decoding=\"async\" class=\"aligncenter size-full wp-image-496\" title=\"dl_18\" src=\"http:\/\/www.feuerwehr-brilon.de\/images\/DL18\/DL18-Zeitung.jpg\" alt=\"\" width=\"500\" height=\"327\" \/><\/a><br clear=\"all\"><br \/>\n<em>(Dies ist ein Zeitungsausschnitt aus dem Jahre 1959 als die Drehleiter der Feuerwehr Brilon \u00fcbergeben wurde)<\/em><\/p>\n","protected":false},"excerpt":{"rendered":"<p>Drehleiter DL 18 aus dem Jahre 1959. Das Fahrzeug war von 1959 bis 1975 beim L\u00f6schzug Brilon und von 1975 bis 1995 bei der L\u00f6schgruppe Hoppecke im Einsatz. X Typ DLK 18 Leistung 44 KW \/ 60 PS Baujahr 1959 Gewicht 3.800 kg Fahrgestell Opel Blitz 1,75 t Besatzung 1 + 2 Aufbau Metz Leiterl\u00e4nge [&hellip;]<\/p>\n","protected":false},"author":6,"featured_media":0,"parent":460,"menu_order":3,"comment_status":"closed","ping_status":"closed","template":"","meta":{"_exactmetrics_skip_tracking":false,"_exactmetrics_sitenote_active":false,"_exactmetrics_sitenote_note":"","_exactmetrics_sitenote_category":0,"jetpack_post_was_ever_published":false,"footnotes":""},"class_list":["post-465","page","type-page","status-publish","hentry"],"jetpack_shortlink":"https:\/\/wp.me\/PCIJa-7v","jetpack_sharing_enabled":true,"jetpack-related-posts":[{"id":2129,"url":"https:\/\/www.feuerwehr-brilon.de\/?page_id=2129","url_meta":{"origin":465,"position":0},"title":"Restauration &#8211; DL 18","author":"Andreas Becker","date":"13. Februar 2010","format":false,"excerpt":"Restauration der DL 18 Opel Blitz Nachdem die Restauration des Schweren L\u00f6schgruppenfahrzeugs LF 15 mit der Instandsetzung der fest eingebauten Feuerl\u00f6schkreiselpumpe im letzten Jahr erfolgreich ihr Ende fand, haben sich nun einige technikinteressierte Kameraden des L\u00f6schzugs Brilon entschlossen, auch die alte Opel Blitz Drehleiter wieder herzurichten. Zur Geschichte des Fahrzeuges:\u2026","rel":"","context":"In &quot;Allgemein&quot;","block_context":{"text":"Allgemein","link":"https:\/\/www.feuerwehr-brilon.de\/?cat=1"},"img":{"alt_text":"Beerdigung Wassermeister 1965","src":"https:\/\/i0.wp.com\/www.feuerwehr-brilon.de\/images\/DL18\/DLBeerdigWasserm.jpg?resize=350%2C200","width":350,"height":200},"classes":[]},{"id":466,"url":"https:\/\/www.feuerwehr-brilon.de\/?page_id=466","url_meta":{"origin":465,"position":1},"title":"Steigleiter","author":"Marc Heines","date":"13. Dezember 2008","format":false,"excerpt":"Steigleiter aus dem Jahre 1929. Sie war von 1929 bis 1959 beim L\u00f6schzug Brilon im Einsatz. Die Steigleiter beim Festzug zum 775-j\u00e4hrigen Stadtjubil\u00e4um der Stadt Brilon im Jahre 1995. Die Leiter wurde von der FirmaMagirus in Ulm hergestellt. Sie hat eine Leiterl\u00e4nge von 10 m und wurde von vier bis\u2026","rel":"","context":"In &quot;Allgemein&quot;","block_context":{"text":"Allgemein","link":"https:\/\/www.feuerwehr-brilon.de\/?cat=1"},"img":{"alt_text":"","src":"https:\/\/i0.wp.com\/www.feuerwehr-brilon.de\/wp-up\/2008\/12\/steigleiter_festzug_neu.jpg?resize=350%2C200","width":350,"height":200},"classes":[]},{"id":8373,"url":"https:\/\/www.feuerwehr-brilon.de\/?page_id=8373","url_meta":{"origin":465,"position":2},"title":"DL 18 Bildergalerie 2013","author":"Andreas Becker","date":"23. Mai 2013","format":false,"excerpt":"Fortschritt bis Mai 2013 [nggallery id=48]","rel":"","context":"\u00c4hnlicher Beitrag","block_context":{"text":"\u00c4hnlicher Beitrag","link":""},"img":{"alt_text":"","src":"","width":0,"height":0},"classes":[]},{"id":2535,"url":"https:\/\/www.feuerwehr-brilon.de\/?page_id=2535","url_meta":{"origin":465,"position":3},"title":"DL18 Bildergalerie 2011","author":"Andreas Becker","date":"21. M\u00e4rz 2010","format":false,"excerpt":"Fortschritt bis Dezember 2011 [nggallery id=39]","rel":"","context":"In &quot;Allgemein&quot;","block_context":{"text":"Allgemein","link":"https:\/\/www.feuerwehr-brilon.de\/?cat=1"},"img":{"alt_text":"","src":"","width":0,"height":0},"classes":[]},{"id":822,"url":"https:\/\/www.feuerwehr-brilon.de\/?page_id=822","url_meta":{"origin":465,"position":4},"title":"Geschichte","author":"Marc Heines","date":"11. Mai 2009","format":false,"excerpt":"Abri\u00df \u00fcber die Geschichte der L\u00f6schgruppe Messinghausen Die Freiwillige Feuerwehr Messinghausen wurde im Jahre 1913 gegr\u00fcndet. In den Jahren zuvor gab es in Messinghausen zwar Ger\u00e4tschaften zur Brandbek\u00e4mpfung, eine Pflichtfeuerwehr bestand jedoch, anders als in anderen Ortschaften, erst ab dem Jahre 1911. Zuvor hatten sich auch f\u00fcr eine Pflichtfeuerwehr nicht\u2026","rel":"","context":"In &quot;Allgemein&quot;","block_context":{"text":"Allgemein","link":"https:\/\/www.feuerwehr-brilon.de\/?cat=1"},"img":{"alt_text":"","src":"","width":0,"height":0},"classes":[]},{"id":243,"url":"https:\/\/www.feuerwehr-brilon.de\/?page_id=243","url_meta":{"origin":465,"position":5},"title":"Geschichte","author":"Daniel Vogel","date":"18. August 2008","format":false,"excerpt":"In einem original Auszug der Sauerl\u00e4nder Zeitung vom 09.12.1919 wurde das Tambourkorps das erste Mal im Jahr 1919 schriftlich erw\u00e4hnt, und zwar hatte sich die nach dem Kriege aufgel\u00f6ste Musikkapelle der Feuerwehr wieder neu gegr\u00fcndet, um in der Turnhalle einige M\u00e4rsche zum Vortrag zu bringen. Von dort ging es zur\u00fcck\u2026","rel":"","context":"In &quot;Allgemein&quot;","block_context":{"text":"Allgemein","link":"https:\/\/www.feuerwehr-brilon.de\/?cat=1"},"img":{"alt_text":"","src":"https:\/\/i0.wp.com\/www.feuerwehr-brilon.de\/wp-up\/2008\/08\/tambourkorps_1926_600-500x340.jpg?resize=350%2C200","width":350,"height":200},"classes":[]}],"_links":{"self":[{"href":"https:\/\/www.feuerwehr-brilon.de\/index.php?rest_route=\/wp\/v2\/pages\/465","targetHints":{"allow":["GET"]}}],"collection":[{"href":"https:\/\/www.feuerwehr-brilon.de\/index.php?rest_route=\/wp\/v2\/pages"}],"about":[{"href":"https:\/\/www.feuerwehr-brilon.de\/index.php?rest_route=\/wp\/v2\/types\/page"}],"author":[{"embeddable":true,"href":"https:\/\/www.feuerwehr-brilon.de\/index.php?rest_route=\/wp\/v2\/users\/6"}],"replies":[{"embeddable":true,"href":"https:\/\/www.feuerwehr-brilon.de\/index.php?rest_route=%2Fwp%2Fv2%2Fcomments&post=465"}],"version-history":[{"count":0,"href":"https:\/\/www.feuerwehr-brilon.de\/index.php?rest_route=\/wp\/v2\/pages\/465\/revisions"}],"up":[{"embeddable":true,"href":"https:\/\/www.feuerwehr-brilon.de\/index.php?rest_route=\/wp\/v2\/pages\/460"}],"wp:attachment":[{"href":"https:\/\/www.feuerwehr-brilon.de\/index.php?rest_route=%2Fwp%2Fv2%2Fmedia&parent=465"}],"curies":[{"name":"wp","href":"https:\/\/api.w.org\/{rel}","templated":true}]}}

<p>Drehleiter DL 18 aus dem Jahre 1959. Das Fahrzeug war von 1959 bis 1975 beim Löschzug Brilon und von 1975 bis 1995 bei der Löschgruppe Hoppecke im Einsatz.</p>
<p><a rel="lightbox" href="http://www.feuerwehr-brilon.de/wp-up/2008/12/dl_18.jpg"><img loading="lazy" decoding="async" class="aligncenter size-full wp-image-496" title="dl_18" src="http://www.feuerwehr-brilon.de/wp-up/2008/12/dl_18.jpg" alt="" width="500" height="327" /></a><br clear="all"></p>
<p><span style="color: #ffffff;">X</span></p>
<table border="1" cellspacing="0" cellpadding="0">
<tbody>
<tr>
<td width="100" align="left" valign="top">Typ</td>
<td width="170" align="left" valign="top">DLK 18</td>
<td width="100" valign="top">Leistung</td>
<td width="170" valign="top">44 KW / 60 PS</td>
</tr>
<tr>
<td width="70" valign="top">Baujahr</td>
<td width="170" valign="top">1959</td>
<td width="70" valign="top">Gewicht</td>
<td width="170" valign="top">3.800 kg</td>
</tr>
<tr>
<td width="70" valign="top">Fahrgestell</td>
<td width="170" valign="top">Opel Blitz 1,75 t</td>
<td width="70" valign="top">Besatzung</td>
<td width="170" valign="top">1 + 2</td>
</tr>
<tr>
<td width="70" valign="top">Aufbau</td>
<td width="170" valign="top">Metz</td>
<td width="70" valign="top">Leiterlänge</td>
<td width="170" valign="top">18 m</td>
</tr>
</tbody>
</table>
<p><span style="color: #ffffff;">X</span></p>
<p>Der Leiterpark des Fahrzeuges musste durch Handbetrieb ausgefahren und aufgerichtet werden. Auch die Drehbewegung sowie die Bedienung der Abstützung erfolgte per Hand.</p>
<p>Die historische Drehleiter wird zur Zeit restauriert. Informationen zum Umbau und Fortschritt finden Sie <a href="http://www.feuerwehr-brilon.de/?page_id=2129"><strong>hier</strong></a>.<br />
<a rel="lightbox" href="http://www.feuerwehr-brilon.de/images/DL18/DL18-Zeitung.jpg"><img loading="lazy" decoding="async" class="aligncenter size-full wp-image-496" title="dl_18" src="http://www.feuerwehr-brilon.de/images/DL18/DL18-Zeitung.jpg" alt="" width="500" height="327" /></a><br clear="all"><br />
<em>(Dies ist ein Zeitungsausschnitt aus dem Jahre 1959 als die Drehleiter der Feuerwehr Brilon übergeben wurde)</em></p>

<p>Drehleiter DL 18 aus dem Jahre 1959. Das Fahrzeug war von 1959 bis 1975 beim Löschzug Brilon und von 1975 bis 1995 bei der Löschgruppe Hoppecke im Einsatz. X Typ DLK 18 Leistung 44 KW / 60 PS Baujahr 1959 Gewicht 3.800 kg Fahrgestell Opel Blitz 1,75 t Besatzung 1 + 2 Aufbau Metz Leiterlänge [&hellip;]</p>

Restauration der DL 18 Opel Blitz Nachdem die Restauration des Schweren Löschgruppenfahrzeugs LF 15 mit der Instandsetzung der fest eingebauten Feuerlöschkreiselpumpe im letzten Jahr erfolgreich ihr Ende fand, haben sich nun einige technikinteressierte Kameraden des Löschzugs Brilon entschlossen, auch die alte Opel Blitz Drehleiter wieder herzurichten. Zur Geschichte des Fahrzeuges:…

Steigleiter aus dem Jahre 1929. Sie war von 1929 bis 1959 beim Löschzug Brilon im Einsatz. Die Steigleiter beim Festzug zum 775-jährigen Stadtjubiläum der Stadt Brilon im Jahre 1995. Die Leiter wurde von der FirmaMagirus in Ulm hergestellt. Sie hat eine Leiterlänge von 10 m und wurde von vier bis…

Ähnlicher Beitrag

21. März 2010

Abriß über die Geschichte der Löschgruppe Messinghausen Die Freiwillige Feuerwehr Messinghausen wurde im Jahre 1913 gegründet. In den Jahren zuvor gab es in Messinghausen zwar Gerätschaften zur Brandbekämpfung, eine Pflichtfeuerwehr bestand jedoch, anders als in anderen Ortschaften, erst ab dem Jahre 1911. Zuvor hatten sich auch für eine Pflichtfeuerwehr nicht…

In einem original Auszug der Sauerländer Zeitung vom 09.12.1919 wurde das Tambourkorps das erste Mal im Jahr 1919 schriftlich erwähnt, und zwar hatte sich die nach dem Kriege aufgelöste Musikkapelle der Feuerwehr wieder neu gegründet, um in der Turnhalle einige Märsche zum Vortrag zu bringen. Von dort ging es zurück…
