{"id":468,"date":"2008-12-13T16:03:10","date_gmt":"2008-12-13T15:03:10","guid":{"rendered":"http:\/\/www.feuerwehr-brilon.de\/?page_id=468"},"modified":"2010-10-26T19:59:18","modified_gmt":"2010-10-26T17:59:18","slug":"mannschaftswagen","status":"publish","type":"page","link":"https:\/\/www.feuerwehr-brilon.de\/?page_id=468","title":{"rendered":"Mannschaftswagen"},"content":{"rendered":"<p>Mannschaftswagen aus dem Jahre 1938. Das Fahrzeug war von 1938 bis in die 60-er Jahre beim L\u00f6schzug Brilon im Einsatz.<\/p>\n<p><a href=\"http:\/\/www.feuerwehr-brilon.de\/wp-up\/2008\/12\/mannschaftswagen_brilon_1939.jpg\"><img loading=\"lazy\" decoding=\"async\" class=\"aligncenter size-full wp-image-503\" title=\"mannschaftswagen_brilon_1939\" src=\"http:\/\/www.feuerwehr-brilon.de\/wp-up\/2008\/12\/mannschaftswagen_brilon_1939.jpg\" alt=\"\" width=\"500\" height=\"350\" \/><\/a><br clear=\"all\"><\/p>\n<p>Das Fahrzeug wurde am 31. Dezember 1938 durch die Feuerschutzpolizei (Feuerwehr) Brilon \u00fcbernommen. Es war das erste motorisierte Fahrzeug der Feuerwehr Brilon. Das Photo entstand anl\u00e4\u00dflich des 60-j\u00e4hrigen Jubil\u00e4ums der Briloner Feuerwehr 1939. Die urspr\u00fcngliche Farbe der Fahrzeuges war das dunkelgr\u00fcn der Feuerwehrschutzpolizei. Das Fahrzeug war bis weit in den 60-er Jahren in Brilon im Einsatz. Es ist heute leider nicht mehr vorhanden.<\/p>\n<table border=\"1\" cellspacing=\"0\" cellpadding=\"0\">\n<tbody>\n<tr>\n<td width=\"100\" align=\"left\" valign=\"top\">Typ<\/td>\n<td width=\"170\" align=\"left\" valign=\"top\">Mannschaftswagen<\/td>\n<td width=\"100\" valign=\"top\">Leistung<\/td>\n<td width=\"170\" valign=\"top\">50 KW \/ 68 PS<\/td>\n<\/tr>\n<tr>\n<td width=\"70\" valign=\"top\">Baujahr<\/td>\n<td width=\"170\" valign=\"top\">1938<\/td>\n<td width=\"70\" valign=\"top\">Gewicht<\/td>\n<td width=\"170\" valign=\"top\">5.800 kg<\/td>\n<\/tr>\n<tr>\n<td width=\"70\" valign=\"top\">Fahrgestell<\/td>\n<td width=\"170\" valign=\"top\">Opel Blitz 3,6-36 S<\/td>\n<td width=\"70\" valign=\"top\">Besatzung<\/td>\n<td width=\"170\" valign=\"top\">1 + 14<\/td>\n<\/tr>\n<tr>\n<td width=\"70\" valign=\"top\">Aufbau<\/td>\n<td width=\"170\" valign=\"top\">Koebe<\/td>\n<td width=\"70\" valign=\"top\"><\/td>\n<td width=\"170\" valign=\"top\"><\/td>\n<\/tr>\n<\/tbody>\n<\/table>\n<p><a href=\"http:\/\/www.feuerwehr-brilon.de\/wp-up\/2008\/12\/60_jahre_brilon_1939_nr-5_gross.jpg\"><img loading=\"lazy\" decoding=\"async\" class=\"aligncenter size-medium wp-image-502\" title=\"60_jahre_brilon_1939_nr-5_gross\" src=\"http:\/\/www.feuerwehr-brilon.de\/wp-up\/2008\/12\/60_jahre_brilon_1939_nr-5_gross-500x344.jpg\" alt=\"\" width=\"500\" height=\"344\" \/><\/a><br clear=\"all\"><\/p>\n<p>Die Briloner Feuerwehr beim 60-j\u00e4hrigen Jubil\u00e4um im Jahre 1939. Die Aufnahme enstand auf dem Marktplatz vor der Sparkasse (heute ebenfalls Sparkasse).<\/p>\n","protected":false},"excerpt":{"rendered":"<p>Mannschaftswagen aus dem Jahre 1938. Das Fahrzeug war von 1938 bis in die 60-er Jahre beim L\u00f6schzug Brilon im Einsatz. Das Fahrzeug wurde am 31. Dezember 1938 durch die Feuerschutzpolizei (Feuerwehr) Brilon \u00fcbernommen. Es war das erste motorisierte Fahrzeug der Feuerwehr Brilon. Das Photo entstand anl\u00e4\u00dflich des 60-j\u00e4hrigen Jubil\u00e4ums der Briloner Feuerwehr 1939. Die urspr\u00fcngliche [&hellip;]<\/p>\n","protected":false},"author":6,"featured_media":0,"parent":460,"menu_order":6,"comment_status":"closed","ping_status":"closed","template":"","meta":{"_exactmetrics_skip_tracking":false,"_exactmetrics_sitenote_active":false,"_exactmetrics_sitenote_note":"","_exactmetrics_sitenote_category":0,"jetpack_post_was_ever_published":false,"footnotes":""},"class_list":["post-468","page","type-page","status-publish","hentry"],"jetpack_shortlink":"https:\/\/wp.me\/PCIJa-7y","jetpack_sharing_enabled":true,"jetpack-related-posts":[{"id":469,"url":"https:\/\/www.feuerwehr-brilon.de\/?page_id=469","url_meta":{"origin":468,"position":0},"title":"Tragkraftspritzenanh\u00e4nger","author":"Marc Heines","date":"13. Dezember 2008","format":false,"excerpt":"Brilon Der Tragkraftspritzenanh\u00e4nger wurde vom Milit\u00e4r erworben. Er war von 1948 bis 1970 beim L\u00f6schzug Brilon im Einsatz. Das Baujahr und der Hersteller des Tragkraftspritzenanh\u00e4ngers sind nicht bekannt. Er wurde vom Milit\u00e4r erworben und von einem Fahrzeug (Bspw. Mannschaftswagen) gezogen. Madfeld Tragkraftspritzenanh\u00e4nger aus dem Jahre 1943. Er war bei der\u2026","rel":"","context":"In &quot;Allgemein&quot;","block_context":{"text":"Allgemein","link":"https:\/\/www.feuerwehr-brilon.de\/?cat=1"},"img":{"alt_text":"","src":"https:\/\/i0.wp.com\/www.feuerwehr-brilon.de\/wp-up\/2008\/12\/tsa_brilon.jpg?resize=350%2C200","width":350,"height":200},"classes":[]},{"id":524,"url":"https:\/\/www.feuerwehr-brilon.de\/?page_id=524","url_meta":{"origin":468,"position":1},"title":"Restaurierung","author":"Marc Heines","date":"16. Dezember 2008","format":false,"excerpt":"Restaurierung des alten L\u00f6schgruppenfahrzeuges im Jahre 2003-2004 Im Sommer 2003 wurde im Rahmen der Vorbereitungen des 125-j\u00e4hrigen Jubil\u00e4ums beschlossen, das alte L\u00f6schgruppenfahrzeug aus dem Jahre 1943 zur restaurieren. Es wurde im Januar 1943 als \"Schweres L\u00f6schgruppenfahrzeug\" (SLG) in Dienst gestellt und war damals neben einem Mannschaftswagen von 1939 das erste\u2026","rel":"","context":"In &quot;Allgemein&quot;","block_context":{"text":"Allgemein","link":"https:\/\/www.feuerwehr-brilon.de\/?cat=1"},"img":{"alt_text":"","src":"https:\/\/i0.wp.com\/www.feuerwehr-brilon.de\/wp-up\/2008\/12\/anfang.jpg?resize=350%2C200","width":350,"height":200},"classes":[]},{"id":467,"url":"https:\/\/www.feuerwehr-brilon.de\/?page_id=467","url_meta":{"origin":468,"position":2},"title":"TLF 16\/25","author":"Marc Heines","date":"13. Dezember 2008","format":false,"excerpt":"Tankl\u00f6schfahrzeug TLF 16\/25 aus dem Jahre 1962. Das Fahrzeug war von 1962 bis 1995 beim L\u00f6schzug Brilon im Einsatz. Das Fahrzeug war von 1962 bis 1995 im Einsatz. Die urspr\u00fcngliche Farbe des Fahrzeuges war rot (RAL 3000), sp\u00e4ter wurde es in Tagesleuchtrot umlackiert. Es war das erste Tankl\u00f6schfahrzeug mit einem\u2026","rel":"","context":"In &quot;Allgemein&quot;","block_context":{"text":"Allgemein","link":"https:\/\/www.feuerwehr-brilon.de\/?cat=1"},"img":{"alt_text":"","src":"https:\/\/i0.wp.com\/www.feuerwehr-brilon.de\/wp-up\/2008\/12\/tlf_16_neu.jpg?resize=350%2C200","width":350,"height":200},"classes":[]},{"id":465,"url":"https:\/\/www.feuerwehr-brilon.de\/?page_id=465","url_meta":{"origin":468,"position":3},"title":"DL 18","author":"Marc Heines","date":"13. Dezember 2008","format":false,"excerpt":"Drehleiter DL 18 aus dem Jahre 1959. Das Fahrzeug war von 1959 bis 1975 beim L\u00f6schzug Brilon und von 1975 bis 1995 bei der L\u00f6schgruppe Hoppecke im Einsatz. X Typ DLK 18 Leistung 44 KW \/ 60 PS Baujahr 1959 Gewicht 3.800 kg Fahrgestell Opel Blitz 1,75 t Besatzung 1\u2026","rel":"","context":"In &quot;Allgemein&quot;","block_context":{"text":"Allgemein","link":"https:\/\/www.feuerwehr-brilon.de\/?cat=1"},"img":{"alt_text":"","src":"https:\/\/i0.wp.com\/www.feuerwehr-brilon.de\/wp-up\/2008\/12\/dl_18.jpg?resize=350%2C200","width":350,"height":200},"classes":[]},{"id":463,"url":"https:\/\/www.feuerwehr-brilon.de\/?page_id=463","url_meta":{"origin":468,"position":4},"title":"LF 15","author":"Marc Heines","date":"13. Dezember 2008","format":false,"excerpt":"Schweres L\u00f6schgruppenfahrzeug (SLG bzw. sp\u00e4ter LF 15) aus dem Jahre 1943. Das Fahrzeug war von 1943 bis 1978 beim L\u00f6schzug Brilon im Einsatz. Typ SLG (LF 15) Leistung 75 \/ 80 PS Baujahr 1943 Gewicht 7.330 kg Fahrgestell Daimler Benz L 3000 F(L 3000 S Ausf\u00fchrung F 2) Besatzung 1\u2026","rel":"","context":"In &quot;Allgemein&quot;","block_context":{"text":"Allgemein","link":"https:\/\/www.feuerwehr-brilon.de\/?cat=1"},"img":{"alt_text":"","src":"https:\/\/i0.wp.com\/www.feuerwehr-brilon.de\/wp-up\/2008\/12\/slg_oldtimer_grau.jpg?resize=350%2C200","width":350,"height":200},"classes":[]},{"id":472,"url":"https:\/\/www.feuerwehr-brilon.de\/?page_id=472","url_meta":{"origin":468,"position":5},"title":"Hydrantenkarren","author":"Marc Heines","date":"13. Dezember 2008","format":false,"excerpt":"Hydrantenkarre aus dem Jahre 1912 (ca.). Sie war von ca. 1912 bis in die 60er Jahre in Scharfenberg im Einsatz. Auch in Brilon wurde ein deratiges Fahrzeug von 1912 bis 1930 eingesetzt. Die Hydrantenkarre wurde ca. 1912 hergestellt. Sie wurde von vier Personen gezogen und diente zum Transport von Schl\u00e4uchen\u2026","rel":"","context":"In &quot;Allgemein&quot;","block_context":{"text":"Allgemein","link":"https:\/\/www.feuerwehr-brilon.de\/?cat=1"},"img":{"alt_text":"","src":"https:\/\/i0.wp.com\/www.feuerwehr-brilon.de\/wp-up\/2008\/12\/hydrantenkarren_scharfenberg.jpg?resize=350%2C200","width":350,"height":200},"classes":[]}],"_links":{"self":[{"href":"https:\/\/www.feuerwehr-brilon.de\/index.php?rest_route=\/wp\/v2\/pages\/468","targetHints":{"allow":["GET"]}}],"collection":[{"href":"https:\/\/www.feuerwehr-brilon.de\/index.php?rest_route=\/wp\/v2\/pages"}],"about":[{"href":"https:\/\/www.feuerwehr-brilon.de\/index.php?rest_route=\/wp\/v2\/types\/page"}],"author":[{"embeddable":true,"href":"https:\/\/www.feuerwehr-brilon.de\/index.php?rest_route=\/wp\/v2\/users\/6"}],"replies":[{"embeddable":true,"href":"https:\/\/www.feuerwehr-brilon.de\/index.php?rest_route=%2Fwp%2Fv2%2Fcomments&post=468"}],"version-history":[{"count":0,"href":"https:\/\/www.feuerwehr-brilon.de\/index.php?rest_route=\/wp\/v2\/pages\/468\/revisions"}],"up":[{"embeddable":true,"href":"https:\/\/www.feuerwehr-brilon.de\/index.php?rest_route=\/wp\/v2\/pages\/460"}],"wp:attachment":[{"href":"https:\/\/www.feuerwehr-brilon.de\/index.php?rest_route=%2Fwp%2Fv2%2Fmedia&parent=468"}],"curies":[{"name":"wp","href":"https:\/\/api.w.org\/{rel}","templated":true}]}}