{"id":51,"date":"2008-05-31T19:48:35","date_gmt":"2008-05-31T17:48:35","guid":{"rendered":"http:\/\/wptest.k-srv.de\/?page_id=51"},"modified":"2011-02-19T10:47:51","modified_gmt":"2011-02-19T08:47:51","slug":"das-richtige-verhalten","status":"publish","type":"page","link":"https:\/\/www.feuerwehr-brilon.de\/?page_id=51","title":{"rendered":"Das richtige Verhalten"},"content":{"rendered":"<p><strong><span style=\"color: #000000;\">Was tun, wenn es brennt?<\/span><\/strong><\/p>\n<p><img decoding=\"async\" class=\"alignleft\" style=\"float: left;\" src=\".\/images\/ratgeber\/das_richtige_verhalten.jpg\" alt=\"\" \/><span style=\"color: #000000;\">Ruhe bewahren und keine Panik aufkommen lassen!<\/span><\/p>\n<p><span style=\"color: #000000;\">Bevor Sie selbst zu l\u00f6schen versuchen, immer die Feuerwehr alarmieren \u00fcber Notruf oder Feuermelder<\/span><\/p>\n<p><span style=\"color: #000000;\">Machen Sie klare Angaben \u00fcber die Adresse des Brandorts, sagen Sie, was in welchem Umfang brennt (wenn Sie das wissen) und nennen Sie Ihren Namen.<\/span><br \/>\n<\/br><br \/>\n<strong><span style=\"color: #000000;\">Feuerwehreinsatz ist kostenlos!<\/span><\/strong><\/p>\n<p><span style=\"color: #000000;\">Bek\u00e4mpfen Sie den Brand, aber bringen Sie sich nicht in Gefahr! Bringen Sie sich in Sicherheit und warnen Sie Ihre Familie, Ihre Nachbarn, Ihre Kollegen! <\/span><\/p>\n<p><span style=\"color: #000000;\">Benutzen Sie keine Aufz\u00fcge, da die Gefahr der Erstickung durch Rauch besteht! Schlie\u00dfen Sie die T\u00fcren, damit sich Rauch und Feuer nicht ausbreiten k\u00f6nnen. Sie grenzen den Brand dadurch ein und sichern sich und anderen den Fluchtweg!<\/span><\/p>\n<p><span style=\"color: #000000;\">Erwarten Sie die Feuerwehr und weisen Sie sie ein! Machen Sie sich bemerkbar, wenn der Fluchtweg nicht mehr passierbar ist: Bleiben Sie also in dem Raum, in dem es nicht brennt. Schlie\u00dfen Sie die T\u00fcr, gehen Sie ans Fenster und winken oder rufen Sie. Die Feuerwehr hilft Ihnen und rettet Sie!<\/span><\/p>\n<p><span style=\"color: #000000;\">Springen Sie niemals blindlings aus dem Fenster!<\/span><\/p>\n","protected":false},"excerpt":{"rendered":"<p>Was tun, wenn es brennt? Ruhe bewahren und keine Panik aufkommen lassen! Bevor Sie selbst zu l\u00f6schen versuchen, immer die Feuerwehr alarmieren \u00fcber Notruf oder Feuermelder Machen Sie klare Angaben \u00fcber die Adresse des Brandorts, sagen Sie, was in welchem Umfang brennt (wenn Sie das wissen) und nennen Sie Ihren Namen. Feuerwehreinsatz ist kostenlos! Bek\u00e4mpfen [&hellip;]<\/p>\n","protected":false},"author":3,"featured_media":0,"parent":36,"menu_order":0,"comment_status":"closed","ping_status":"closed","template":"","meta":{"_exactmetrics_skip_tracking":false,"_exactmetrics_sitenote_active":false,"_exactmetrics_sitenote_note":"","_exactmetrics_sitenote_category":0,"jetpack_post_was_ever_published":false,"footnotes":""},"class_list":["post-51","page","type-page","status-publish","hentry"],"jetpack_shortlink":"https:\/\/wp.me\/PCIJa-P","jetpack_sharing_enabled":true,"jetpack-related-posts":[{"id":39,"url":"https:\/\/www.feuerwehr-brilon.de\/?page_id=39","url_meta":{"origin":51,"position":0},"title":"Der richtige Notruf","author":"Daniel Vogel","date":"29. Mai 2008","format":false,"excerpt":"Sollten Sie einmal einen Notruf absetzen m\u00fcssen, so sind die richtigen Informationen f\u00fcr die Einsatzzentrale sehr wichtig, damit schnellst m\u00f6glich die Feuerwehr, der Rettungsdienst oder auch die Polizei alarmiert werden kann. Hier die wichtigsten Leits\u00e4tze: 1. Was ist passiert? Beschreiben Sie in kurzen Stichw\u00f6rtern was passiert ist, z.B. Verkehrsunfall, bewusstlose\u2026","rel":"","context":"In &quot;Allgemein&quot;","block_context":{"text":"Allgemein","link":"https:\/\/www.feuerwehr-brilon.de\/?cat=1"},"img":{"alt_text":"","src":"","width":0,"height":0},"classes":[]},{"id":14422,"url":"https:\/\/www.feuerwehr-brilon.de\/?page_id=14422","url_meta":{"origin":51,"position":1},"title":"Brandschutzerziehung &#8211; Brandschutzaufkl\u00e4rung","author":"Andreas Becker","date":"21. Februar 2017","format":false,"excerpt":"Auf dieser Seite erfahren Sie: - Was bedeutet \u00fcberhaupt \u201eBrandschutzerziehung\u201c? - Welchen Hintergrund hat die \u201eBrandschutzerziehung\u201c? - An wen richtet sich die \u201eBrandschutzerziehung\/Brandschutzaufkl\u00e4rung\u201c? - Wer f\u00fchrt die \u201eBrandschutzerziehung\/Brandschutzaufkl\u00e4rung\u201c durch? \u00a0 Brandschutzerziehung \u2013 Wieso? Weshalb? Warum? Die Brandschutzerziehung befasst sich u.a. mit dem richtigen Verhalten in einem Brandfall, dem Erlernen des\u2026","rel":"","context":"\u00c4hnlicher Beitrag","block_context":{"text":"\u00c4hnlicher Beitrag","link":""},"img":{"alt_text":"","src":"https:\/\/i0.wp.com\/www.feuerwehr-brilon.de\/wp-up\/2017\/02\/Fuchs_Streichholz-130x150.png?resize=350%2C200","width":350,"height":200},"classes":[]},{"id":40,"url":"https:\/\/www.feuerwehr-brilon.de\/?page_id=40","url_meta":{"origin":51,"position":2},"title":"Rauchmelder","author":"Andreas Becker","date":"13. Juni 2014","format":false,"excerpt":"Freitag, der 13. ist bundesweiter Rauchmeldertag In der Bundesrepublik Deutschland sterben pro Jahr mehr als sechshundert Menschen durch Feuer und vor allem auch Rauch. \u00dcber 5.000 Menschen werden bei Br\u00e4nden verletzt, die Sachsch\u00e4den betragen Millionen. Besonders gef\u00e4hrlich ist der bei Wohnungsbr\u00e4nden entstehende Rauch, weil er sich um ein Vielfaches schneller\u2026","rel":"","context":"In &quot;Allgemein&quot;","block_context":{"text":"Allgemein","link":"https:\/\/www.feuerwehr-brilon.de\/?cat=1"},"img":{"alt_text":"","src":"https:\/\/i0.wp.com\/www.feuerwehr-brilon.de\/images\/adviser\/rauchmelder\/rrl_01_klein.jpg?resize=350%2C200","width":350,"height":200},"classes":[]},{"id":16028,"url":"https:\/\/www.feuerwehr-brilon.de\/?page_id=16028","url_meta":{"origin":51,"position":3},"title":"Datenschutzerkl\u00e4rung","author":"Marc Heines","date":"28. Mai 2018","format":false,"excerpt":"Datenschutz\u00aderkl\u00e4rung 1. Datenschutz auf einen Blick Allgemeine Hinweise Die folgenden Hinweise geben einen einfachen \u00dcberblick dar\u00fcber, was mit Ihren personenbezogenen Daten passiert, wenn Sie diese Website besuchen. Personenbezogene Daten sind alle Daten, mit denen Sie pers\u00f6nlich identifiziert werden k\u00f6nnen. Ausf\u00fchrliche Informationen zum Thema Datenschutz entnehmen Sie unserer unter diesem Text\u2026","rel":"","context":"\u00c4hnlicher Beitrag","block_context":{"text":"\u00c4hnlicher Beitrag","link":""},"img":{"alt_text":"","src":"","width":0,"height":0},"classes":[]},{"id":53,"url":"https:\/\/www.feuerwehr-brilon.de\/?page_id=53","url_meta":{"origin":51,"position":4},"title":"Wespen und Hornissen","author":"Daniel Vogel","date":"31. Mai 2008","format":false,"excerpt":"In den Sommermonaten wird bei der Feuerwehr immer wieder bei Problemen mit Wespennestern nachgefragt. An dieser Stelle erhalten Sie daher einige allgemeine Informationen f\u00fcr den Umgang mit Wespen und Hornissen. Wie leben Wespen und Hornissen? Wespenv\u00f6lker leben nur einen Sommer. Lediglich die im Herbst begatteten K\u00f6niginnen \u00fcberwintern in engen Ritzen.\u2026","rel":"","context":"In &quot;Allgemein&quot;","block_context":{"text":"Allgemein","link":"https:\/\/www.feuerwehr-brilon.de\/?cat=1"},"img":{"alt_text":"","src":"","width":0,"height":0},"classes":[]},{"id":7643,"url":"https:\/\/www.feuerwehr-brilon.de\/?page_id=7643","url_meta":{"origin":51,"position":5},"title":"Tipps zur Weihnachtszeit","author":"Andreas Becker","date":"30. November 2012","format":false,"excerpt":"Duft von frisch gebackenen Pl\u00e4tzchen, R\u00e4ucherst\u00e4bchen oder Punsch und Tannengr\u00fcn. Romantische Stimmung durch Kerzenschein oder Lichterketten. All dies geh\u00f6rt gewiss zur Weihnachtszeit wie die Geschenke unterm Tannenbaum an Heilig Abend. Leider auch die erh\u00f6hten Einsatzzahlen der Feuerwehr verursacht durch Zimmer- oder Wohnungsbr\u00e4nde. Nicht beaufsichtigte Adventsgestecke oder Wachskerzen am Christbaum, sind\u2026","rel":"","context":"\u00c4hnlicher Beitrag","block_context":{"text":"\u00c4hnlicher Beitrag","link":""},"img":{"alt_text":"","src":"","width":0,"height":0},"classes":[]}],"_links":{"self":[{"href":"https:\/\/www.feuerwehr-brilon.de\/index.php?rest_route=\/wp\/v2\/pages\/51","targetHints":{"allow":["GET"]}}],"collection":[{"href":"https:\/\/www.feuerwehr-brilon.de\/index.php?rest_route=\/wp\/v2\/pages"}],"about":[{"href":"https:\/\/www.feuerwehr-brilon.de\/index.php?rest_route=\/wp\/v2\/types\/page"}],"author":[{"embeddable":true,"href":"https:\/\/www.feuerwehr-brilon.de\/index.php?rest_route=\/wp\/v2\/users\/3"}],"replies":[{"embeddable":true,"href":"https:\/\/www.feuerwehr-brilon.de\/index.php?rest_route=%2Fwp%2Fv2%2Fcomments&post=51"}],"version-history":[{"count":3,"href":"https:\/\/www.feuerwehr-brilon.de\/index.php?rest_route=\/wp\/v2\/pages\/51\/revisions"}],"predecessor-version":[{"id":4473,"href":"https:\/\/www.feuerwehr-brilon.de\/index.php?rest_route=\/wp\/v2\/pages\/51\/revisions\/4473"}],"up":[{"embeddable":true,"href":"https:\/\/www.feuerwehr-brilon.de\/index.php?rest_route=\/wp\/v2\/pages\/36"}],"wp:attachment":[{"href":"https:\/\/www.feuerwehr-brilon.de\/index.php?rest_route=%2Fwp%2Fv2%2Fmedia&parent=51"}],"curies":[{"name":"wp","href":"https:\/\/api.w.org\/{rel}","templated":true}]}}