{"id":52,"date":"2008-05-31T19:49:52","date_gmt":"2008-05-31T17:49:52","guid":{"rendered":"http:\/\/wptest.k-srv.de\/?page_id=52"},"modified":"2008-06-01T19:20:09","modified_gmt":"2008-06-01T17:20:09","slug":"freie-fahrt","status":"publish","type":"page","link":"https:\/\/www.feuerwehr-brilon.de\/?page_id=52","title":{"rendered":"Freie Fahrt"},"content":{"rendered":"<p><span style=\"color: #000000;\"><strong><\/p>\n<p>Richtig planen, einsichtig parken, damit wir zu Ihnen durchkommen!<\/p>\n<p><\/strong><img decoding=\"async\" class=\"alignleft\" style=\"float: left;\" src=\".\/images\/ratgeber\/freie_fahrt.jpg\" alt=\"\" \/>Im Notfall wird es oftmals eng auf der Stra\u00dfe und damit mit der Zeit. Nicht nur die tonnenschweren L\u00f6sch- und Rettungsfahrzeuge haben Schwierigkeiten, sich zwischen wissentlichen Falschparkern und gedankenlos abgestellten Fahrzeugen ihren Weg zu bahnen. Sogar die kleineren Notfall-Rettungswagen haben ihre Probleme. Aber nicht nur das Fehlverhalten von Verkehrsteilnehmern, auch un\u00fcberlegte Planungen k\u00f6nnen dazu f\u00fchren. zum Beispiel in verkehrsberuhigten Wohn- und Fu\u00dfg\u00e4ngerbereichen: k\u00fcnstliche Fahrbahnverengungen, schmale Fahrbahnen, enge Durchfahrten, herausragende Schaufenstermarkisen, f\u00fcr Slalomfahrten der Einsatzfahrzeuge zu tief h\u00e4ngende Baum\u00e4ste k\u00f6nnen schnelle Hilfe behindern oder verhindern. Manche Rettungswege obwohl sie die k\u00fcrzesten w\u00e4ren werden von den Fahrern der gro\u00dfen Drehleiterwagen gar nicht erst benutzt, weil sie fast immer hoffnungslos versperrt sind. Der Umweg ist schneller als der Zeitverlust auf dem k\u00fcrzesten Weg. Wenn bei Feuer, in Notlagen und in Gefahrensituationen schnelle Hilfe oberstes Gebot ist, z\u00e4hlt jede Minute.<\/p>\n<p><\/span><\/p>\n<p><strong><span style=\"color: #000000;\">Deshalb: Freie Fahrt f\u00fcr schnelle Hilfe. Es liegt an Ihnen!<\/span><\/strong><\/p>\n","protected":false},"excerpt":{"rendered":"<p>Richtig planen, einsichtig parken, damit wir zu Ihnen durchkommen! Im Notfall wird es oftmals eng auf der Stra\u00dfe und damit mit der Zeit. Nicht nur die tonnenschweren L\u00f6sch- und Rettungsfahrzeuge haben Schwierigkeiten, sich zwischen wissentlichen Falschparkern und gedankenlos abgestellten Fahrzeugen ihren Weg zu bahnen. Sogar die kleineren Notfall-Rettungswagen haben ihre Probleme. Aber nicht nur das [&hellip;]<\/p>\n","protected":false},"author":3,"featured_media":0,"parent":36,"menu_order":0,"comment_status":"closed","ping_status":"closed","template":"","meta":{"_exactmetrics_skip_tracking":false,"_exactmetrics_sitenote_active":false,"_exactmetrics_sitenote_note":"","_exactmetrics_sitenote_category":0,"jetpack_post_was_ever_published":false,"footnotes":""},"class_list":["post-52","page","type-page","status-publish","hentry"],"jetpack_shortlink":"https:\/\/wp.me\/PCIJa-Q","jetpack_sharing_enabled":true,"jetpack-related-posts":[{"id":38,"url":"https:\/\/www.feuerwehr-brilon.de\/?page_id=38","url_meta":{"origin":52,"position":0},"title":"Hausnummern","author":"Daniel Vogel","date":"29. Mai 2008","format":false,"excerpt":"An vielen Geb\u00e4uden ist festzustellen, dass die erforderlichen Hausnummern nicht angebracht sind. Hausnummern erleichtern allerdings nicht nur Zustelldiensten etc. die Arbeit, sondern sind eine wichtige Hilfe f\u00fcr Feuerwehr und Rettungsdienst. Die richtige Anbringung von Hausnummern kann im Notfall Leben retten. Die Anfahrtszeiten von Feuerwehr und insbesondere Rettungsdienst k\u00f6nnen durch gut\u2026","rel":"","context":"In &quot;Allgemein&quot;","block_context":{"text":"Allgemein","link":"https:\/\/www.feuerwehr-brilon.de\/?cat=1"},"img":{"alt_text":"","src":"","width":0,"height":0},"classes":[]},{"id":56,"url":"https:\/\/www.feuerwehr-brilon.de\/?page_id=56","url_meta":{"origin":52,"position":1},"title":"Notfall Fax","author":"Daniel Vogel","date":"31. Mai 2008","format":false,"excerpt":"Das Notfall Fax f\u00fcr behinderte und geh\u00f6rlose Menschen, sowie Menschen die nicht sprechen k\u00f6nnen. \u00bb Download (*.pdf) \u00bb Download (*.gif) Notfallfaxnummer der Rettungsleitstelle Meschede (nur f\u00fcr den Bereich des Hochsauerlandkreises): Telefax: 0291- 99 94 24 Ben\u00f6tigen Sie aus einem anderen Stadt-\/Kreisgebiet Hilfe, wenden Sie sich bitte an die dortige Rettungsleitstelle.","rel":"","context":"In &quot;Allgemein&quot;","block_context":{"text":"Allgemein","link":"https:\/\/www.feuerwehr-brilon.de\/?cat=1"},"img":{"alt_text":"","src":"","width":0,"height":0},"classes":[]},{"id":14422,"url":"https:\/\/www.feuerwehr-brilon.de\/?page_id=14422","url_meta":{"origin":52,"position":2},"title":"Brandschutzerziehung &#8211; Brandschutzaufkl\u00e4rung","author":"Andreas Becker","date":"21. Februar 2017","format":false,"excerpt":"Auf dieser Seite erfahren Sie: - Was bedeutet \u00fcberhaupt \u201eBrandschutzerziehung\u201c? - Welchen Hintergrund hat die \u201eBrandschutzerziehung\u201c? - An wen richtet sich die \u201eBrandschutzerziehung\/Brandschutzaufkl\u00e4rung\u201c? - Wer f\u00fchrt die \u201eBrandschutzerziehung\/Brandschutzaufkl\u00e4rung\u201c durch? \u00a0 Brandschutzerziehung \u2013 Wieso? Weshalb? Warum? Die Brandschutzerziehung befasst sich u.a. mit dem richtigen Verhalten in einem Brandfall, dem Erlernen des\u2026","rel":"","context":"\u00c4hnlicher Beitrag","block_context":{"text":"\u00c4hnlicher Beitrag","link":""},"img":{"alt_text":"","src":"https:\/\/i0.wp.com\/www.feuerwehr-brilon.de\/wp-up\/2017\/02\/Fuchs_Streichholz-130x150.png?resize=350%2C200","width":350,"height":200},"classes":[]},{"id":16028,"url":"https:\/\/www.feuerwehr-brilon.de\/?page_id=16028","url_meta":{"origin":52,"position":3},"title":"Datenschutzerkl\u00e4rung","author":"Marc Heines","date":"28. Mai 2018","format":false,"excerpt":"Datenschutz\u00aderkl\u00e4rung 1. Datenschutz auf einen Blick Allgemeine Hinweise Die folgenden Hinweise geben einen einfachen \u00dcberblick dar\u00fcber, was mit Ihren personenbezogenen Daten passiert, wenn Sie diese Website besuchen. Personenbezogene Daten sind alle Daten, mit denen Sie pers\u00f6nlich identifiziert werden k\u00f6nnen. Ausf\u00fchrliche Informationen zum Thema Datenschutz entnehmen Sie unserer unter diesem Text\u2026","rel":"","context":"\u00c4hnlicher Beitrag","block_context":{"text":"\u00c4hnlicher Beitrag","link":""},"img":{"alt_text":"","src":"","width":0,"height":0},"classes":[]},{"id":7643,"url":"https:\/\/www.feuerwehr-brilon.de\/?page_id=7643","url_meta":{"origin":52,"position":4},"title":"Tipps zur Weihnachtszeit","author":"Andreas Becker","date":"30. November 2012","format":false,"excerpt":"Duft von frisch gebackenen Pl\u00e4tzchen, R\u00e4ucherst\u00e4bchen oder Punsch und Tannengr\u00fcn. Romantische Stimmung durch Kerzenschein oder Lichterketten. All dies geh\u00f6rt gewiss zur Weihnachtszeit wie die Geschenke unterm Tannenbaum an Heilig Abend. Leider auch die erh\u00f6hten Einsatzzahlen der Feuerwehr verursacht durch Zimmer- oder Wohnungsbr\u00e4nde. Nicht beaufsichtigte Adventsgestecke oder Wachskerzen am Christbaum, sind\u2026","rel":"","context":"\u00c4hnlicher Beitrag","block_context":{"text":"\u00c4hnlicher Beitrag","link":""},"img":{"alt_text":"","src":"","width":0,"height":0},"classes":[]},{"id":10735,"url":"https:\/\/www.feuerwehr-brilon.de\/?page_id=10735","url_meta":{"origin":52,"position":5},"title":"Bekanntmachungen am Dienstabend","author":"Andreas Becker","date":"22. Juli 2014","format":false,"excerpt":"Bekanntmachungen vom 15.12.2017: - Neue Gesichter in unseren Reihen \u00a0\u00a0\u00a0\u00a0 > Phillip Strohmenger ist von Hoppecke nach Brilon gezogen und geh\u00f6rt zur Schleife 205 \u00a0\u00a0\u00a0\u00a0 > Ab Anfang Februar wird Gokulnath Subramanian bei uns reinschnuppern - Beteiligung gesamt darstellen \u00a0\u00a0\u00a0\u00a0 Beteiligung \/ \u00dcbungsabend darstellen und aush\u00e4ngen - Fahrzeugpflege f\u00fcr 2018\u2026","rel":"","context":"\u00c4hnlicher Beitrag","block_context":{"text":"\u00c4hnlicher Beitrag","link":""},"img":{"alt_text":"","src":"","width":0,"height":0},"classes":[]}],"_links":{"self":[{"href":"https:\/\/www.feuerwehr-brilon.de\/index.php?rest_route=\/wp\/v2\/pages\/52","targetHints":{"allow":["GET"]}}],"collection":[{"href":"https:\/\/www.feuerwehr-brilon.de\/index.php?rest_route=\/wp\/v2\/pages"}],"about":[{"href":"https:\/\/www.feuerwehr-brilon.de\/index.php?rest_route=\/wp\/v2\/types\/page"}],"author":[{"embeddable":true,"href":"https:\/\/www.feuerwehr-brilon.de\/index.php?rest_route=\/wp\/v2\/users\/3"}],"replies":[{"embeddable":true,"href":"https:\/\/www.feuerwehr-brilon.de\/index.php?rest_route=%2Fwp%2Fv2%2Fcomments&post=52"}],"version-history":[{"count":0,"href":"https:\/\/www.feuerwehr-brilon.de\/index.php?rest_route=\/wp\/v2\/pages\/52\/revisions"}],"up":[{"embeddable":true,"href":"https:\/\/www.feuerwehr-brilon.de\/index.php?rest_route=\/wp\/v2\/pages\/36"}],"wp:attachment":[{"href":"https:\/\/www.feuerwehr-brilon.de\/index.php?rest_route=%2Fwp%2Fv2%2Fmedia&parent=52"}],"curies":[{"name":"wp","href":"https:\/\/api.w.org\/{rel}","templated":true}]}}