{"id":619,"date":"2008-12-18T11:53:55","date_gmt":"2008-12-18T10:53:55","guid":{"rendered":"http:\/\/www.feuerwehr-brilon.de\/?page_id=619"},"modified":"2010-10-26T20:00:42","modified_gmt":"2010-10-26T18:00:42","slug":"einsatzleitwagen-elw","status":"publish","type":"page","link":"https:\/\/www.feuerwehr-brilon.de\/?page_id=619","title":{"rendered":"Einsatzleitwagen ELW"},"content":{"rendered":"<p><a href=\"http:\/\/www.feuerwehr-brilon.de\/wp-up\/2008\/12\/elw_ii.jpg\"><img loading=\"lazy\" decoding=\"async\" class=\"alignnone size-full wp-image-621\" title=\"elw_ii\" src=\"http:\/\/www.feuerwehr-brilon.de\/wp-up\/2008\/12\/elw_ii.jpg\" alt=\"\" width=\"500\" height=\"324\" \/><\/a><br \/>\n<BR><\/p>\n<table border=\"1\" cellspacing=\"0\" cellpadding=\"0\">\n<tbody>\n<tr>\n<td width=\"100\" align=\"left\" valign=\"top\">Typ<\/td>\n<td width=\"170\" align=\"left\" valign=\"top\">ELW (ehemals Bund)<\/td>\n<td width=\"100\" valign=\"top\">Leistung<\/td>\n<td width=\"170\" valign=\"top\">51\u00a0KW \/\u00a070 PS<\/td>\n<\/tr>\n<tr>\n<td width=\"70\" valign=\"top\">Baujahr<\/td>\n<td width=\"170\" valign=\"top\">1980<\/td>\n<td width=\"70\" valign=\"top\">Gewicht<\/td>\n<td width=\"170\" valign=\"top\">2.300\u00a0kg<\/td>\n<\/tr>\n<tr>\n<td width=\"70\" valign=\"top\">Fahrgestell<\/td>\n<td width=\"170\" valign=\"top\">Volkswagen Bulli 23<\/td>\n<td width=\"70\" valign=\"top\">Besatzung<\/td>\n<td width=\"170\" valign=\"top\">1 + 6<\/td>\n<\/tr>\n<\/tbody>\n<\/table>\n<p><BR><br \/>\n<a href=\"http:\/\/www.feuerwehr-brilon.de\/wp-up\/2008\/12\/elw_ii_hr.jpg\"><img loading=\"lazy\" decoding=\"async\" class=\"alignnone size-full wp-image-622\" title=\"elw_ii_hr\" src=\"http:\/\/www.feuerwehr-brilon.de\/wp-up\/2008\/12\/elw_ii_hr.jpg\" alt=\"\" width=\"500\" height=\"324\" \/><\/a><br clear=\"all\"><\/p>\n<p>\u00a0<\/p>\n<p><a href=\"http:\/\/www.feuerwehr-brilon.de\/wp-up\/2008\/12\/abc_hinten.jpg\"><img loading=\"lazy\" decoding=\"async\" class=\"alignnone size-full wp-image-620\" title=\"abc_hinten\" src=\"http:\/\/www.feuerwehr-brilon.de\/wp-up\/2008\/12\/abc_hinten.jpg\" alt=\"\" width=\"500\" height=\"297\" \/><\/a><br clear=\"all\"><\/p>\n<p align=\"left\">Im Heckbereich ist ein Stromaggregat und Zubeh\u00f6r untergebracht. In der oben sichtbaren Holzkiste sind B\u00fcromaterialien und Karten gelagert. Sie sind vom Mannschaftsraum zug\u00e4nglich.<\/p>\n<p>\u00a0<\/p>\n<p>\u00a0<\/p>\n<p>\u00a0<\/p>\n","protected":false},"excerpt":{"rendered":"<p>Typ ELW (ehemals Bund) Leistung 51\u00a0KW \/\u00a070 PS Baujahr 1980 Gewicht 2.300\u00a0kg Fahrgestell Volkswagen Bulli 23 Besatzung 1 + 6 \u00a0 Im Heckbereich ist ein Stromaggregat und Zubeh\u00f6r untergebracht. In der oben sichtbaren Holzkiste sind B\u00fcromaterialien und Karten gelagert. Sie sind vom Mannschaftsraum zug\u00e4nglich. \u00a0 \u00a0 \u00a0<\/p>\n","protected":false},"author":6,"featured_media":0,"parent":460,"menu_order":4,"comment_status":"closed","ping_status":"closed","template":"","meta":{"_exactmetrics_skip_tracking":false,"_exactmetrics_sitenote_active":false,"_exactmetrics_sitenote_note":"","_exactmetrics_sitenote_category":0,"jetpack_post_was_ever_published":false,"footnotes":""},"class_list":["post-619","page","type-page","status-publish","hentry"],"jetpack_shortlink":"https:\/\/wp.me\/PCIJa-9Z","jetpack_sharing_enabled":true,"jetpack-related-posts":[{"id":749,"url":"https:\/\/www.feuerwehr-brilon.de\/?page_id=749","url_meta":{"origin":619,"position":0},"title":"Einsatz-Leit-Wagen 01 &#8211; Brilon","author":"Andreas Becker","date":"25. August 2009","format":false,"excerpt":"Allgemeine Informationen: Typ ELW Besatzung 1 \/ 2 Funkrufname Florian Brilon 1 ELW1 1 Standort Brilon Technische Daten: Baujahr 2005 Leistung 81 KW \/ 110 PS Hersteller Mercedes-Benz Fahrgestell Sprinter 311 CDI Aufbau Schmitz Gewicht 3,49 t Besonderheiten: Verschiedene Funkger\u00e4te zur Einsatzleitung an der Einsatzstelle im 2m und 4m Band\u2026","rel":"","context":"In &quot;Allgemein&quot;","block_context":{"text":"Allgemein","link":"https:\/\/www.feuerwehr-brilon.de\/?cat=1"},"img":{"alt_text":"ELW","src":"\/images\/fahrzeuge\/elw_1_1_gross_1.jpg","width":350,"height":200,"srcset":"\/images\/fahrzeuge\/elw_1_1_gross_1.jpg 1x, \/images\/fahrzeuge\/elw_1_1_gross_1.jpg 1.5x, \/images\/fahrzeuge\/elw_1_1_gross_1.jpg 2x"},"classes":[]},{"id":1252,"url":"https:\/\/www.feuerwehr-brilon.de\/?page_id=1252","url_meta":{"origin":619,"position":1},"title":"Einsatzabteilung","author":"Andreas Becker","date":"28. August 2009","format":false,"excerpt":"Hier sind alle aktiven Brandsch\u00fctzer organisiert. L\u00f6schzugf\u00fchrungGeleitet wird der L\u00f6schzug vom L\u00f6schzugf\u00fchrer und seinen Stellvertretern L\u00f6schzugf\u00fchrer BOI Marc Heines m.heines(at)feuerwehr-brilon.de stv. L\u00f6schzugf\u00fchrer stv. L\u00f6schzugf\u00fchrer BOI Thomas B\u00f6ddicker BOI Michael Klaholz brilon(at)feuerwehr-brilon.de brilon(at)feuerwehr-brilon.de X Die Mannschaft gliedert sich in drei Z\u00fcge und f\u00fcnf Schleifen. Die einzelnen Schleifen k\u00f6nnen \u00fcber Meldeempf\u00e4nger getrennt\u2026","rel":"","context":"In &quot;Allgemein&quot;","block_context":{"text":"Allgemein","link":"https:\/\/www.feuerwehr-brilon.de\/?cat=1"},"img":{"alt_text":"","src":"https:\/\/i0.wp.com\/www.feuerwehr-brilon.de\/images\/passbilder\/mhe.jpg?resize=350%2C200","width":350,"height":200},"classes":[]},{"id":460,"url":"https:\/\/www.feuerwehr-brilon.de\/?page_id=460","url_meta":{"origin":619,"position":2},"title":"Historische Fahrzeuge","author":"Marc Heines","date":"17. Dezember 2008","format":false,"excerpt":"Hier erhalten Sie einen \u00dcberblick \u00fcber erhaltene und besondere historische Fahrzeuge der Feuerwehr Brilon. Motorisierte Fahrzeuge \u00a0 Schweres L\u00f6schgruppenfahrzeug LF 15 Drehleiter DLK 23\/12 Drehleiter DL 18 Einsatzleitwagen ELW Tankl\u00f6schfahrzeug TLF 16\/25 Mannschaftswagen Nicht motorisierte Fahrzeuge \u00a0 Tragkraftspritzenanh\u00e4nger Brilon Tragkraftspritzenanh\u00e4nger Madfeld Tragkraftspritzenkarren Handdruckspritze Brilon I Handdruckspritze Brilon II Handdruckspritze Rixen\u2026","rel":"","context":"In &quot;Allgemein&quot;","block_context":{"text":"Allgemein","link":"https:\/\/www.feuerwehr-brilon.de\/?cat=1"},"img":{"alt_text":"","src":"https:\/\/i0.wp.com\/www.feuerwehr-brilon.de\/wp-up\/2008\/12\/slg_oldtimer_grau.gif?resize=350%2C200","width":350,"height":200},"classes":[]},{"id":11,"url":"https:\/\/www.feuerwehr-brilon.de\/?page_id=11","url_meta":{"origin":619,"position":3},"title":"Fahrzeuge","author":"Daniel Vogel","date":"28. Mai 2008","format":false,"excerpt":"Bei der Freiwilligen Feuerwehr der Stadt Brilon sind in einem L\u00f6schzug und zw\u00f6lf L\u00f6schgruppen folgende Fahrzeuge stationiert. Einsatzfahrzeuge des L\u00f6schzug Brilon ELW 1 KEF TLF 4000 DLK 23\/12 HLF 20-01 LF 20 KatS HLF 20-02 Gw-L 2 GW-G MLF Einsatzfahrzeuge der L\u00f6schgruppen MLF Alme MTF Alme MLF Altenb\u00fcren MLF Bontkirchen\u2026","rel":"","context":"In &quot;Allgemein&quot;","block_context":{"text":"Allgemein","link":"https:\/\/www.feuerwehr-brilon.de\/?cat=1"},"img":{"alt_text":"","src":"","width":0,"height":0},"classes":[]},{"id":10735,"url":"https:\/\/www.feuerwehr-brilon.de\/?page_id=10735","url_meta":{"origin":619,"position":4},"title":"Bekanntmachungen am Dienstabend","author":"Andreas Becker","date":"22. Juli 2014","format":false,"excerpt":"Bekanntmachungen vom 15.12.2017: - Neue Gesichter in unseren Reihen \u00a0\u00a0\u00a0\u00a0 > Phillip Strohmenger ist von Hoppecke nach Brilon gezogen und geh\u00f6rt zur Schleife 205 \u00a0\u00a0\u00a0\u00a0 > Ab Anfang Februar wird Gokulnath Subramanian bei uns reinschnuppern - Beteiligung gesamt darstellen \u00a0\u00a0\u00a0\u00a0 Beteiligung \/ \u00dcbungsabend darstellen und aush\u00e4ngen - Fahrzeugpflege f\u00fcr 2018\u2026","rel":"","context":"\u00c4hnlicher Beitrag","block_context":{"text":"\u00c4hnlicher Beitrag","link":""},"img":{"alt_text":"","src":"","width":0,"height":0},"classes":[]}],"_links":{"self":[{"href":"https:\/\/www.feuerwehr-brilon.de\/index.php?rest_route=\/wp\/v2\/pages\/619","targetHints":{"allow":["GET"]}}],"collection":[{"href":"https:\/\/www.feuerwehr-brilon.de\/index.php?rest_route=\/wp\/v2\/pages"}],"about":[{"href":"https:\/\/www.feuerwehr-brilon.de\/index.php?rest_route=\/wp\/v2\/types\/page"}],"author":[{"embeddable":true,"href":"https:\/\/www.feuerwehr-brilon.de\/index.php?rest_route=\/wp\/v2\/users\/6"}],"replies":[{"embeddable":true,"href":"https:\/\/www.feuerwehr-brilon.de\/index.php?rest_route=%2Fwp%2Fv2%2Fcomments&post=619"}],"version-history":[{"count":0,"href":"https:\/\/www.feuerwehr-brilon.de\/index.php?rest_route=\/wp\/v2\/pages\/619\/revisions"}],"up":[{"embeddable":true,"href":"https:\/\/www.feuerwehr-brilon.de\/index.php?rest_route=\/wp\/v2\/pages\/460"}],"wp:attachment":[{"href":"https:\/\/www.feuerwehr-brilon.de\/index.php?rest_route=%2Fwp%2Fv2%2Fmedia&parent=619"}],"curies":[{"name":"wp","href":"https:\/\/api.w.org\/{rel}","templated":true}]}}