{"id":700,"date":"2009-11-20T21:26:44","date_gmt":"2009-11-20T19:26:44","guid":{"rendered":"http:\/\/www.feuerwehr-brilon.de\/?page_id=700"},"modified":"2022-04-28T12:57:23","modified_gmt":"2022-04-28T11:57:23","slug":"uber-uns","status":"publish","type":"page","link":"https:\/\/www.feuerwehr-brilon.de\/?page_id=700","title":{"rendered":"Wir \u00fcber uns"},"content":{"rendered":"<h4>Feuerwehr Brilon<\/h4>\n<p>das bedeutet<\/p>\n<ul>\n<li>13 Einheiten mit fast 440 aktiven Feuerwehrleuten<\/li>\n<li>7 Jugendfeuerwehren mit etwa 72 Jugendlichen<\/li>\n<li>1 Tambourkorps mit \u00fcber 54 Musikerinnen und Musikern<\/li>\n<\/ul>\n<p>aber auch<\/p>\n<ul>\n<li>einsatzbereit rund um die Uhr<\/li>\n<li>viele tausend Stunden an Aus- und Fortbildungen<\/li>\n<li>allgemeine Jugendarbeit<\/li>\n<li>musikalische\u00a0 Begleitung von Anl\u00e4ssen aller Art<\/li>\n<li>Unterst\u00fctzung der Stadt Brilon und vielen Vereinen, z.B. bei Verkehrssicherungen, Ausleuchten von Festakten u.v.m.<\/li>\n<li>&#8230;<\/li>\n<\/ul>\n<p>und das alles freiwillig und ehrenamtlich.<\/p>\n<p>In Brilon gibt es keine Berufsfeuerwehrleute. Jedes Mitglied der Feuerwehr Brilon besucht Lehrg\u00e4nge, Seminare, Fortbildungen&#8230; vollkommen unentgeltlich.<\/p>\n<p>Wenn Sie Interesse bekommen haben uns zu unterst\u00fctzen, oder gar mit zu machen.<\/p>\n<p>Nehmen Sie doch einfach Kontakt mit uns auf. Wir melden uns garantiert zur\u00fcck. <a href=\"mailto:presse@feuerwehr-brilon.de\">KONTAKT<\/a><\/p>\n<p>Im Folgenden wollen wir Ihnen einige Funktionen innerhalb der Feuerwehr Brilon vorstellen.<\/p>\n<h2>F\u00fchrung<\/h2>\n<p>Die Freiwillige Feuerwehr wird geleitet vom Leiter der Feuerwehr und seinen beiden Stellvertretern.<\/p>\n<p><a href=\"http:\/\/www.feuerwehr-brilon.de\/?page_id=1691\">weiter<\/a><\/p>\n<h2>L\u00f6schzugf\u00fchrung und L\u00f6schgruppenf\u00fchrer<\/h2>\n<p>Die LZ\/LG-f\u00fchrer unterst\u00fctzen die Wehrf\u00fchrung und \u00fcbernehmen die Leitung in ihren Ortschaften.<\/p>\n<p><a href=\"http:\/\/www.feuerwehr-brilon.de\/?page_id=687\">weiter<\/a><\/p>\n<h2>Pressesprecher<\/h2>\n<p>Die Pressesprecher sind zust\u00e4ndig f\u00fcr s\u00e4mtliche Kommunikation nach au\u00dfen.<\/p>\n<p><a href=\"http:\/\/www.feuerwehr-brilon.de\/?page_id=1725\">weiter<\/a><\/p>\n<h2>Sicherheitsbeauftragter<\/h2>\n<p>Der Sicherheitsbeauftragte ber\u00e4t die Verantwortlichen \u00fcber die aktuellen Regelungen der UVV<\/p>\n<p><a href=\"http:\/\/www.feuerwehr-brilon.de\/?page_id=1721\">weiter<\/a><\/p>\n<h2>Jugendfeuerwehrwarte<\/h2>\n<p>Die Jugendfeuerwehrwarte sind zust\u00e4ndig f\u00fcr die jeweiligen Jugendabteilungen innerhalb einer L\u00f6schgruppe<\/p>\n<p><a href=\"http:\/\/www.feuerwehr-brilon.de\/?page_id=1737\">weiter<\/a><\/p>\n<p>weitere Informationen \u00fcber die Feuerwehr Brilon<\/p>\n","protected":false},"excerpt":{"rendered":"<p>Feuerwehr Brilon das bedeutet 13 Einheiten mit fast 440 aktiven Feuerwehrleuten 7 Jugendfeuerwehren mit etwa 72 Jugendlichen 1 Tambourkorps mit \u00fcber 54 Musikerinnen und Musikern aber auch einsatzbereit rund um die Uhr viele tausend Stunden an Aus- und Fortbildungen allgemeine Jugendarbeit musikalische\u00a0 Begleitung von Anl\u00e4ssen aller Art Unterst\u00fctzung der Stadt Brilon und vielen Vereinen, z.B. [&hellip;]<\/p>\n","protected":false},"author":6,"featured_media":0,"parent":0,"menu_order":0,"comment_status":"closed","ping_status":"closed","template":"","meta":{"_exactmetrics_skip_tracking":false,"_exactmetrics_sitenote_active":false,"_exactmetrics_sitenote_note":"","_exactmetrics_sitenote_category":0,"jetpack_post_was_ever_published":false,"footnotes":""},"class_list":["post-700","page","type-page","status-publish","hentry"],"jetpack_shortlink":"https:\/\/wp.me\/PCIJa-bi","jetpack_sharing_enabled":true,"jetpack-related-posts":[{"id":34,"url":"https:\/\/www.feuerwehr-brilon.de\/?page_id=34","url_meta":{"origin":700,"position":0},"title":"Impressum","author":"Daniel Vogel","date":"28. Mai 2008","format":false,"excerpt":"Seit Anfang 2002 muss der Betreiber einer gesch\u00e4ftsm\u00e4\u00dfig gef\u00fchrten Homepage eine so genannte Anbieterkennzeichnung vorhalten. Sie muss leicht erkennbar, unmittelbar erreichbar und st\u00e4ndig verf\u00fcgbar diverse Angaben zur Person machen. Mit gesch\u00e4ftsm\u00e4\u00dfig sind dabei nicht alleine gewerbliche oder kommerzielle Angebote gemeint. Die Impressumspflicht ergibt sich aus \u00a7 6 Teledienstegesetz (TDG). Es\u2026","rel":"","context":"In &quot;Allgemein&quot;","block_context":{"text":"Allgemein","link":"https:\/\/www.feuerwehr-brilon.de\/?cat=1"},"img":{"alt_text":"","src":"","width":0,"height":0},"classes":[]},{"id":14422,"url":"https:\/\/www.feuerwehr-brilon.de\/?page_id=14422","url_meta":{"origin":700,"position":1},"title":"Brandschutzerziehung &#8211; Brandschutzaufkl\u00e4rung","author":"Andreas Becker","date":"21. Februar 2017","format":false,"excerpt":"Auf dieser Seite erfahren Sie: - Was bedeutet \u00fcberhaupt \u201eBrandschutzerziehung\u201c? - Welchen Hintergrund hat die \u201eBrandschutzerziehung\u201c? - An wen richtet sich die \u201eBrandschutzerziehung\/Brandschutzaufkl\u00e4rung\u201c? - Wer f\u00fchrt die \u201eBrandschutzerziehung\/Brandschutzaufkl\u00e4rung\u201c durch? \u00a0 Brandschutzerziehung \u2013 Wieso? Weshalb? Warum? Die Brandschutzerziehung befasst sich u.a. mit dem richtigen Verhalten in einem Brandfall, dem Erlernen des\u2026","rel":"","context":"\u00c4hnlicher Beitrag","block_context":{"text":"\u00c4hnlicher Beitrag","link":""},"img":{"alt_text":"","src":"https:\/\/i0.wp.com\/www.feuerwehr-brilon.de\/wp-up\/2017\/02\/Fuchs_Streichholz-130x150.png?resize=350%2C200","width":350,"height":200},"classes":[]},{"id":9271,"url":"https:\/\/www.feuerwehr-brilon.de\/?page_id=9271","url_meta":{"origin":700,"position":2},"title":"Newsletter Anmeldung","author":"Andreas Becker","date":"20. November 2013","format":false,"excerpt":"Vielen Dank f\u00fcr Ihre Anmeldung. Sie erhalten in K\u00fcrze eine E-Mail an die angegebene E-Mail-Adresse mit einem Best\u00e4tigungslink. Klicken Sie bitte auf den Link. Wir stellen so sicher, dass Sie sich pers\u00f6nlich an unseren Newsletter angemeldet haben und kein Missbrauch Ihrer E-Mail-Adresse vorliegt. ...das Presse Team der Feuerwehr Brilon","rel":"","context":"\u00c4hnlicher Beitrag","block_context":{"text":"\u00c4hnlicher Beitrag","link":""},"img":{"alt_text":"","src":"","width":0,"height":0},"classes":[]},{"id":7,"url":"https:\/\/www.feuerwehr-brilon.de\/?page_id=7","url_meta":{"origin":700,"position":3},"title":"Brilon","author":"Marc Heines","date":"28. Mai 2008","format":false,"excerpt":"Der L\u00f6schzug Brilon ist f\u00fcr den Brandschutz in der Kernstadt (14.590 Einwohner) und Gudenhagen-Petersborn (1.293 Einwohner) zust\u00e4ndig. Daneben unterst\u00fctzt er die L\u00f6schgruppen bei gr\u00f6\u00dferen Eins\u00e4tzen. Er gliedert sich in vier Abteilungen: Einsatzabteilung Hier befinden sich alle aktiven Brandsch\u00fctzer der Einsatzabteilung. weiter xxxxxxxxxx MITGLIED werden Jugendfeuerwehr Seit \u00fcber 40 Jahren unterh\u00e4lt\u2026","rel":"","context":"In &quot;Allgemein&quot;","block_context":{"text":"Allgemein","link":"https:\/\/www.feuerwehr-brilon.de\/?cat=1"},"img":{"alt_text":"","src":"https:\/\/i0.wp.com\/www.feuerwehr-brilon.de\/wp-up\/2020\/04\/Gruppenbild_LZBrilon_010-500x281.jpg?resize=350%2C200&ssl=1","width":350,"height":200,"srcset":"https:\/\/i0.wp.com\/www.feuerwehr-brilon.de\/wp-up\/2020\/04\/Gruppenbild_LZBrilon_010-500x281.jpg?resize=350%2C200&ssl=1 1x, https:\/\/i0.wp.com\/www.feuerwehr-brilon.de\/wp-up\/2020\/04\/Gruppenbild_LZBrilon_010-500x281.jpg?resize=525%2C300&ssl=1 1.5x, https:\/\/i0.wp.com\/www.feuerwehr-brilon.de\/wp-up\/2020\/04\/Gruppenbild_LZBrilon_010-500x281.jpg?resize=700%2C400&ssl=1 2x"},"classes":[]},{"id":701,"url":"https:\/\/www.feuerwehr-brilon.de\/?page_id=701","url_meta":{"origin":700,"position":4},"title":"ICH MACH MIT","author":"Marc Heines","date":"13. April 2010","format":false,"excerpt":"\"Ich kann mir kein sch\u00f6neres Hobby vorstellen\" Mit dieser Aussage sind sich alle Feuerwehrfrauen und -m\u00e4nner einig. Gerade die Vielseitigkeit findet sich in keinem anderen Bereich. Interessierst Du dich f\u00fcr: Jugendarbeit \u00a0 \u00a0 \u00a0 \u00a0 \u00a0 \u00a0 \u00a0 \u00a0 \u00a0 \u00a0 \u00a0 \u00a0\u00a0 Klettern \u00a0 \u00a0 \u00a0 \u00a0 \u00a0 \u00a0\u2026","rel":"","context":"In &quot;Allgemein&quot;","block_context":{"text":"Allgemein","link":"https:\/\/www.feuerwehr-brilon.de\/?cat=1"},"img":{"alt_text":"ICH MACH MIT","src":"https:\/\/i0.wp.com\/www.feuerwehr-brilon.de\/wp-up\/2010\/04\/gruppe_internet.jpg?resize=350%2C200","width":350,"height":200},"classes":[]},{"id":41,"url":"https:\/\/www.feuerwehr-brilon.de\/?page_id=41","url_meta":{"origin":700,"position":5},"title":"Fettexplosion","author":"Daniel Vogel","date":"29. Mai 2008","format":false,"excerpt":"Immer wieder h\u00f6rt oder liest man in Berichten den Begriff Fettexplosion. Aber was passiert bei einer Fettexplosion ? Wie kann sie verhindert werden ? Wir bedanken uns an dieser Stelle bei den Freiwilligen Feuerwehren Hamburg-Altona und Hamburg-Langenhorn, die uns diese Bilder zur Verf\u00fcgung gestellt haben. Eine Fettexplosion entsteht beim Eingie\u00dfen\u2026","rel":"","context":"In &quot;Allgemein&quot;","block_context":{"text":"Allgemein","link":"https:\/\/www.feuerwehr-brilon.de\/?cat=1"},"img":{"alt_text":"","src":"","width":0,"height":0},"classes":[]}],"_links":{"self":[{"href":"https:\/\/www.feuerwehr-brilon.de\/index.php?rest_route=\/wp\/v2\/pages\/700","targetHints":{"allow":["GET"]}}],"collection":[{"href":"https:\/\/www.feuerwehr-brilon.de\/index.php?rest_route=\/wp\/v2\/pages"}],"about":[{"href":"https:\/\/www.feuerwehr-brilon.de\/index.php?rest_route=\/wp\/v2\/types\/page"}],"author":[{"embeddable":true,"href":"https:\/\/www.feuerwehr-brilon.de\/index.php?rest_route=\/wp\/v2\/users\/6"}],"replies":[{"embeddable":true,"href":"https:\/\/www.feuerwehr-brilon.de\/index.php?rest_route=%2Fwp%2Fv2%2Fcomments&post=700"}],"version-history":[{"count":2,"href":"https:\/\/www.feuerwehr-brilon.de\/index.php?rest_route=\/wp\/v2\/pages\/700\/revisions"}],"predecessor-version":[{"id":29681,"href":"https:\/\/www.feuerwehr-brilon.de\/index.php?rest_route=\/wp\/v2\/pages\/700\/revisions\/29681"}],"wp:attachment":[{"href":"https:\/\/www.feuerwehr-brilon.de\/index.php?rest_route=%2Fwp%2Fv2%2Fmedia&parent=700"}],"curies":[{"name":"wp","href":"https:\/\/api.w.org\/{rel}","templated":true}]}}

Wir über uns

<h4>Feuerwehr Brilon</h4>
<p>das bedeutet</p>
<ul>
<li>13 Einheiten mit fast 440 aktiven Feuerwehrleuten</li>
<li>7 Jugendfeuerwehren mit etwa 72 Jugendlichen</li>
<li>1 Tambourkorps mit über 54 Musikerinnen und Musikern</li>
</ul>
<p>aber auch</p>
<ul>
<li>einsatzbereit rund um die Uhr</li>
<li>viele tausend Stunden an Aus- und Fortbildungen</li>
<li>allgemeine Jugendarbeit</li>
<li>musikalische  Begleitung von Anlässen aller Art</li>
<li>Unterstützung der Stadt Brilon und vielen Vereinen, z.B. bei Verkehrssicherungen, Ausleuchten von Festakten u.v.m.</li>
<li>&#8230;</li>
</ul>
<p>und das alles freiwillig und ehrenamtlich.</p>
<p>In Brilon gibt es keine Berufsfeuerwehrleute. Jedes Mitglied der Feuerwehr Brilon besucht Lehrgänge, Seminare, Fortbildungen&#8230; vollkommen unentgeltlich.</p>
<p>Wenn Sie Interesse bekommen haben uns zu unterstützen, oder gar mit zu machen.</p>
<p>Nehmen Sie doch einfach Kontakt mit uns auf. Wir melden uns garantiert zurück. <a href="mailto:presse@feuerwehr-brilon.de">KONTAKT</a></p>
<p>Im Folgenden wollen wir Ihnen einige Funktionen innerhalb der Feuerwehr Brilon vorstellen.</p>
<h2>Führung</h2>
<p>Die Freiwillige Feuerwehr wird geleitet vom Leiter der Feuerwehr und seinen beiden Stellvertretern.</p>
<p><a href="http://www.feuerwehr-brilon.de/?page_id=1691">weiter</a></p>
<h2>Löschzugführung und Löschgruppenführer</h2>
<p>Die LZ/LG-führer unterstützen die Wehrführung und übernehmen die Leitung in ihren Ortschaften.</p>
<p><a href="http://www.feuerwehr-brilon.de/?page_id=687">weiter</a></p>
<h2>Pressesprecher</h2>
<p>Die Pressesprecher sind zuständig für sämtliche Kommunikation nach außen.</p>
<p><a href="http://www.feuerwehr-brilon.de/?page_id=1725">weiter</a></p>
<h2>Sicherheitsbeauftragter</h2>
<p>Der Sicherheitsbeauftragte berät die Verantwortlichen über die aktuellen Regelungen der UVV</p>
<p><a href="http://www.feuerwehr-brilon.de/?page_id=1721">weiter</a></p>
<h2>Jugendfeuerwehrwarte</h2>
<p>Die Jugendfeuerwehrwarte sind zuständig für die jeweiligen Jugendabteilungen innerhalb einer Löschgruppe</p>
<p><a href="http://www.feuerwehr-brilon.de/?page_id=1737">weiter</a></p>
<p>weitere Informationen über die Feuerwehr Brilon</p>

<p>Feuerwehr Brilon das bedeutet 13 Einheiten mit fast 440 aktiven Feuerwehrleuten 7 Jugendfeuerwehren mit etwa 72 Jugendlichen 1 Tambourkorps mit über 54 Musikerinnen und Musikern aber auch einsatzbereit rund um die Uhr viele tausend Stunden an Aus- und Fortbildungen allgemeine Jugendarbeit musikalische  Begleitung von Anlässen aller Art Unterstützung der Stadt Brilon und vielen Vereinen, z.B. [&hellip;]</p>

Seit Anfang 2002 muss der Betreiber einer geschäftsmäßig geführten Homepage eine so genannte Anbieterkennzeichnung vorhalten. Sie muss leicht erkennbar, unmittelbar erreichbar und ständig verfügbar diverse Angaben zur Person machen. Mit geschäftsmäßig sind dabei nicht alleine gewerbliche oder kommerzielle Angebote gemeint. Die Impressumspflicht ergibt sich aus § 6 Teledienstegesetz (TDG). Es…

Brandschutzerziehung &#8211; Brandschutzaufklärung

Auf dieser Seite erfahren Sie: - Was bedeutet überhaupt „Brandschutzerziehung“? - Welchen Hintergrund hat die „Brandschutzerziehung“? - An wen richtet sich die „Brandschutzerziehung/Brandschutzaufklärung“? - Wer führt die „Brandschutzerziehung/Brandschutzaufklärung“ durch?   Brandschutzerziehung – Wieso? Weshalb? Warum? Die Brandschutzerziehung befasst sich u.a. mit dem richtigen Verhalten in einem Brandfall, dem Erlernen des…

Ähnlicher Beitrag

Vielen Dank für Ihre Anmeldung. Sie erhalten in Kürze eine E-Mail an die angegebene E-Mail-Adresse mit einem Bestätigungslink. Klicken Sie bitte auf den Link. Wir stellen so sicher, dass Sie sich persönlich an unseren Newsletter angemeldet haben und kein Missbrauch Ihrer E-Mail-Adresse vorliegt. ...das Presse Team der Feuerwehr Brilon

Der Löschzug Brilon ist für den Brandschutz in der Kernstadt (14.590 Einwohner) und Gudenhagen-Petersborn (1.293 Einwohner) zuständig. Daneben unterstützt er die Löschgruppen bei größeren Einsätzen. Er gliedert sich in vier Abteilungen: Einsatzabteilung Hier befinden sich alle aktiven Brandschützer der Einsatzabteilung. weiter xxxxxxxxxx MITGLIED werden Jugendfeuerwehr Seit über 40 Jahren unterhält…

"Ich kann mir kein schöneres Hobby vorstellen" Mit dieser Aussage sind sich alle Feuerwehrfrauen und -männer einig. Gerade die Vielseitigkeit findet sich in keinem anderen Bereich. Interessierst Du dich für: Jugendarbeit                          Klettern            …

Immer wieder hört oder liest man in Berichten den Begriff Fettexplosion. Aber was passiert bei einer Fettexplosion ? Wie kann sie verhindert werden ? Wir bedanken uns an dieser Stelle bei den Freiwilligen Feuerwehren Hamburg-Altona und Hamburg-Langenhorn, die uns diese Bilder zur Verfügung gestellt haben. Eine Fettexplosion entsteht beim Eingießen…
