{"id":803,"date":"2009-08-28T19:38:28","date_gmt":"2009-08-28T17:38:28","guid":{"rendered":"http:\/\/www.feuerwehr-brilon.de\/?page_id=803"},"modified":"2025-05-30T13:52:29","modified_gmt":"2025-05-30T11:52:29","slug":"dlk-2312gl-brilon","status":"publish","type":"page","link":"https:\/\/www.feuerwehr-brilon.de\/?page_id=803","title":{"rendered":"Dreh-Leiter-mit Korb 23\/12GL &#8211; Brilon ++ALT++"},"content":{"rendered":"<table>\n<tbody>\n<tr>\n<td width=\"440\"><a href=\"\/images\/fahrzeuge\/dlk_23_12_gross_1.jpg\" rel=\"lightbox\"><img decoding=\"async\" class=\"alignleft size-thumbnail wp-image-16281\" src=\"\/images\/fahrzeuge\/dlk_23_12_gross_1.jpg\" alt=\"DLK 23\/12 GL CC\" width=\"\" height=\"\"><\/a><\/td>\n<td>\n<a href=\"\/images\/fahrzeuge\/dlk_23_12_gross_1.jpg\" rel=\"lightbox\"><img loading=\"lazy\" decoding=\"async\" class=\"aligright size-thumbnail wp-image-16281 alignright\" src=\"\/images\/fahrzeuge\/dlk_23_12_gross_1.jpg\" alt=\"DLK 23\/12 GL CC\" width=\"132\" height=\"88\"><\/a><br \/>\n<a href=\"\/images\/fahrzeuge\/dlk_23_12_gross_2.jpg\" rel=\"lightbox\"><img loading=\"lazy\" decoding=\"async\" class=\"aligright size-thumbnail wp-image-16281 alignright\" src=\"\/images\/fahrzeuge\/dlk_23_12_gross_2.jpg\" alt=\"DLK 23\/12 GL CC\" width=\"132\" height=\"88\"><\/a><br \/>\n<a href=\"\/images\/fahrzeuge\/dlk_23_12_gross_3.jpg\" rel=\"lightbox\"><img loading=\"lazy\" decoding=\"async\" class=\"aligright size-thumbnail wp-image-16281 alignright\" src=\"\/images\/fahrzeuge\/dlk_23_12_gross_3.jpg\" alt=\"DLK 23\/12 GL CC\" width=\"132\" height=\"88\"><\/a>\n<\/td>\n<\/tr>\n<\/tbody>\n<\/table>\n<table class=\"vehicle\">\n<thead>\n<tr>\n<th colspan=\"2\">Allgemeine Informationen:<\/th>\n<\/tr>\n<\/thead>\n<tbody>\n<tr>\n<td class=\"vehicletext\">Typ<\/td>\n<td class=\"vehicledata\">DLK 23\/12 GL CC<\/td>\n<\/tr>\n<tr>\n<td class=\"vehicletext\">Besatzung<\/td>\n<td class=\"vehicledata\">1 \/ 2<\/td>\n<\/tr>\n<tr>\n<td class=\"vehicletext\">Funkrufname<\/td>\n<td class=\"vehicledata\">Florian Brilon 1 DLK23 1<\/td>\n<\/tr>\n<tr>\n<td class=\"vehicletext\">Standort<\/td>\n<td class=\"vehicledata\">Brilon<\/td>\n<\/tr>\n<\/tbody>\n<\/table>\n<table class=\"vehicle\">\n<thead>\n<tr>\n<th colspan=\"2\">Technische Daten:<\/th>\n<\/tr>\n<\/thead>\n<tbody>\n<tr>\n<td class=\"vehicletext\">Baujahr<\/td>\n<td class=\"vehicledata\">1998<\/td>\n<\/tr>\n<tr>\n<td class=\"vehicletext\">Leistung<\/td>\n<td class=\"vehicledata\">167 KW \/ 227 PS<\/td>\n<\/tr>\n<tr>\n<td class=\"vehicletext\">Hersteller<\/td>\n<td class=\"vehicledata\">Iveco<\/td>\n<\/tr>\n<tr>\n<td class=\"vehicletext\">Fahrgestell<\/td>\n<td class=\"vehicledata\">150 E 23<\/td>\n<\/tr>\n<tr>\n<td class=\"vehicletext\">Aufbau<\/td>\n<td class=\"vehicledata\">Iveco Magirus<\/td>\n<\/tr>\n<tr>\n<td class=\"vehicletext\">Gewicht<\/td>\n<td class=\"vehicledata\">14 t<\/td>\n<\/tr>\n<tr>\n<td class=\"vehicletext\">Nennrettungsh\u00f6he<\/td>\n<td class=\"vehicledata\">23m bei 12m Ausladung<\/td>\n<\/tr>\n<tr>\n<td class=\"vehicletext\">Gelenkteil<\/td>\n<td class=\"vehicledata\">3,5m bis 75\u00b0 abknickbar<\/td>\n<\/tr>\n<\/tbody>\n<\/table>\n<table class=\"vehicle\">\n<thead>\n<tr>\n<th colspan=\"2\">Besonderheiten:<\/th>\n<\/tr>\n<\/thead>\n<tbody>\n<tr>\n<td class=\"vehicletext\" colspan=\"2\">Stromerzeuger 8kVA, Hochleistungsl\u00fcfter, Wenderohr, Krankentragehalterung, Abseilvorrichtung, 3000 Watt Flutlichtscheinwerfer, Rollgliss-Rettungsger\u00e4t, Ferno-Schleifkorb<\/td>\n<\/tr>\n<\/tbody>\n<\/table>\n","protected":false},"excerpt":{"rendered":"<p>Allgemeine Informationen: Typ DLK 23\/12 GL CC Besatzung 1 \/ 2 Funkrufname Florian Brilon 1 DLK23 1 Standort Brilon Technische Daten: Baujahr 1998 Leistung 167 KW \/ 227 PS Hersteller Iveco Fahrgestell 150 E 23 Aufbau Iveco Magirus Gewicht 14 t Nennrettungsh\u00f6he 23m bei 12m Ausladung Gelenkteil 3,5m bis 75\u00b0 abknickbar Besonderheiten: Stromerzeuger 8kVA, Hochleistungsl\u00fcfter, [&hellip;]<\/p>\n","protected":false},"author":8,"featured_media":0,"parent":11,"menu_order":0,"comment_status":"closed","ping_status":"closed","template":"","meta":{"_exactmetrics_skip_tracking":false,"_exactmetrics_sitenote_active":false,"_exactmetrics_sitenote_note":"","_exactmetrics_sitenote_category":0,"jetpack_post_was_ever_published":false,"footnotes":""},"class_list":["post-803","page","type-page","status-publish","hentry"],"jetpack_shortlink":"https:\/\/wp.me\/PCIJa-cX","jetpack_sharing_enabled":true,"jetpack-related-posts":[{"id":33469,"url":"https:\/\/www.feuerwehr-brilon.de\/?page_id=33469","url_meta":{"origin":803,"position":0},"title":"Dreh-Leiter-mit Korb 23\/12 &#8211; Brilon","author":"Andreas Becker","date":"30. Mai 2025","format":false,"excerpt":"Allgemeine Informationen: Typ L32 A XS 3.2 Besatzung 1 \/ 1 Funkrufname Florian Brilon 1 DLK23 1 Standort Brilon Technische Daten: Baujahr 2024 Leistung 235 KW \/ 320 PS Hersteller MAN Fahrgestell TGM 15.320 Aufbau Rosenbauer Gewicht 16 t Nennrettungsh\u00f6he 23m bei 12m Ausladung Gelenkteil 3,5m bis 75\u00b0 abknickbar Besonderheiten:\u2026","rel":"","context":"\u00c4hnlicher Beitrag","block_context":{"text":"\u00c4hnlicher Beitrag","link":""},"img":{"alt_text":"DLK 23\/12 GL CC","src":"\/images\/fahrzeuge\/dlk_2312_gross_1.jpg","width":350,"height":200,"srcset":"\/images\/fahrzeuge\/dlk_2312_gross_1.jpg 1x, \/images\/fahrzeuge\/dlk_2312_gross_1.jpg 1.5x, \/images\/fahrzeuge\/dlk_2312_gross_1.jpg 2x"},"classes":[]},{"id":464,"url":"https:\/\/www.feuerwehr-brilon.de\/?page_id=464","url_meta":{"origin":803,"position":1},"title":"DLK 23\/12","author":"Marc Heines","date":"13. Dezember 2008","format":false,"excerpt":"Die Drehleiter mit Korb, DLK 23-12, stammt aus dem Jahre 1974 und war bis 1998 beim L\u00f6schzug Brilon im Einsatz. Typ DLK 23-12 Leistung 129 KW \/ 176 PS Baujahr 1974 Gewicht 13.000 kg Fahrgestell Magirus FM 170 D 12 F Besatzung 1 + 5 Aufbau Magirus Leiterl\u00e4nge 30 m\u2026","rel":"","context":"In &quot;Allgemein&quot;","block_context":{"text":"Allgemein","link":"https:\/\/www.feuerwehr-brilon.de\/?cat=1"},"img":{"alt_text":"","src":"https:\/\/i0.wp.com\/www.feuerwehr-brilon.de\/wp-up\/2008\/12\/dlk_23-12.jpg?resize=350%2C200","width":350,"height":200},"classes":[]},{"id":700,"url":"https:\/\/www.feuerwehr-brilon.de\/?page_id=700","url_meta":{"origin":803,"position":2},"title":"Wir \u00fcber uns","author":"Marc Heines","date":"20. November 2009","format":false,"excerpt":"Feuerwehr Brilon das bedeutet 13 Einheiten mit fast 440 aktiven Feuerwehrleuten 7 Jugendfeuerwehren mit etwa 72 Jugendlichen 1 Tambourkorps mit \u00fcber 54 Musikerinnen und Musikern aber auch einsatzbereit rund um die Uhr viele tausend Stunden an Aus- und Fortbildungen allgemeine Jugendarbeit musikalische\u00a0 Begleitung von Anl\u00e4ssen aller Art Unterst\u00fctzung der Stadt\u2026","rel":"","context":"In &quot;Allgemein&quot;","block_context":{"text":"Allgemein","link":"https:\/\/www.feuerwehr-brilon.de\/?cat=1"},"img":{"alt_text":"","src":"","width":0,"height":0},"classes":[]},{"id":36,"url":"https:\/\/www.feuerwehr-brilon.de\/?page_id=36","url_meta":{"origin":803,"position":3},"title":"Ratgeber","author":"Daniel Vogel","date":"28. Mai 2008","format":false,"excerpt":"Hier erhalten Sie allgemeine Informationen zum Brandschutz, zu Notf\u00e4llen, Notruf, Rauchmeldern, Feuerl\u00f6schern und Fettexplosionen. Daneben k\u00f6nnen Sie hier Informationen zu Wespen und den Umgang mit Ihnen abrufen. Das richtige Verhalten Der richtige Notruf Fettexplosion Feuerl\u00f6scher Freie Fahrt Hausnummern Notruf Fax Rauchmelder Silvestertipps Weihnachtszeit Wespen und Hornissen","rel":"","context":"In &quot;Allgemein&quot;","block_context":{"text":"Allgemein","link":"https:\/\/www.feuerwehr-brilon.de\/?cat=1"},"img":{"alt_text":"","src":"","width":0,"height":0},"classes":[]},{"id":749,"url":"https:\/\/www.feuerwehr-brilon.de\/?page_id=749","url_meta":{"origin":803,"position":4},"title":"Einsatz-Leit-Wagen 01 &#8211; Brilon","author":"Andreas Becker","date":"25. August 2009","format":false,"excerpt":"Allgemeine Informationen: Typ ELW Besatzung 1 \/ 2 Funkrufname Florian Brilon 1 ELW1 1 Standort Brilon Technische Daten: Baujahr 2005 Leistung 81 KW \/ 110 PS Hersteller Mercedes-Benz Fahrgestell Sprinter 311 CDI Aufbau Schmitz Gewicht 3,49 t Besonderheiten: Verschiedene Funkger\u00e4te zur Einsatzleitung an der Einsatzstelle im 2m und 4m Band\u2026","rel":"","context":"In &quot;Allgemein&quot;","block_context":{"text":"Allgemein","link":"https:\/\/www.feuerwehr-brilon.de\/?cat=1"},"img":{"alt_text":"ELW","src":"\/images\/fahrzeuge\/elw_1_1_gross_1.jpg","width":350,"height":200,"srcset":"\/images\/fahrzeuge\/elw_1_1_gross_1.jpg 1x, \/images\/fahrzeuge\/elw_1_1_gross_1.jpg 1.5x, \/images\/fahrzeuge\/elw_1_1_gross_1.jpg 2x"},"classes":[]},{"id":802,"url":"https:\/\/www.feuerwehr-brilon.de\/?page_id=802","url_meta":{"origin":803,"position":5},"title":"Hilfeleistungs-L\u00f6schgruppen-Fahrzeug 20-02 &#8211; Brilon","author":"Andreas Becker","date":"25. August 2009","format":false,"excerpt":"\u00a0 Allgemeine Informationen: Typ HLF 20 Besatzung 1 \/ 8 Funkrufname Florian Brilon 1 HLF20 2 Standort Brilon Technische Daten: Baujahr 1999 Leistung 221 KW \/ 300 PS Hersteller Iveco Magirus Fahrgestell 190 EH 30W Aufbau Magirus \/ Fa. Zweiweg Gewicht 20 t Wassertank 1400 l Pumpenleistung 2400 l\/min bei\u2026","rel":"","context":"In &quot;Allgemein&quot;","block_context":{"text":"Allgemein","link":"https:\/\/www.feuerwehr-brilon.de\/?cat=1"},"img":{"alt_text":"HLF-2","src":"\/images\/fahrzeuge\/hlf_24_14_gross_1.JPG","width":350,"height":200,"srcset":"\/images\/fahrzeuge\/hlf_24_14_gross_1.JPG 1x, \/images\/fahrzeuge\/hlf_24_14_gross_1.JPG 1.5x, \/images\/fahrzeuge\/hlf_24_14_gross_1.JPG 2x"},"classes":[]}],"_links":{"self":[{"href":"https:\/\/www.feuerwehr-brilon.de\/index.php?rest_route=\/wp\/v2\/pages\/803","targetHints":{"allow":["GET"]}}],"collection":[{"href":"https:\/\/www.feuerwehr-brilon.de\/index.php?rest_route=\/wp\/v2\/pages"}],"about":[{"href":"https:\/\/www.feuerwehr-brilon.de\/index.php?rest_route=\/wp\/v2\/types\/page"}],"author":[{"embeddable":true,"href":"https:\/\/www.feuerwehr-brilon.de\/index.php?rest_route=\/wp\/v2\/users\/8"}],"replies":[{"embeddable":true,"href":"https:\/\/www.feuerwehr-brilon.de\/index.php?rest_route=%2Fwp%2Fv2%2Fcomments&post=803"}],"version-history":[{"count":3,"href":"https:\/\/www.feuerwehr-brilon.de\/index.php?rest_route=\/wp\/v2\/pages\/803\/revisions"}],"predecessor-version":[{"id":33506,"href":"https:\/\/www.feuerwehr-brilon.de\/index.php?rest_route=\/wp\/v2\/pages\/803\/revisions\/33506"}],"up":[{"embeddable":true,"href":"https:\/\/www.feuerwehr-brilon.de\/index.php?rest_route=\/wp\/v2\/pages\/11"}],"wp:attachment":[{"href":"https:\/\/www.feuerwehr-brilon.de\/index.php?rest_route=%2Fwp%2Fv2%2Fmedia&parent=803"}],"curies":[{"name":"wp","href":"https:\/\/api.w.org\/{rel}","templated":true}]}}