{"id":812,"date":"2009-10-14T20:17:37","date_gmt":"2009-10-14T18:17:37","guid":{"rendered":"http:\/\/www.feuerwehr-brilon.de\/?page_id=812"},"modified":"2018-12-29T15:52:07","modified_gmt":"2018-12-29T14:52:07","slug":"stlf-10-alme","status":"publish","type":"page","link":"https:\/\/www.feuerwehr-brilon.de\/?page_id=812","title":{"rendered":"Mittleres-L\u00f6sch-Fahrzeug &#8211; Alme"},"content":{"rendered":"<table>\n<tbody>\n<tr>\n<td width=\"440\"><a href=\"\/images\/fahrzeuge\/stlf_alme_1.JPG\" rel=\"lightbox\"><img decoding=\"async\" class=\"alignleft size-thumbnail wp-image-16281\" src=\"\/images\/fahrzeuge\/stlf_alme_gross_1.JPG\" alt=\"StLF 10\/6\" width=\"\" height=\"\"><\/a><\/td>\n<td>\n<a href=\"\/images\/fahrzeuge\/stlf_alme_gross_1.JPG\" rel=\"lightbox\"><img loading=\"lazy\" decoding=\"async\" class=\"aligright size-thumbnail wp-image-16281 alignright\" src=\"\/images\/fahrzeuge\/stlf_alme_klein_1.JPG\" alt=\"StLF 10\/6\" width=\"132\" height=\"88\"><\/a><br \/>\n<a href=\"\/images\/fahrzeuge\/stlf_alme_gross_2.JPG\" rel=\"lightbox\"><img loading=\"lazy\" decoding=\"async\" class=\"aligright size-thumbnail wp-image-16281 alignright\" src=\"\/images\/fahrzeuge\/stlf_alme_klein_2.JPG\" alt=\"StLF 10\/6\" width=\"132\" height=\"88\"><\/a><br \/>\n<a href=\"\/images\/fahrzeuge\/stlf_alme_gross_3.JPG\" rel=\"lightbox\"><img decoding=\"async\" class=\"aligright size-thumbnail wp-image-16281 alignright\" src=\"\/images\/fahrzeuge\/stlf_alme_klein_3.JPG\" alt=\"StLF 10\/6\" width=\"\" height=\"\"><\/a>\n<\/td>\n<\/tr>\n<\/tbody>\n<\/table>\n<p>&nbsp;<\/p>\n<table class=\"vehicle\">\n<thead>\n<tr>\n<th colspan=\"2\">Allgemeine Informationen:<\/th>\n<\/tr>\n<\/thead>\n<tbody>\n<tr>\n<td class=\"vehicletext\">Typ<\/td>\n<td class=\"vehicledata\">MLF<\/td>\n<\/tr>\n<tr>\n<td class=\"vehicletext\">Besatzung<\/td>\n<td class=\"vehicledata\">1 \/ 6<\/td>\n<\/tr>\n<tr>\n<td class=\"vehicletext\">Funkrufname<\/td>\n<td class=\"vehicledata\">Florian Brilon 2 MLF 1<\/td>\n<\/tr>\n<tr>\n<td class=\"vehicletext\">Standort<\/td>\n<td class=\"vehicledata\">Alme<\/td>\n<\/tr>\n<\/tbody>\n<\/table>\n<table class=\"vehicle\">\n<thead>\n<tr>\n<th colspan=\"2\">Technische Daten:<\/th>\n<\/tr>\n<\/thead>\n<tbody>\n<tr>\n<td class=\"vehicletext\">Baujahr<\/td>\n<td class=\"vehicledata\">2004<\/td>\n<\/tr>\n<tr>\n<td class=\"vehicletext\">Leistung<\/td>\n<td class=\"vehicledata\">110 KW \/ 150 PS<\/td>\n<\/tr>\n<tr>\n<td class=\"vehicletext\">Hersteller<\/td>\n<td class=\"vehicledata\">Mercedes Benz<\/td>\n<\/tr>\n<tr>\n<td class=\"vehicletext\">Fahrgestell<\/td>\n<td class=\"vehicledata\">815 D<\/td>\n<\/tr>\n<tr>\n<td class=\"vehicletext\">Aufbau<\/td>\n<td class=\"vehicledata\">Ziegler<\/td>\n<\/tr>\n<tr>\n<td class=\"vehicletext\">Gewicht<\/td>\n<td class=\"vehicledata\">7,49 t<\/td>\n<\/tr>\n<tr>\n<td class=\"vehicletext\">Wassertank<\/td>\n<td class=\"vehicledata\">500 l<\/td>\n<\/tr>\n<tr>\n<td class=\"vehicletext\">Pumpenleistung<\/td>\n<td class=\"vehicledata\">1000 l\/min bei 10 bar<\/td>\n<\/tr>\n<\/tbody>\n<\/table>\n<table class=\"vehicle\">\n<thead>\n<tr>\n<th colspan=\"2\">Besonderheiten:<\/th>\n<\/tr>\n<\/thead>\n<tbody>\n<tr>\n<td class=\"vehicletext\" colspan=\"2\">Differentialsperre, Tragkraftspritze TS 8\/8; Leistung: 800 Liter\/Minute, Atemschutzger\u00e4te, Stromaggregat 5,5kVA, Spreizer-SP 30LS, Rettungsschere S270, Rettunszylinder 1-2, Lichtmast 2000 Watt<\/td>\n<\/tr>\n<\/tbody>\n<\/table>\n","protected":false},"excerpt":{"rendered":"<p>&nbsp; Allgemeine Informationen: Typ MLF Besatzung 1 \/ 6 Funkrufname Florian Brilon 2 MLF 1 Standort Alme Technische Daten: Baujahr 2004 Leistung 110 KW \/ 150 PS Hersteller Mercedes Benz Fahrgestell 815 D Aufbau Ziegler Gewicht 7,49 t Wassertank 500 l Pumpenleistung 1000 l\/min bei 10 bar Besonderheiten: Differentialsperre, Tragkraftspritze TS 8\/8; Leistung: 800 Liter\/Minute, [&hellip;]<\/p>\n","protected":false},"author":8,"featured_media":0,"parent":11,"menu_order":0,"comment_status":"closed","ping_status":"closed","template":"","meta":{"_exactmetrics_skip_tracking":false,"_exactmetrics_sitenote_active":false,"_exactmetrics_sitenote_note":"","_exactmetrics_sitenote_category":0,"jetpack_post_was_ever_published":false,"footnotes":""},"class_list":["post-812","page","type-page","status-publish","hentry"],"jetpack_shortlink":"https:\/\/wp.me\/PCIJa-d6","jetpack_sharing_enabled":true,"jetpack-related-posts":[{"id":817,"url":"https:\/\/www.feuerwehr-brilon.de\/?page_id=817","url_meta":{"origin":812,"position":0},"title":"Mittleres-L\u00f6sch-Fahrzeug &#8211; Th\u00fclen","author":"Andreas Becker","date":"28. August 2009","format":false,"excerpt":"\u00a0 Allgemeine Informationen: Typ MLF Besatzung 1 \/ 5 Funkrufname Florian Brilon 12 MLF 1 Standort Th\u00fclen Technische Daten: Baujahr 2005 Leistung 110 KW \/ 150 PS Hersteller Mercedes Benz Fahrgestell 815D Aufbau Schlingmann Gewicht 7,49 t Wassertank 750 Pumpenleistung 2000 l\/min bei 10 bar Besonderheiten: Stromerzeuger 5 kVA, Tragkraftspritze,\u2026","rel":"","context":"In &quot;Allgemein&quot;","block_context":{"text":"Allgemein","link":"https:\/\/www.feuerwehr-brilon.de\/?cat=1"},"img":{"alt_text":"StLF 10\/6","src":"\/images\/fahrzeuge\/stlf_thuelen_gross_1.JPG","width":350,"height":200,"srcset":"\/images\/fahrzeuge\/stlf_thuelen_gross_1.JPG 1x, \/images\/fahrzeuge\/stlf_thuelen_gross_1.JPG 1.5x, \/images\/fahrzeuge\/stlf_thuelen_gross_1.JPG 2x"},"classes":[]},{"id":816,"url":"https:\/\/www.feuerwehr-brilon.de\/?page_id=816","url_meta":{"origin":812,"position":1},"title":"Mittleres-L\u00f6sch-Fahrzeug &#8211; Altenb\u00fcren","author":"Andreas Becker","date":"28. August 2009","format":false,"excerpt":"\u00a0 Allgemeine Informationen: Typ MLF Besatzung 1 \/ 6 Funkrufname Florian Brilon 3 MLF 1 Standort Altenb\u00fcren Technische Daten: Baujahr 2005 Leistung 110 KW \/ 150 PS Hersteller Mercedes Benz Fahrgestell 815 D Aufbau Schlingmann Gewicht 7,49 t Wassertank 750 l Pumpenleistung 2000 l\/min bei 10 bar Besonderheiten: Stromerzeuger 5kVa,\u2026","rel":"","context":"In &quot;Allgemein&quot;","block_context":{"text":"Allgemein","link":"https:\/\/www.feuerwehr-brilon.de\/?cat=1"},"img":{"alt_text":"StLF 10\/6","src":"\/images\/fahrzeuge\/stlf_altenb_gross_1.JPG","width":350,"height":200,"srcset":"\/images\/fahrzeuge\/stlf_altenb_gross_1.JPG 1x, \/images\/fahrzeuge\/stlf_altenb_gross_1.JPG 1.5x, \/images\/fahrzeuge\/stlf_altenb_gross_1.JPG 2x"},"classes":[]},{"id":1355,"url":"https:\/\/www.feuerwehr-brilon.de\/?page_id=1355","url_meta":{"origin":812,"position":2},"title":"Mittleres-L\u00f6sch-Fahrzeug &#8211; Scharfenberg","author":"Andreas Becker","date":"28. August 2009","format":false,"excerpt":"\u00a0 Allgemeine Informationen: Typ MLF Besatzung 1 \/ 6 Funkrufname Florian Brilon 11 MLF 1 Standort Scharfenberg Technische Daten: Baujahr 2009 Leistung 115 KW \/ 156 PS Hersteller Mercedes-Benz Fahrgestell Atego 816F Aufbau Schlingmann Gewicht 8,6 t Wassertank 1000 Liter Pumpenleistung 2000 l \/ min bei 10 bar Besonderheiten: Stomerzeuger\u2026","rel":"","context":"In &quot;Allgemein&quot;","block_context":{"text":"Allgemein","link":"https:\/\/www.feuerwehr-brilon.de\/?cat=1"},"img":{"alt_text":"StLF 10\/6","src":"\/images\/fahrzeuge\/stlf_10_6_scharfenberg_gross_1.JPG","width":350,"height":200,"srcset":"\/images\/fahrzeuge\/stlf_10_6_scharfenberg_gross_1.JPG 1x, \/images\/fahrzeuge\/stlf_10_6_scharfenberg_gross_1.JPG 1.5x, \/images\/fahrzeuge\/stlf_10_6_scharfenberg_gross_1.JPG 2x"},"classes":[]},{"id":30996,"url":"https:\/\/www.feuerwehr-brilon.de\/?page_id=30996","url_meta":{"origin":812,"position":3},"title":"Mittleres-L\u00f6sch-Fahrzeug &#8211; Brilon (Au\u00dfenwache)","author":"Andreas Becker","date":"19. April 2023","format":false,"excerpt":"\u00a0 Allgemeine Informationen: Typ MLF Besatzung 1 \/ 5 Funkrufname Florian Brilon 1 MLF 1 Standort Brilon - Au\u00dfenwache Technische Daten: Baujahr 2022 Leistung 162 KW \/ 220 PS Hersteller MAN Fahrgestell TGL 10.220 Aufbau WISS Gewicht 10 t Wassertank 1000 l Pumpenleistung 1500 l\/min bei 10 bar Besonderheiten: 4\u2026","rel":"","context":"\u00c4hnlicher Beitrag","block_context":{"text":"\u00c4hnlicher Beitrag","link":""},"img":{"alt_text":"MLF-1","src":"\/images\/fahrzeuge\/MLF_gross_1.JPG","width":350,"height":200,"srcset":"\/images\/fahrzeuge\/MLF_gross_1.JPG 1x, \/images\/fahrzeuge\/MLF_gross_1.JPG 1.5x, \/images\/fahrzeuge\/MLF_gross_1.JPG 2x"},"classes":[]},{"id":23302,"url":"https:\/\/www.feuerwehr-brilon.de\/?page_id=23302","url_meta":{"origin":812,"position":4},"title":"Mannschaft-Transport-Fahrzeug &#8211; Alme","author":"Andreas Becker","date":"12. Mai 2023","format":false,"excerpt":"\u00a0 Allgemeine Informationen: Typ MTF Besatzung 1 \/ 8 Funkrufname Florian Brilon 2 MTF 1 Standort Alme Technische Daten: Baujahr 2021 Leistung 130 KW \/ 176 PS Hersteller VW Fahrgestell Crafter Aufbau Sch\u00e4fer Gewicht 3,49 t Besonderheiten: Heckwarneinrichtung","rel":"","context":"\u00c4hnlicher Beitrag","block_context":{"text":"\u00c4hnlicher Beitrag","link":""},"img":{"alt_text":"mtf_alme-1","src":"\/images\/fahrzeuge\/mtf_alme_gross_1.JPG","width":350,"height":200,"srcset":"\/images\/fahrzeuge\/mtf_alme_gross_1.JPG 1x, \/images\/fahrzeuge\/mtf_alme_gross_1.JPG 1.5x, \/images\/fahrzeuge\/mtf_alme_gross_1.JPG 2x"},"classes":[]},{"id":22960,"url":"https:\/\/www.feuerwehr-brilon.de\/?page_id=22960","url_meta":{"origin":812,"position":5},"title":"Klein-L\u00f6sch-Fahrzeug &#8211; Nehden","author":"Andreas Becker","date":"29. Dezember 2020","format":false,"excerpt":"Allgemeine Informationen: Typ KLF Besatzung 1 \/ 5 Funkrufname Florian Brilon 8 KLF 1-1 Standort Nehden Technische Daten: Baujahr 2020 Leistung 140 kW\/ 190 PS Hersteller Mercedes Benz Fahrgestell Mercedes Sprinter 519 CDI Aufbau Brandschutztechnik G\u00f6rlitz Gewicht 5,5 t Besonderheiten: Motors\u00e4ge, Stromerzeuger 3kVA, Lichtsatz mit 2x 1000W Scheinwerfer, Lichtmast LED","rel":"","context":"\u00c4hnlicher Beitrag","block_context":{"text":"\u00c4hnlicher Beitrag","link":""},"img":{"alt_text":"Kleinl\u00f6schfahrzeug","src":"\/images\/fahrzeuge\/klf_1_gross_1.JPG","width":350,"height":200,"srcset":"\/images\/fahrzeuge\/klf_1_gross_1.JPG 1x, \/images\/fahrzeuge\/klf_1_gross_1.JPG 1.5x, \/images\/fahrzeuge\/klf_1_gross_1.JPG 2x"},"classes":[]}],"_links":{"self":[{"href":"https:\/\/www.feuerwehr-brilon.de\/index.php?rest_route=\/wp\/v2\/pages\/812","targetHints":{"allow":["GET"]}}],"collection":[{"href":"https:\/\/www.feuerwehr-brilon.de\/index.php?rest_route=\/wp\/v2\/pages"}],"about":[{"href":"https:\/\/www.feuerwehr-brilon.de\/index.php?rest_route=\/wp\/v2\/types\/page"}],"author":[{"embeddable":true,"href":"https:\/\/www.feuerwehr-brilon.de\/index.php?rest_route=\/wp\/v2\/users\/8"}],"replies":[{"embeddable":true,"href":"https:\/\/www.feuerwehr-brilon.de\/index.php?rest_route=%2Fwp%2Fv2%2Fcomments&post=812"}],"version-history":[{"count":3,"href":"https:\/\/www.feuerwehr-brilon.de\/index.php?rest_route=\/wp\/v2\/pages\/812\/revisions"}],"predecessor-version":[{"id":16650,"href":"https:\/\/www.feuerwehr-brilon.de\/index.php?rest_route=\/wp\/v2\/pages\/812\/revisions\/16650"}],"up":[{"embeddable":true,"href":"https:\/\/www.feuerwehr-brilon.de\/index.php?rest_route=\/wp\/v2\/pages\/11"}],"wp:attachment":[{"href":"https:\/\/www.feuerwehr-brilon.de\/index.php?rest_route=%2Fwp%2Fv2%2Fmedia&parent=812"}],"curies":[{"name":"wp","href":"https:\/\/api.w.org\/{rel}","templated":true}]}}