{"id":82,"date":"2008-08-18T22:02:23","date_gmt":"2008-08-18T20:02:23","guid":{"rendered":"http:\/\/www.feuerwehr-brilon.de\/?page_id=82"},"modified":"2026-01-14T18:02:47","modified_gmt":"2026-01-14T17:02:47","slug":"tambourkorps","status":"publish","type":"page","link":"https:\/\/www.feuerwehr-brilon.de\/?page_id=82","title":{"rendered":"Tambourkorps"},"content":{"rendered":"<p><span style=\"color: #000000;\">Sie erhalten hier Informationen \u00fcber das Tambourkorps der Freiwilligen Feuerwehr Brilon. Das Tambourkorps besteht zur Zeit aus 57 Musikerinnen und Musikern.<\/span><span style=\"color: #000000;\"><br \/>\n<\/span><\/p>\n<div style=\"width: 510px\" class=\"wp-caption aligncenter\"><a href=\"https:\/\/www.feuerwehr-brilon.de\/wp-up\/2024\/11\/TK-6-scaled.jpg\"><img loading=\"lazy\" decoding=\"async\" class=\"\" src=\"https:\/\/www.feuerwehr-brilon.de\/wp-up\/2024\/11\/TK-6-scaled.jpg\" width=\"500\" height=\"333\" \/><\/a><p class=\"wp-caption-text\">Das Tambourkorps der freiwilligen Feuerwehr Brilon im Jahr 2024<\/p><\/div>\n<p>&nbsp;<\/p>\n<div><span style=\"color: #000000;\">Musikzugf\u00fchrer: Freddi Renerich<\/span><\/div>\n<div>stv. Musikzugf\u00fchrer: Daniel Vogel<\/div>\n<div>stv. Musikzugf\u00fchrer: Winfried Wiegelmann<\/div>\n<p><strong><a href=\"?page_id=97\"><span style=\"color: #000000;\">\u00bb KONTAKT<\/span><\/a><\/strong><\/p>\n","protected":false},"excerpt":{"rendered":"<p>Sie erhalten hier Informationen \u00fcber das Tambourkorps der Freiwilligen Feuerwehr Brilon. Das Tambourkorps besteht zur Zeit aus 57 Musikerinnen und Musikern. &nbsp; Musikzugf\u00fchrer: Freddi Renerich stv. Musikzugf\u00fchrer: Daniel Vogel stv. Musikzugf\u00fchrer: Winfried Wiegelmann \u00bb KONTAKT<\/p>\n","protected":false},"author":3,"featured_media":0,"parent":0,"menu_order":98,"comment_status":"closed","ping_status":"closed","template":"","meta":{"_exactmetrics_skip_tracking":false,"_exactmetrics_sitenote_active":false,"_exactmetrics_sitenote_note":"","_exactmetrics_sitenote_category":0,"jetpack_post_was_ever_published":false,"footnotes":""},"class_list":["post-82","page","type-page","status-publish","hentry"],"jetpack_shortlink":"https:\/\/wp.me\/PCIJa-1k","jetpack_sharing_enabled":true,"jetpack-related-posts":[{"id":99,"url":"https:\/\/www.feuerwehr-brilon.de\/?page_id=99","url_meta":{"origin":82,"position":0},"title":"Vorstand","author":"Daniel Vogel","date":"18. August 2008","format":false,"excerpt":"Der Vorstand mit den Funktionstr\u00e4gern \u00a0 Musikzugf\u00fchrer \u00a0 Freddi Renerich stv. Musikzugf\u00fchrer \u00a0 Daniel Vogel stv. Musikzugf\u00fchrer \u00a0 Winfried Wiegelmann \u00a0 Tambourmajor \u00a0 Sven Becker stv. Tambourmajor \u00a0 Frederik Bohne \u00a0 Musikalischer Leiter \u00a0 Benedikt Wiese stv. Musikalische Leiterin \u00a0 Eileen Becker \u00a0 Kassenwartin Meike B\u00f6ddicker stv. Kassenwartin Petra Niggemeyer\u2026","rel":"","context":"In &quot;Allgemein&quot;","block_context":{"text":"Allgemein","link":"https:\/\/www.feuerwehr-brilon.de\/?cat=1"},"img":{"alt_text":"","src":"","width":0,"height":0},"classes":[]},{"id":97,"url":"https:\/\/www.feuerwehr-brilon.de\/?page_id=97","url_meta":{"origin":82,"position":1},"title":"Kontakt","author":"Daniel Vogel","date":"18. August 2008","format":false,"excerpt":"Auf dieser Seite finden Sie die wichtigsten Kontaktinformationen des Tambourkorps der Freiwilligen Feuerwehr Brilon. \u00a0 Musikzugf\u00fchrer Freddi Renerich Wei\u00dfstra\u00dfe 1 59929 Brilon Tel.: 02961 - 1083 E-Mail: tambourkorps(at)feuerwehr-brilon.de \u00a0 Tambourmajor Sven Becker Glockengie\u00dferweg 35 59929 Brilon E-Mail: tambourkorps(at)feuerwehr-brilon.de \u00a0","rel":"","context":"In &quot;Allgemein&quot;","block_context":{"text":"Allgemein","link":"https:\/\/www.feuerwehr-brilon.de\/?cat=1"},"img":{"alt_text":"","src":"","width":0,"height":0},"classes":[]},{"id":1299,"url":"https:\/\/www.feuerwehr-brilon.de\/?page_id=1299","url_meta":{"origin":82,"position":2},"title":"L\u00f6schzug Brilon e. V.","author":"Marc Heines","date":"28. August 2009","format":false,"excerpt":"Der L\u00f6schzug Brilon e.V. wurde gegr\u00fcndet zur Pflege des Feuerwehrwesens und zur F\u00f6rderung der Kameradschaft und der Jugendpflege. Mitglied werden k\u00f6nnen alle Angeh\u00f6rigen des L\u00f6schzug Brilon, des Tambourkorps, der Jugendfeuerwehr und der Ehrenabteilung. Man kann aber auch als F\u00f6rderndes Mitglied aufgenommen werden. Die Organe des Vereins sind die Mitgliederversammlung und\u2026","rel":"","context":"In &quot;Allgemein&quot;","block_context":{"text":"Allgemein","link":"https:\/\/www.feuerwehr-brilon.de\/?cat=1"},"img":{"alt_text":"","src":"","width":0,"height":0},"classes":[]},{"id":243,"url":"https:\/\/www.feuerwehr-brilon.de\/?page_id=243","url_meta":{"origin":82,"position":3},"title":"Geschichte","author":"Daniel Vogel","date":"18. August 2008","format":false,"excerpt":"In einem original Auszug der Sauerl\u00e4nder Zeitung vom 09.12.1919 wurde das Tambourkorps das erste Mal im Jahr 1919 schriftlich erw\u00e4hnt, und zwar hatte sich die nach dem Kriege aufgel\u00f6ste Musikkapelle der Feuerwehr wieder neu gegr\u00fcndet, um in der Turnhalle einige M\u00e4rsche zum Vortrag zu bringen. Von dort ging es zur\u00fcck\u2026","rel":"","context":"In &quot;Allgemein&quot;","block_context":{"text":"Allgemein","link":"https:\/\/www.feuerwehr-brilon.de\/?cat=1"},"img":{"alt_text":"","src":"https:\/\/i0.wp.com\/www.feuerwehr-brilon.de\/wp-up\/2008\/08\/tambourkorps_1926_600-500x340.jpg?resize=350%2C200","width":350,"height":200},"classes":[]},{"id":83,"url":"https:\/\/www.feuerwehr-brilon.de\/?page_id=83","url_meta":{"origin":82,"position":4},"title":"Historisches Tambourkorps","author":"Daniel Vogel","date":"19. August 2008","format":false,"excerpt":"Sie erhalten hier Informationen \u00fcber das Historische Tambourkorps der Freiwilligen Feuerwehr Brilon. Das historische Tambourkorps bestand von 2004 bis 2019. Das historische Tambourkorps der Feuerwehr Brilon im Jahre 2005:\u00a0v.l.n.r.: vorne: Bernd Becker, Hans Derhahn, Gerhard M\u00fcller, Freddi Renerich, Winfried Wiegelmann, Wolfgang L\u00fcddemann, Willi R\u00f6ttger, Klaus Hillebrand; hinten: Wolfgang Schrewe, Karl-Heinz\u2026","rel":"","context":"In &quot;Allgemein&quot;","block_context":{"text":"Allgemein","link":"https:\/\/www.feuerwehr-brilon.de\/?cat=1"},"img":{"alt_text":"","src":"https:\/\/i0.wp.com\/www.feuerwehr-brilon.de\/wp-up\/2008\/08\/hist__tambourkorps_050612-105720_1000-500x325.jpg?resize=350%2C200","width":350,"height":200},"classes":[]},{"id":4147,"url":"https:\/\/www.feuerwehr-brilon.de\/?page_id=4147","url_meta":{"origin":82,"position":5},"title":"Sch\u00fctzenfest 2005 in Brilon","author":"Andreas Becker","date":"17. Januar 2011","format":false,"excerpt":"Erster Auftritt des historischen Tambourkorps im gro\u00dfen Festumzug bei der K\u00f6nigsparade auf dem Marktplatz Aufmarsch auf dem Marktplatz Konzert am Montagnachmittag nach dem Vogelschiessen in der Briloner Sch\u00fctzenhalle Weitere Bilder","rel":"","context":"\u00c4hnlicher Beitrag","block_context":{"text":"\u00c4hnlicher Beitrag","link":""},"img":{"alt_text":"","src":"https:\/\/i0.wp.com\/www.feuerwehr-brilon.de\/wp-up\/2011\/01\/Schue05So_1-500x340.jpg?resize=350%2C200","width":350,"height":200},"classes":[]}],"_links":{"self":[{"href":"https:\/\/www.feuerwehr-brilon.de\/index.php?rest_route=\/wp\/v2\/pages\/82","targetHints":{"allow":["GET"]}}],"collection":[{"href":"https:\/\/www.feuerwehr-brilon.de\/index.php?rest_route=\/wp\/v2\/pages"}],"about":[{"href":"https:\/\/www.feuerwehr-brilon.de\/index.php?rest_route=\/wp\/v2\/types\/page"}],"author":[{"embeddable":true,"href":"https:\/\/www.feuerwehr-brilon.de\/index.php?rest_route=\/wp\/v2\/users\/3"}],"replies":[{"embeddable":true,"href":"https:\/\/www.feuerwehr-brilon.de\/index.php?rest_route=%2Fwp%2Fv2%2Fcomments&post=82"}],"version-history":[{"count":4,"href":"https:\/\/www.feuerwehr-brilon.de\/index.php?rest_route=\/wp\/v2\/pages\/82\/revisions"}],"predecessor-version":[{"id":34281,"href":"https:\/\/www.feuerwehr-brilon.de\/index.php?rest_route=\/wp\/v2\/pages\/82\/revisions\/34281"}],"wp:attachment":[{"href":"https:\/\/www.feuerwehr-brilon.de\/index.php?rest_route=%2Fwp%2Fv2%2Fmedia&parent=82"}],"curies":[{"name":"wp","href":"https:\/\/api.w.org\/{rel}","templated":true}]}}

<p><span style="color: #000000;">Sie erhalten hier Informationen über das Tambourkorps der Freiwilligen Feuerwehr Brilon. Das Tambourkorps besteht zur Zeit aus 57 Musikerinnen und Musikern.</span><span style="color: #000000;"><br />
</span></p>
<div style="width: 510px" class="wp-caption aligncenter"><a href="https://www.feuerwehr-brilon.de/wp-up/2024/11/TK-6-scaled.jpg"><img loading="lazy" decoding="async" class="" src="https://www.feuerwehr-brilon.de/wp-up/2024/11/TK-6-scaled.jpg" width="500" height="333" /></a><p class="wp-caption-text">Das Tambourkorps der freiwilligen Feuerwehr Brilon im Jahr 2024</p></div>
<p>&nbsp;</p>
<div><span style="color: #000000;">Musikzugführer: Freddi Renerich</span></div>
<div>stv. Musikzugführer: Daniel Vogel</div>
<div>stv. Musikzugführer: Winfried Wiegelmann</div>
<p><strong><a href="?page_id=97"><span style="color: #000000;">» KONTAKT</span></a></strong></p>

<p>Sie erhalten hier Informationen über das Tambourkorps der Freiwilligen Feuerwehr Brilon. Das Tambourkorps besteht zur Zeit aus 57 Musikerinnen und Musikern. &nbsp; Musikzugführer: Freddi Renerich stv. Musikzugführer: Daniel Vogel stv. Musikzugführer: Winfried Wiegelmann » KONTAKT</p>

Der Vorstand mit den Funktionsträgern   Musikzugführer   Freddi Renerich stv. Musikzugführer   Daniel Vogel stv. Musikzugführer   Winfried Wiegelmann   Tambourmajor   Sven Becker stv. Tambourmajor   Frederik Bohne   Musikalischer Leiter   Benedikt Wiese stv. Musikalische Leiterin   Eileen Becker   Kassenwartin Meike Böddicker stv. Kassenwartin Petra Niggemeyer…

Auf dieser Seite finden Sie die wichtigsten Kontaktinformationen des Tambourkorps der Freiwilligen Feuerwehr Brilon.   Musikzugführer Freddi Renerich Weißstraße 1 59929 Brilon Tel.: 02961 - 1083 E-Mail: tambourkorps(at)feuerwehr-brilon.de   Tambourmajor Sven Becker Glockengießerweg 35 59929 Brilon E-Mail: tambourkorps(at)feuerwehr-brilon.de

Löschzug Brilon e. V.

Der Löschzug Brilon e.V. wurde gegründet zur Pflege des Feuerwehrwesens und zur Förderung der Kameradschaft und der Jugendpflege. Mitglied werden können alle Angehörigen des Löschzug Brilon, des Tambourkorps, der Jugendfeuerwehr und der Ehrenabteilung. Man kann aber auch als Förderndes Mitglied aufgenommen werden. Die Organe des Vereins sind die Mitgliederversammlung und…

In einem original Auszug der Sauerländer Zeitung vom 09.12.1919 wurde das Tambourkorps das erste Mal im Jahr 1919 schriftlich erwähnt, und zwar hatte sich die nach dem Kriege aufgelöste Musikkapelle der Feuerwehr wieder neu gegründet, um in der Turnhalle einige Märsche zum Vortrag zu bringen. Von dort ging es zurück…

Sie erhalten hier Informationen über das Historische Tambourkorps der Freiwilligen Feuerwehr Brilon. Das historische Tambourkorps bestand von 2004 bis 2019. Das historische Tambourkorps der Feuerwehr Brilon im Jahre 2005: v.l.n.r.: vorne: Bernd Becker, Hans Derhahn, Gerhard Müller, Freddi Renerich, Winfried Wiegelmann, Wolfgang Lüddemann, Willi Röttger, Klaus Hillebrand; hinten: Wolfgang Schrewe, Karl-Heinz…

Schützenfest 2005 in Brilon

Erster Auftritt des historischen Tambourkorps im großen Festumzug bei der Königsparade auf dem Marktplatz Aufmarsch auf dem Marktplatz Konzert am Montagnachmittag nach dem Vogelschiessen in der Briloner Schützenhalle Weitere Bilder

Ähnlicher Beitrag
