{"id":83,"date":"2008-08-19T11:26:51","date_gmt":"2008-08-19T09:26:51","guid":{"rendered":"http:\/\/www.feuerwehr-brilon.de\/?page_id=83"},"modified":"2019-10-20T09:10:20","modified_gmt":"2019-10-20T07:10:20","slug":"historisches-tambourkorps","status":"publish","type":"page","link":"https:\/\/www.feuerwehr-brilon.de\/?page_id=83","title":{"rendered":"Historisches Tambourkorps"},"content":{"rendered":"<p><span style=\"color: #000000;\">Sie erhalten hier Informationen \u00fcber das Historische Tambourkorps der Freiwilligen Feuerwehr Brilon. Das historische Tambourkorps bestand von 2004 bis 2019.<br \/>\n<\/span><\/p>\n<div>\n<p style=\"text-align: center;\"><a href=\"http:\/\/www.feuerwehr-brilon.de\/wp-up\/2008\/08\/hist__tambourkorps_050612-105720_1000.jpg\" rel=\"lytebox[vacation]\"><img loading=\"lazy\" decoding=\"async\" class=\"alignnone size-medium wp-image-254 aligncenter\" title=\"Das historische Tambourkorps der Feuerwehr Brilon im Jahre 2005\" src=\"http:\/\/www.feuerwehr-brilon.de\/wp-up\/2008\/08\/hist__tambourkorps_050612-105720_1000-500x325.jpg\" alt=\"\" width=\"500\" height=\"325\"><\/a><\/p>\n<p style=\"text-align: justify;\">Das historische Tambourkorps der Feuerwehr Brilon im Jahre 2005:&nbsp;v.l.n.r.: vorne: Bernd Becker, Hans Derhahn, Gerhard M\u00fcller, Freddi Renerich, Winfried Wiegelmann, Wolfgang L\u00fcddemann, Willi R\u00f6ttger, Klaus Hillebrand; hinten: Wolfgang Schrewe, Karl-Heinz Vogel, Michael Ester, Manfred Vogel, Friedhelm Vogel, Reinhold Vogel, Andreas Jakobi<\/p>\n<\/div>\n<p><span style=\"color: #000000;\">Das Historische Tambourkorps der Feuerwehr Brilon wurde im Jahre 2004 gegr\u00fcndet. Es war Teil des L\u00f6schzuges Brilon und bestand aus ehemaligen Musikern des Tambourkorps des L\u00f6schzuges Brilon. Seit dem 24. Juli 2004 trafen sich 15 ehemalige Spielleute, um die alten M\u00e4rsche, welche sie bis in die 80ziger Jahre gespielt haben, wieder aufzufrischen. Vor allen Dingen die gute Gemeinschaft dieser M\u00e4nner (denn viele kannten sich ja schon mehrere Jahrzehnte) klappte auf Anhieb! Durch den Zuspruch von einigen Feuerwehrleuten und aus der Briloner Bev\u00f6lkerung wurde der Zusammenhalt weiter gest\u00e4rkt. Man traf sich alle 14 Tage im Briloner Feuerwehrger\u00e4tehaus, um auf den alten Messingtrommeln einen guten Schlag zu probieren. Die alten historischen Trommeln wurden zuvor in m\u00fchseliger Arbeit restauriert und wieder auf Vordermann gebracht. Auch die Fl\u00f6tisten gaben sich M\u00fche, um aus den alten Ordonanz-Querfl\u00f6ten den richtigen Klang zu finden. Das Historische Tambourkorps trat bei ihren Auftritten in den alten historischen Uniformen aus den 20er Jahren auf. Den sogenannten Feuerwehr Mannschaftsrock mit Umlegkragen (westf\u00e4lische Vorschrift) hatten sich die M\u00e4nner nach alten Bildern und Aufzeichnungen wieder zuschneiden lassen. Um das Bild abzurunden wurden dazugeh\u00f6rige preu\u00dfische Schirmm\u00fctzen mit Kokarde und Abzeichen passend dazu bestellt. So kam zu den historischen Instrumenten auch die passende Uniform.<\/span><\/p>\n<div>\n<p><span style=\"color: #000000;\"><span style=\"color: #000000;\">Mit dieser weiteren &#8222;Musikabteilung&#8220; der Feuerwehr wurde das schon damals sehr abwechslungsreiche Musikleben der verschiedensten Musikvereine in Brilon und Ortsteilen um eine weitere Besonderheit reicher.<\/span><\/span><\/p>\n<p>&nbsp;<\/p>\n<\/div>\n<p style=\"text-align: center;\"><a href=\"http:\/\/www.feuerwehr-brilon.de\/wp-up\/2008\/08\/hist__tambourkorps_050612-112430_1000.jpg\" rel=\"lytebox[vacation]\"><img loading=\"lazy\" decoding=\"async\" class=\"alignnone size-medium wp-image-255 aligncenter\" title=\"Historisches Tambourkorps im Jahre 2005\" src=\"http:\/\/www.feuerwehr-brilon.de\/wp-up\/2008\/08\/hist__tambourkorps_050612-112430_1000-500x325.jpg\" alt=\"\" width=\"500\" height=\"325\"><\/a><\/p>\n<p><strong><a href=\"http:\/\/www.feuerwehr-brilon.de\/?page_id=4147\"><span style=\"color: #000000;\">\u00bb Bilder vom ersten Auftritt auf dem Sch\u00fctzenfest im Jahr 2005<\/span><\/a><\/strong><\/p>\n<p><strong><a href=\"?page_id=243\"><span style=\"color: #000000;\">\u00bb Zur Geschichte und historischen Bildern des Briloner Tambourkorps<\/span><\/a><\/strong><\/p>\n","protected":false},"excerpt":{"rendered":"<p>Sie erhalten hier Informationen \u00fcber das Historische Tambourkorps der Freiwilligen Feuerwehr Brilon. Das historische Tambourkorps bestand von 2004 bis 2019. Das historische Tambourkorps der Feuerwehr Brilon im Jahre 2005:&nbsp;v.l.n.r.: vorne: Bernd Becker, Hans Derhahn, Gerhard M\u00fcller, Freddi Renerich, Winfried Wiegelmann, Wolfgang L\u00fcddemann, Willi R\u00f6ttger, Klaus Hillebrand; hinten: Wolfgang Schrewe, Karl-Heinz Vogel, Michael Ester, Manfred Vogel, [&hellip;]<\/p>\n","protected":false},"author":3,"featured_media":0,"parent":82,"menu_order":98,"comment_status":"closed","ping_status":"closed","template":"","meta":{"_exactmetrics_skip_tracking":false,"_exactmetrics_sitenote_active":false,"_exactmetrics_sitenote_note":"","_exactmetrics_sitenote_category":0,"jetpack_post_was_ever_published":false,"footnotes":""},"class_list":["post-83","page","type-page","status-publish","hentry"],"jetpack_shortlink":"https:\/\/wp.me\/PCIJa-1l","jetpack_sharing_enabled":true,"jetpack-related-posts":[{"id":82,"url":"https:\/\/www.feuerwehr-brilon.de\/?page_id=82","url_meta":{"origin":83,"position":0},"title":"Tambourkorps","author":"Daniel Vogel","date":"18. August 2008","format":false,"excerpt":"Sie erhalten hier Informationen \u00fcber das Tambourkorps der Freiwilligen Feuerwehr Brilon. Das Tambourkorps besteht zur Zeit aus 57 Musikerinnen und Musikern. \u00a0 Musikzugf\u00fchrer: Freddi Renerich stv. Musikzugf\u00fchrer: Daniel Vogel stv. Musikzugf\u00fchrer: Winfried Wiegelmann \u00bb KONTAKT","rel":"","context":"In &quot;Allgemein&quot;","block_context":{"text":"Allgemein","link":"https:\/\/www.feuerwehr-brilon.de\/?cat=1"},"img":{"alt_text":"","src":"https:\/\/i0.wp.com\/www.feuerwehr-brilon.de\/wp-up\/2024\/11\/TK-6-scaled.jpg?resize=350%2C200&ssl=1","width":350,"height":200},"classes":[]},{"id":97,"url":"https:\/\/www.feuerwehr-brilon.de\/?page_id=97","url_meta":{"origin":83,"position":1},"title":"Kontakt","author":"Daniel Vogel","date":"18. August 2008","format":false,"excerpt":"Auf dieser Seite finden Sie die wichtigsten Kontaktinformationen des Tambourkorps der Freiwilligen Feuerwehr Brilon. \u00a0 Musikzugf\u00fchrer Freddi Renerich Wei\u00dfstra\u00dfe 1 59929 Brilon Tel.: 02961 - 1083 E-Mail: tambourkorps(at)feuerwehr-brilon.de \u00a0 Tambourmajor Sven Becker Glockengie\u00dferweg 35 59929 Brilon E-Mail: tambourkorps(at)feuerwehr-brilon.de \u00a0","rel":"","context":"In &quot;Allgemein&quot;","block_context":{"text":"Allgemein","link":"https:\/\/www.feuerwehr-brilon.de\/?cat=1"},"img":{"alt_text":"","src":"","width":0,"height":0},"classes":[]},{"id":1990,"url":"https:\/\/www.feuerwehr-brilon.de\/?page_id=1990","url_meta":{"origin":83,"position":2},"title":"Jubil\u00e4um 90 Jahre Tambourkorps","author":"Daniel Vogel","date":"9. Januar 2010","format":false,"excerpt":"[nggallery id=29]","rel":"","context":"In &quot;Allgemein&quot;","block_context":{"text":"Allgemein","link":"https:\/\/www.feuerwehr-brilon.de\/?cat=1"},"img":{"alt_text":"","src":"","width":0,"height":0},"classes":[]},{"id":636,"url":"https:\/\/www.feuerwehr-brilon.de\/?page_id=636","url_meta":{"origin":83,"position":3},"title":"Sch\u00fctzenfest 2008 in Brilon","author":"Daniel Vogel","date":"4. Januar 2009","format":false,"excerpt":"","rel":"","context":"In &quot;Allgemein&quot;","block_context":{"text":"Allgemein","link":"https:\/\/www.feuerwehr-brilon.de\/?cat=1"},"img":{"alt_text":"","src":"https:\/\/i0.wp.com\/www.feuerwehr-brilon.de\/wp-up\/2009\/01\/img_2014.jpg?resize=350%2C200&ssl=1","width":350,"height":200},"classes":[]},{"id":1985,"url":"https:\/\/www.feuerwehr-brilon.de\/?page_id=1985","url_meta":{"origin":83,"position":4},"title":"Sch\u00fctzenfest 2009 in Brilon","author":"Daniel Vogel","date":"9. Januar 2010","format":false,"excerpt":"[nggallery id=28]","rel":"","context":"In &quot;Allgemein&quot;","block_context":{"text":"Allgemein","link":"https:\/\/www.feuerwehr-brilon.de\/?cat=1"},"img":{"alt_text":"","src":"","width":0,"height":0},"classes":[]},{"id":99,"url":"https:\/\/www.feuerwehr-brilon.de\/?page_id=99","url_meta":{"origin":83,"position":5},"title":"Vorstand","author":"Daniel Vogel","date":"18. August 2008","format":false,"excerpt":"Der Vorstand mit den Funktionstr\u00e4gern \u00a0 Musikzugf\u00fchrer \u00a0 Freddi Renerich stv. Musikzugf\u00fchrer \u00a0 Daniel Vogel stv. Musikzugf\u00fchrer \u00a0 Winfried Wiegelmann \u00a0 Tambourmajor \u00a0 Sven Becker stv. Tambourmajor \u00a0 Frederik Bohne \u00a0 Musikalischer Leiter \u00a0 Benedikt Wiese stv. Musikalische Leiterin \u00a0 Eileen Becker \u00a0 Kassenwartin Meike B\u00f6ddicker stv. Kassenwartin Petra Niggemeyer\u2026","rel":"","context":"In &quot;Allgemein&quot;","block_context":{"text":"Allgemein","link":"https:\/\/www.feuerwehr-brilon.de\/?cat=1"},"img":{"alt_text":"","src":"","width":0,"height":0},"classes":[]}],"_links":{"self":[{"href":"https:\/\/www.feuerwehr-brilon.de\/index.php?rest_route=\/wp\/v2\/pages\/83","targetHints":{"allow":["GET"]}}],"collection":[{"href":"https:\/\/www.feuerwehr-brilon.de\/index.php?rest_route=\/wp\/v2\/pages"}],"about":[{"href":"https:\/\/www.feuerwehr-brilon.de\/index.php?rest_route=\/wp\/v2\/types\/page"}],"author":[{"embeddable":true,"href":"https:\/\/www.feuerwehr-brilon.de\/index.php?rest_route=\/wp\/v2\/users\/3"}],"replies":[{"embeddable":true,"href":"https:\/\/www.feuerwehr-brilon.de\/index.php?rest_route=%2Fwp%2Fv2%2Fcomments&post=83"}],"version-history":[{"count":3,"href":"https:\/\/www.feuerwehr-brilon.de\/index.php?rest_route=\/wp\/v2\/pages\/83\/revisions"}],"predecessor-version":[{"id":21844,"href":"https:\/\/www.feuerwehr-brilon.de\/index.php?rest_route=\/wp\/v2\/pages\/83\/revisions\/21844"}],"up":[{"embeddable":true,"href":"https:\/\/www.feuerwehr-brilon.de\/index.php?rest_route=\/wp\/v2\/pages\/82"}],"wp:attachment":[{"href":"https:\/\/www.feuerwehr-brilon.de\/index.php?rest_route=%2Fwp%2Fv2%2Fmedia&parent=83"}],"curies":[{"name":"wp","href":"https:\/\/api.w.org\/{rel}","templated":true}]}}

<p><span style="color: #000000;">Sie erhalten hier Informationen über das Historische Tambourkorps der Freiwilligen Feuerwehr Brilon. Das historische Tambourkorps bestand von 2004 bis 2019.<br />
</span></p>
<div>
<p style="text-align: center;"><a href="http://www.feuerwehr-brilon.de/wp-up/2008/08/hist__tambourkorps_050612-105720_1000.jpg" rel="lytebox[vacation]"><img loading="lazy" decoding="async" class="alignnone size-medium wp-image-254 aligncenter" title="Das historische Tambourkorps der Feuerwehr Brilon im Jahre 2005" src="http://www.feuerwehr-brilon.de/wp-up/2008/08/hist__tambourkorps_050612-105720_1000-500x325.jpg" alt="" width="500" height="325"></a></p>
<p style="text-align: justify;">Das historische Tambourkorps der Feuerwehr Brilon im Jahre 2005:&nbsp;v.l.n.r.: vorne: Bernd Becker, Hans Derhahn, Gerhard Müller, Freddi Renerich, Winfried Wiegelmann, Wolfgang Lüddemann, Willi Röttger, Klaus Hillebrand; hinten: Wolfgang Schrewe, Karl-Heinz Vogel, Michael Ester, Manfred Vogel, Friedhelm Vogel, Reinhold Vogel, Andreas Jakobi</p>
</div>
<p><span style="color: #000000;">Das Historische Tambourkorps der Feuerwehr Brilon wurde im Jahre 2004 gegründet. Es war Teil des Löschzuges Brilon und bestand aus ehemaligen Musikern des Tambourkorps des Löschzuges Brilon. Seit dem 24. Juli 2004 trafen sich 15 ehemalige Spielleute, um die alten Märsche, welche sie bis in die 80ziger Jahre gespielt haben, wieder aufzufrischen. Vor allen Dingen die gute Gemeinschaft dieser Männer (denn viele kannten sich ja schon mehrere Jahrzehnte) klappte auf Anhieb! Durch den Zuspruch von einigen Feuerwehrleuten und aus der Briloner Bevölkerung wurde der Zusammenhalt weiter gestärkt. Man traf sich alle 14 Tage im Briloner Feuerwehrgerätehaus, um auf den alten Messingtrommeln einen guten Schlag zu probieren. Die alten historischen Trommeln wurden zuvor in mühseliger Arbeit restauriert und wieder auf Vordermann gebracht. Auch die Flötisten gaben sich Mühe, um aus den alten Ordonanz-Querflöten den richtigen Klang zu finden. Das Historische Tambourkorps trat bei ihren Auftritten in den alten historischen Uniformen aus den 20er Jahren auf. Den sogenannten Feuerwehr Mannschaftsrock mit Umlegkragen (westfälische Vorschrift) hatten sich die Männer nach alten Bildern und Aufzeichnungen wieder zuschneiden lassen. Um das Bild abzurunden wurden dazugehörige preußische Schirmmützen mit Kokarde und Abzeichen passend dazu bestellt. So kam zu den historischen Instrumenten auch die passende Uniform.</span></p>
<div>
<p><span style="color: #000000;"><span style="color: #000000;">Mit dieser weiteren &#8222;Musikabteilung&#8220; der Feuerwehr wurde das schon damals sehr abwechslungsreiche Musikleben der verschiedensten Musikvereine in Brilon und Ortsteilen um eine weitere Besonderheit reicher.</span></span></p>
<p>&nbsp;</p>
</div>
<p style="text-align: center;"><a href="http://www.feuerwehr-brilon.de/wp-up/2008/08/hist__tambourkorps_050612-112430_1000.jpg" rel="lytebox[vacation]"><img loading="lazy" decoding="async" class="alignnone size-medium wp-image-255 aligncenter" title="Historisches Tambourkorps im Jahre 2005" src="http://www.feuerwehr-brilon.de/wp-up/2008/08/hist__tambourkorps_050612-112430_1000-500x325.jpg" alt="" width="500" height="325"></a></p>
<p><strong><a href="http://www.feuerwehr-brilon.de/?page_id=4147"><span style="color: #000000;">» Bilder vom ersten Auftritt auf dem Schützenfest im Jahr 2005</span></a></strong></p>
<p><strong><a href="?page_id=243"><span style="color: #000000;">» Zur Geschichte und historischen Bildern des Briloner Tambourkorps</span></a></strong></p>

<p>Sie erhalten hier Informationen über das Historische Tambourkorps der Freiwilligen Feuerwehr Brilon. Das historische Tambourkorps bestand von 2004 bis 2019. Das historische Tambourkorps der Feuerwehr Brilon im Jahre 2005:&nbsp;v.l.n.r.: vorne: Bernd Becker, Hans Derhahn, Gerhard Müller, Freddi Renerich, Winfried Wiegelmann, Wolfgang Lüddemann, Willi Röttger, Klaus Hillebrand; hinten: Wolfgang Schrewe, Karl-Heinz Vogel, Michael Ester, Manfred Vogel, [&hellip;]</p>

Sie erhalten hier Informationen über das Tambourkorps der Freiwilligen Feuerwehr Brilon. Das Tambourkorps besteht zur Zeit aus 57 Musikerinnen und Musikern.   Musikzugführer: Freddi Renerich stv. Musikzugführer: Daniel Vogel stv. Musikzugführer: Winfried Wiegelmann » KONTAKT

Auf dieser Seite finden Sie die wichtigsten Kontaktinformationen des Tambourkorps der Freiwilligen Feuerwehr Brilon.   Musikzugführer Freddi Renerich Weißstraße 1 59929 Brilon Tel.: 02961 - 1083 E-Mail: tambourkorps(at)feuerwehr-brilon.de   Tambourmajor Sven Becker Glockengießerweg 35 59929 Brilon E-Mail: tambourkorps(at)feuerwehr-brilon.de

Jubiläum 90 Jahre Tambourkorps

Schützenfest 2008 in Brilon

Schützenfest 2009 in Brilon

Der Vorstand mit den Funktionsträgern   Musikzugführer   Freddi Renerich stv. Musikzugführer   Daniel Vogel stv. Musikzugführer   Winfried Wiegelmann   Tambourmajor   Sven Becker stv. Tambourmajor   Frederik Bohne   Musikalischer Leiter   Benedikt Wiese stv. Musikalische Leiterin   Eileen Becker   Kassenwartin Meike Böddicker stv. Kassenwartin Petra Niggemeyer…
